{"id":630,"date":"2025-07-04T11:05:21","date_gmt":"2025-07-04T09:05:21","guid":{"rendered":"https:\/\/blogsaverroes.juntadeandalucia.es\/ieslbs\/?page_id=630"},"modified":"2025-07-06T17:04:55","modified_gmt":"2025-07-06T15:04:55","slug":"calendario-escolar","status":"publish","type":"page","link":"https:\/\/blogsaverroes.juntadeandalucia.es\/ieslbs\/calendario-escolar\/","title":{"rendered":"Calendario Escolar"},"content":{"rendered":"<div style=\"max-width: 900px;margin: 20px auto;padding: 30px;border: 3px solid #0073aa;border-radius: 12px;background: #f0f8ff;text-align: center\">\n<h2 style=\"color: #0073aa;margin-bottom: 10px\">\ud83d\udcc5&nbsp; 2025 &#8211; 2026<\/h2>\n<h4 style=\"color: #0073aa;margin-bottom: 10px\">\u00a1Comienza un nuevo curso lleno de oportunidades, aprendizaje y momentos para disfrutar juntos!<\/h4>\n<p style=\"font-size: 15px;color: #555;margin-top: 20px\">Consulta aqu\u00ed todas las fechas importantes para que no se te escape nada.<\/p>\n<div style=\"max-width: 700px;margin: 30px auto;padding: 20px;background: #e6f3fb;border: 2px solid #0073aa;border-radius: 10px;text-align: left\">\n<h3 style=\"color: #0073aa;text-align: center;margin-bottom: 15px\">\ud83c\udf89 D\u00edas Festivos Locales y No Lectivos<\/h3>\n<ul style=\"font-size: 16px;line-height: 1.8;color: #333;list-style-type: disc;padding-left: 20px\">\n<li><strong>Lunes, 6 de abril:<\/strong> D\u00eda no lectivo aprobado por la Delegaci\u00f3n Territorial.<\/li>\n<li><strong>Viernes, 15 de mayo:<\/strong> Fiesta local en Archidona, en honor a <em>San Isidro Labrador<\/em>.<\/li>\n<\/ul>\n<\/div>\n<p style=\"font-size: 15px;color: #555;margin-top: 20px\"><iframe src=\"https:\/\/blogsaverroes.juntadeandalucia.es\/ieslbs\/files\/2025\/07\/Calendario-Escolar-2025_26.pdf\" width=\"100%\" height=\"600px\"><\/iframe><\/p>\n<p style=\"font-size: 15px;color: #555;margin-top: 20px\">Si tienes dudas, contacta con el centro o consulta nuestras novedades.<\/p>\n<h4 style=\"color: #0073aa;margin-bottom: 10px\">\u00a1Os deseamos un gran curso escolar lleno de \u00e9xitos!<\/h4>\n<\/div>\n","protected":false},"excerpt":{"rendered":"<p>\ud83d\udcc5&nbsp; 2025 &#8211; 2026 \u00a1Comienza un nuevo curso lleno de oportunidades, aprendizaje y momentos para disfrutar juntos! Consulta aqu\u00ed todas las fechas importantes para que no se te escape nada. \ud83c\udf89 D\u00edas Festivos Locales y No Lectivos Lunes, 6 de abril: D\u00eda no lectivo aprobado por la Delegaci\u00f3n Territorial. Viernes, 15 de mayo: Fiesta local &hellip; <\/p>\n<p><a class=\"more-link btn\" href=\"https:\/\/blogsaverroes.juntadeandalucia.es\/ieslbs\/calendario-escolar\/\">Seguir leyendo<\/a><\/p>\n","protected":false},"author":1848,"featured_media":0,"parent":0,"menu_order":0,"comment_status":"closed","ping_status":"closed","template":"","meta":{"ngg_post_thumbnail":0,"footnotes":""},"aioseo_notices":[],"_links":{"self":[{"href":"https:\/\/blogsaverroes.juntadeandalucia.es\/ieslbs\/wp-json\/wp\/v2\/pages\/630"}],"collection":[{"href":"https:\/\/blogsaverroes.juntadeandalucia.es\/ieslbs\/wp-json\/wp\/v2\/pages"}],"about":[{"href":"https:\/\/blogsaverroes.juntadeandalucia.es\/ieslbs\/wp-json\/wp\/v2\/types\/page"}],"author":[{"embeddable":true,"href":"https:\/\/blogsaverroes.juntadeandalucia.es\/ieslbs\/wp-json\/wp\/v2\/users\/1848"}],"replies":[{"embeddable":true,"href":"https:\/\/blogsaverroes.juntadeandalucia.es\/ieslbs\/wp-json\/wp\/v2\/comments?post=630"}],"version-history":[{"count":6,"href":"https:\/\/blogsaverroes.juntadeandalucia.es\/ieslbs\/wp-json\/wp\/v2\/pages\/630\/revisions"}],"predecessor-version":[{"id":888,"href":"https:\/\/blogsaverroes.juntadeandalucia.es\/ieslbs\/wp-json\/wp\/v2\/pages\/630\/revisions\/888"}],"wp:attachment":[{"href":"https:\/\/blogsaverroes.juntadeandalucia.es\/ieslbs\/wp-json\/wp\/v2\/media?parent=630"}],"curies":[{"name":"wp","href":"https:\/\/api.w.org\/{rel}","templated":true}]}}

<div style="max-width: 900px;margin: 20px auto;padding: 30px;border: 3px solid #0073aa;border-radius: 12px;background: #f0f8ff;text-align: center">
<h2 style="color: #0073aa;margin-bottom: 10px">📅&nbsp; 2025 &#8211; 2026</h2>
<h4 style="color: #0073aa;margin-bottom: 10px">¡Comienza un nuevo curso lleno de oportunidades, aprendizaje y momentos para disfrutar juntos!</h4>
<p style="font-size: 15px;color: #555;margin-top: 20px">Consulta aquí todas las fechas importantes para que no se te escape nada.</p>
<div style="max-width: 700px;margin: 30px auto;padding: 20px;background: #e6f3fb;border: 2px solid #0073aa;border-radius: 10px;text-align: left">
<h3 style="color: #0073aa;text-align: center;margin-bottom: 15px">🎉 Días Festivos Locales y No Lectivos</h3>
<ul style="font-size: 16px;line-height: 1.8;color: #333;list-style-type: disc;padding-left: 20px">
<li><strong>Lunes, 6 de abril:</strong> Día no lectivo aprobado por la Delegación Territorial.</li>
<li><strong>Viernes, 15 de mayo:</strong> Fiesta local en Archidona, en honor a <em>San Isidro Labrador</em>.</li>
</ul>
</div>
<p style="font-size: 15px;color: #555;margin-top: 20px"><iframe src="https://blogsaverroes.juntadeandalucia.es/ieslbs/files/2025/07/Calendario-Escolar-2025_26.pdf" width="100%" height="600px"></iframe></p>
<p style="font-size: 15px;color: #555;margin-top: 20px">Si tienes dudas, contacta con el centro o consulta nuestras novedades.</p>
<h4 style="color: #0073aa;margin-bottom: 10px">¡Os deseamos un gran curso escolar lleno de éxitos!</h4>
</div>

<p>📅&nbsp; 2025 &#8211; 2026 ¡Comienza un nuevo curso lleno de oportunidades, aprendizaje y momentos para disfrutar juntos! Consulta aquí todas las fechas importantes para que no se te escape nada. 🎉 Días Festivos Locales y No Lectivos Lunes, 6 de abril: Día no lectivo aprobado por la Delegación Territorial. Viernes, 15 de mayo: Fiesta local &hellip; </p>
<p><a class="more-link btn" href="https://blogsaverroes.juntadeandalucia.es/ieslbs/calendario-escolar/">Seguir leyendo</a></p>
