{"id":633,"date":"2025-07-04T11:05:21","date_gmt":"2025-07-04T09:05:21","guid":{"rendered":"https:\/\/blogsaverroes.juntadeandalucia.es\/ieslbs\/?page_id=633"},"modified":"2025-09-11T14:55:13","modified_gmt":"2025-09-11T12:55:13","slug":"planes-proyectos-y-programas","status":"publish","type":"page","link":"https:\/\/blogsaverroes.juntadeandalucia.es\/ieslbs\/planes-proyectos-y-programas\/","title":{"rendered":"Planes, Proyectos y Programas"},"content":{"rendered":"<div style=\"max-width: 900px;margin: 20px auto;padding: 25px;border: 3px solid #8b5e3c;border-radius: 12px;background: #fdf8f3;font-family: Georgia, serif\">\n<h2 style=\"text-align: center;color: #8b5e3c;margin-bottom: 20px\">Planes, Proyectos y Programas<\/h2>\n<h2 style=\"text-align: center;color: #8b5e3c;margin-bottom: 20px\">IES Luis Barahona de Soto<\/h2>\n<p><!-- PARTICIPACI\u00d3N DE OFICIO --><\/p>\n<h3 style=\"color: #8b5e3c;margin: 16px 0 8px\">PARTICIPACI\u00d3N DE OFICIO<\/h3>\n<table style=\"width: 100%;border-collapse: collapse;background: #fff\">\n<thead>\n<tr>\n<th style=\"text-align: left;padding: 10px;background: #8b5e3c;color: #fff\">Nombre<\/th>\n<\/tr>\n<\/thead>\n<tbody>\n<tr>\n<td style=\"padding: 10px\">Biblioteca Escolar<\/td>\n<\/tr>\n<tr>\n<td style=\"padding: 10px\">Plan de Igualdad de G\u00e9nero en Educaci\u00f3n<\/td>\n<\/tr>\n<tr>\n<td style=\"padding: 10px\">Transformaci\u00f3n Digital Educativa (Plan de Actuaci\u00f3n Digital \u2013 c\u00f3digo Escuela 4.0)<\/td>\n<\/tr>\n<tr>\n<td style=\"padding: 10px\">STEAM 4.0<\/td>\n<\/tr>\n<tr>\n<td style=\"padding: 10px\">Plan de Salud y Prevenci\u00f3n de Riesgos Laborales<\/td>\n<\/tr>\n<\/tbody>\n<\/table>\n<p><!-- CONVOCATORIA GENERAL --><\/p>\n<h3 style=\"color: #8b5e3c;margin: 22px 0 8px\">CONVOCATORIA GENERAL<\/h3>\n<table style=\"width: 100%;border-collapse: collapse;background: #fff\">\n<thead>\n<tr>\n<th style=\"text-align: left;padding: 10px;background: #8b5e3c;color: #fff\">Nombre<\/th>\n<\/tr>\n<\/thead>\n<tbody>\n<tr>\n<td style=\"padding: 10px\">ALDEA<\/td>\n<\/tr>\n<tr>\n<td style=\"padding: 10px\">aulaDjaque<\/td>\n<\/tr>\n<tr>\n<td style=\"padding: 10px\">ComunicA<\/td>\n<\/tr>\n<tr>\n<td style=\"padding: 10px\">H\u00e1bitos de Vida Saludable<\/td>\n<\/tr>\n<tr>\n<td style=\"padding: 10px\">Pr\u00e1cticum M\u00e1ster Secundaria<\/td>\n<\/tr>\n<tr>\n<td style=\"padding: 10px\">Red Andaluza Escuela: \u201cEspacio de Paz\u201d<\/td>\n<\/tr>\n<tr>\n<td style=\"padding: 10px\">ConRed Andaluc\u00eda<\/td>\n<\/tr>\n<\/tbody>\n<\/table>\n<p><!-- CONVOCATORIA ESPEC\u00cdFICA --><\/p>\n<h3 style=\"color: #8b5e3c;margin: 22px 0 8px\">CONVOCATORIA ESPEC\u00cdFICA<\/h3>\n<table style=\"width: 100%;border-collapse: collapse;background: #fff\">\n<thead>\n<tr>\n<th style=\"text-align: left;padding: 10px;background: #8b5e3c;color: #fff\">Nombre<\/th>\n<\/tr>\n<\/thead>\n<tbody>\n<tr>\n<td style=\"padding: 10px\">M\u00e1s Deporte<\/td>\n<\/tr>\n<tr>\n<td style=\"padding: 10px\">Pacto de Estado: Prevenci\u00f3n de la Violencia de G\u00e9nero<\/td>\n<\/tr>\n<tr>\n<td style=\"padding: 10px\">Programa Escolar de Consumo de Frutas, Hortalizas y Leche (solo se puede solicitar si participas en H\u00e1bitos de Vida Saludable)<\/td>\n<\/tr>\n<tr>\n<td style=\"padding: 10px\">Plan de Cooperaci\u00f3n Territorial en Refuerzo de la Competencia Lectora<\/td>\n<\/tr>\n<tr>\n<td style=\"padding: 10px\">Talleres de Sensibilizaci\u00f3n de Mediadores (solo se puede solicitar si participas en H\u00e1bitos de Vida Saludable)<\/td>\n<\/tr>\n<\/tbody>\n<\/table>\n<p><!-- PROGRAMAS INTERNACIONALES --><\/p>\n<h3 style=\"color: #8b5e3c;margin: 22px 0 8px\">PROGRAMAS INTERNACIONALES<\/h3>\n<table style=\"width: 100%;border-collapse: collapse;background: #fff\">\n<thead>\n<tr>\n<th style=\"text-align: left;padding: 10px;background: #8b5e3c;color: #fff\">Nombre<\/th>\n<\/tr>\n<\/thead>\n<tbody>\n<tr>\n<td style=\"padding: 10px\">Erasmus+<\/td>\n<\/tr>\n<\/tbody>\n<\/table>\n<p><!-- OTROS PROGRAMAS --><\/p>\n<h3 style=\"color: #8b5e3c;margin: 22px 0 8px\">OTROS PROGRAMAS<\/h3>\n<table style=\"width: 100%;border-collapse: collapse;background: #fff\">\n<thead>\n<tr>\n<th style=\"text-align: left;padding: 10px;background: #8b5e3c;color: #fff\">Nombre<\/th>\n<\/tr>\n<\/thead>\n<tbody>\n<tr>\n<td style=\"padding: 10px\">Instituto Hist\u00f3ricos Educativos de Andaluc\u00eda<\/td>\n<\/tr>\n<\/tbody>\n<\/table>\n<\/div>\n","protected":false},"excerpt":{"rendered":"<p>Planes, Proyectos y Programas IES Luis Barahona de Soto PARTICIPACI\u00d3N DE OFICIO Nombre Biblioteca Escolar Plan de Igualdad de G\u00e9nero en Educaci\u00f3n Transformaci\u00f3n Digital Educativa (Plan de Actuaci\u00f3n Digital \u2013 c\u00f3digo Escuela 4.0) STEAM 4.0 Plan de Salud y Prevenci\u00f3n de Riesgos Laborales CONVOCATORIA GENERAL Nombre ALDEA aulaDjaque ComunicA H\u00e1bitos de Vida Saludable Pr\u00e1cticum M\u00e1ster &hellip; <\/p>\n<p><a class=\"more-link btn\" href=\"https:\/\/blogsaverroes.juntadeandalucia.es\/ieslbs\/planes-proyectos-y-programas\/\">Seguir leyendo<\/a><\/p>\n","protected":false},"author":1848,"featured_media":0,"parent":0,"menu_order":0,"comment_status":"closed","ping_status":"closed","template":"","meta":{"ngg_post_thumbnail":0,"footnotes":""},"aioseo_notices":[],"_links":{"self":[{"href":"https:\/\/blogsaverroes.juntadeandalucia.es\/ieslbs\/wp-json\/wp\/v2\/pages\/633"}],"collection":[{"href":"https:\/\/blogsaverroes.juntadeandalucia.es\/ieslbs\/wp-json\/wp\/v2\/pages"}],"about":[{"href":"https:\/\/blogsaverroes.juntadeandalucia.es\/ieslbs\/wp-json\/wp\/v2\/types\/page"}],"author":[{"embeddable":true,"href":"https:\/\/blogsaverroes.juntadeandalucia.es\/ieslbs\/wp-json\/wp\/v2\/users\/1848"}],"replies":[{"embeddable":true,"href":"https:\/\/blogsaverroes.juntadeandalucia.es\/ieslbs\/wp-json\/wp\/v2\/comments?post=633"}],"version-history":[{"count":6,"href":"https:\/\/blogsaverroes.juntadeandalucia.es\/ieslbs\/wp-json\/wp\/v2\/pages\/633\/revisions"}],"predecessor-version":[{"id":1106,"href":"https:\/\/blogsaverroes.juntadeandalucia.es\/ieslbs\/wp-json\/wp\/v2\/pages\/633\/revisions\/1106"}],"wp:attachment":[{"href":"https:\/\/blogsaverroes.juntadeandalucia.es\/ieslbs\/wp-json\/wp\/v2\/media?parent=633"}],"curies":[{"name":"wp","href":"https:\/\/api.w.org\/{rel}","templated":true}]}}