{"id":971,"date":"2025-07-08T08:46:29","date_gmt":"2025-07-08T06:46:29","guid":{"rendered":"https:\/\/blogsaverroes.juntadeandalucia.es\/ieslbs\/?page_id=971"},"modified":"2025-07-08T12:36:14","modified_gmt":"2025-07-08T10:36:14","slug":"planos","status":"publish","type":"page","link":"https:\/\/blogsaverroes.juntadeandalucia.es\/ieslbs\/planos\/","title":{"rendered":"Planos"},"content":{"rendered":"<div style=\"max-width: 900px;margin: 20px auto;padding: 25px;border: 3px solid #0073aa;border-radius: 12px;background: #f0f8ff\">\n<h2 style=\"text-align: center;color: #0073aa\">\ud83d\udccc Planos del Centro<\/h2>\n<p style=\"text-align: justify\">El centro se distribuye en tres plantas diferenciadas:<\/p>\n<ul style=\"text-align: justify;padding-left: 20px\">\n<li><strong>Planta superior:<\/strong> se encuentra la mayor\u00eda de las clases, los desdobles, la biblioteca, el Taller de Dibujo y el aula de ex\u00e1menes 3.<\/li>\n<li><strong>Planta principal:<\/strong> se ubican la consejer\u00eda, la sala de reuniones &#8220;Jos\u00e9 F\u00e9lix Muriel Garc\u00eda&#8221;, los despachos de Direcci\u00f3n, Jefatura de Estudios y Secretar\u00eda, la sala de profesores, el sal\u00f3n de actos, una clase, una clase de desdoble, el aula de M\u00fasica, el aula de Inform\u00e1tica, la sala de visitas y los departamentos.<\/li>\n<li><strong>Planta inferior:<\/strong> se encuentran el Taller de Tecnolog\u00eda, los laboratorios de Biolog\u00eda y Geolog\u00eda y el laboratorio de F\u00edsica y Qu\u00edmica.<\/li>\n<\/ul>\n<p style=\"text-align: justify\">A continuaci\u00f3n puedes visualizar los planos del centro directamente en esta p\u00e1gina o descargarlos en formato PDF si lo deseas:<\/p>\n<div style=\"text-align: center\"><iframe src=\"https:\/\/drive.google.com\/file\/d\/1pLVQw-mhfbQQhjsEuBc_buZII1ukcysz\/preview\" width=\"100%\" height=\"400\"><\/iframe><\/div>\n<div style=\"text-align: center;margin-top: 15px\"><a style=\"background-color: #0073aa;color: white;padding: 10px 20px;border-radius: 6px;text-decoration: none;font-weight: bold\" href=\"https:\/\/drive.google.com\/file\/d\/1pLVQw-mhfbQQhjsEuBc_buZII1ukcysz\/view?usp=sharing\" target=\"_blank\" rel=\"noopener\"> \ud83d\udcc4 Descargar Planos en PDF <\/a><\/div>\n<\/div>\n","protected":false},"excerpt":{"rendered":"<p>\ud83d\udccc Planos del Centro El centro se distribuye en tres plantas diferenciadas: Planta superior: se encuentra la mayor\u00eda de las clases, los desdobles, la biblioteca, el Taller de Dibujo y el aula de ex\u00e1menes 3. Planta principal: se ubican la consejer\u00eda, la sala de reuniones &#8220;Jos\u00e9 F\u00e9lix Muriel Garc\u00eda&#8221;, los despachos de Direcci\u00f3n, Jefatura de &hellip; <\/p>\n<p><a class=\"more-link btn\" href=\"https:\/\/blogsaverroes.juntadeandalucia.es\/ieslbs\/planos\/\">Seguir leyendo<\/a><\/p>\n","protected":false},"author":1848,"featured_media":0,"parent":0,"menu_order":0,"comment_status":"closed","ping_status":"closed","template":"","meta":{"ngg_post_thumbnail":0,"footnotes":""},"aioseo_notices":[],"_links":{"self":[{"href":"https:\/\/blogsaverroes.juntadeandalucia.es\/ieslbs\/wp-json\/wp\/v2\/pages\/971"}],"collection":[{"href":"https:\/\/blogsaverroes.juntadeandalucia.es\/ieslbs\/wp-json\/wp\/v2\/pages"}],"about":[{"href":"https:\/\/blogsaverroes.juntadeandalucia.es\/ieslbs\/wp-json\/wp\/v2\/types\/page"}],"author":[{"embeddable":true,"href":"https:\/\/blogsaverroes.juntadeandalucia.es\/ieslbs\/wp-json\/wp\/v2\/users\/1848"}],"replies":[{"embeddable":true,"href":"https:\/\/blogsaverroes.juntadeandalucia.es\/ieslbs\/wp-json\/wp\/v2\/comments?post=971"}],"version-history":[{"count":5,"href":"https:\/\/blogsaverroes.juntadeandalucia.es\/ieslbs\/wp-json\/wp\/v2\/pages\/971\/revisions"}],"predecessor-version":[{"id":1016,"href":"https:\/\/blogsaverroes.juntadeandalucia.es\/ieslbs\/wp-json\/wp\/v2\/pages\/971\/revisions\/1016"}],"wp:attachment":[{"href":"https:\/\/blogsaverroes.juntadeandalucia.es\/ieslbs\/wp-json\/wp\/v2\/media?parent=971"}],"curies":[{"name":"wp","href":"https:\/\/api.w.org\/{rel}","templated":true}]}}