{"id":2930,"date":"2019-02-19T20:53:50","date_gmt":"2019-02-19T20:53:50","guid":{"rendered":"http:\/\/blogsaverroes.juntadeandalucia.es\/iesllano\/?page_id=2930"},"modified":"2019-02-19T20:53:50","modified_gmt":"2019-02-19T20:53:50","slug":"futuro-academico-y-profesional","status":"publish","type":"page","link":"https:\/\/blogsaverroes.juntadeandalucia.es\/iesllano\/futuro-academico-y-profesional\/","title":{"rendered":"Futuro acad\u00e9mico y profesional"},"content":{"rendered":"<p><a href=\"https:\/\/blogsaverroes.juntadeandalucia.es\/iesllano\/files\/2019\/02\/choice.png\" rel=\"prettyPhoto[2930]\"><img loading=\"lazy\" decoding=\"async\" class=\"size-medium wp-image-2937 alignleft\" src=\"https:\/\/blogsaverroes.juntadeandalucia.es\/iesllano\/files\/2019\/02\/choice-300x169.png\" alt=\"\" width=\"300\" height=\"169\" srcset=\"https:\/\/blogsaverroes.juntadeandalucia.es\/iesllano\/files\/2019\/02\/choice-300x169.png 300w, https:\/\/blogsaverroes.juntadeandalucia.es\/iesllano\/files\/2019\/02\/choice-24x14.png 24w, https:\/\/blogsaverroes.juntadeandalucia.es\/iesllano\/files\/2019\/02\/choice-36x20.png 36w, https:\/\/blogsaverroes.juntadeandalucia.es\/iesllano\/files\/2019\/02\/choice-48x27.png 48w, https:\/\/blogsaverroes.juntadeandalucia.es\/iesllano\/files\/2019\/02\/choice.png 640w\" sizes=\"(max-width: 300px) 100vw, 300px\" \/><\/a>El departamento de Orientaci\u00f3n proporcionar\u00e1 distintos recursos como enlaces, documentos, gu\u00edas o informaciones para guiar al alumnado en la configuraci\u00f3n de su itinerario formativo para estudios posteriores o para la incorporaci\u00f3n al mundo laboral.<\/p>\n<p>La informaci\u00f3n se refiere principalmente al alumnado de los dos \u00faltimos cursos de la ESO, y puedes aceder a ella mediante los enlaces siguientes:<\/p>\n<ul>\n<li><a href=\"https:\/\/blogsaverroes.juntadeandalucia.es\/iesllano\/category\/futuro-academicoprofesional\/si-estas-en-3oeso\/\">Si est\u00e1s en 3\u00ba de ESO<\/a><\/li>\n<li><a href=\"https:\/\/blogsaverroes.juntadeandalucia.es\/iesllano\/category\/futuro-academicoprofesional\/si-estas-en-4oeso\/\">Si est\u00e1s en 4\u00ba de ESO<\/a><\/li>\n<\/ul>\n","protected":false},"excerpt":{"rendered":"<p>El departamento de Orientaci\u00f3n proporcionar\u00e1 distintos recursos como enlaces, documentos, gu\u00edas o informaciones para guiar al alumnado en la configuraci\u00f3n de su itinerario formativo para estudios posteriores o para la incorporaci\u00f3n al mundo laboral. La informaci\u00f3n se refiere principalmente al alumnado de los dos \u00faltimos cursos de la ESO, y puedes aceder a ella mediante [&hellip;]<\/p>\n","protected":false},"author":4185,"featured_media":0,"parent":0,"menu_order":0,"comment_status":"closed","ping_status":"closed","template":"","meta":{"ngg_post_thumbnail":0,"footnotes":"","_mc_calendar":[]},"aioseo_notices":[],"_links":{"self":[{"href":"https:\/\/blogsaverroes.juntadeandalucia.es\/iesllano\/wp-json\/wp\/v2\/pages\/2930"}],"collection":[{"href":"https:\/\/blogsaverroes.juntadeandalucia.es\/iesllano\/wp-json\/wp\/v2\/pages"}],"about":[{"href":"https:\/\/blogsaverroes.juntadeandalucia.es\/iesllano\/wp-json\/wp\/v2\/types\/page"}],"author":[{"embeddable":true,"href":"https:\/\/blogsaverroes.juntadeandalucia.es\/iesllano\/wp-json\/wp\/v2\/users\/4185"}],"replies":[{"embeddable":true,"href":"https:\/\/blogsaverroes.juntadeandalucia.es\/iesllano\/wp-json\/wp\/v2\/comments?post=2930"}],"version-history":[{"count":1,"href":"https:\/\/blogsaverroes.juntadeandalucia.es\/iesllano\/wp-json\/wp\/v2\/pages\/2930\/revisions"}],"predecessor-version":[{"id":2940,"href":"https:\/\/blogsaverroes.juntadeandalucia.es\/iesllano\/wp-json\/wp\/v2\/pages\/2930\/revisions\/2940"}],"wp:attachment":[{"href":"https:\/\/blogsaverroes.juntadeandalucia.es\/iesllano\/wp-json\/wp\/v2\/media?parent=2930"}],"curies":[{"name":"wp","href":"https:\/\/api.w.org\/{rel}","templated":true}]}}

Futuro académico y profesional

<p><a href="https://blogsaverroes.juntadeandalucia.es/iesllano/files/2019/02/choice.png" rel="prettyPhoto[2930]"><img loading="lazy" decoding="async" class="size-medium wp-image-2937 alignleft" src="https://blogsaverroes.juntadeandalucia.es/iesllano/files/2019/02/choice-300x169.png" alt="" width="300" height="169" srcset="https://blogsaverroes.juntadeandalucia.es/iesllano/files/2019/02/choice-300x169.png 300w, https://blogsaverroes.juntadeandalucia.es/iesllano/files/2019/02/choice-24x14.png 24w, https://blogsaverroes.juntadeandalucia.es/iesllano/files/2019/02/choice-36x20.png 36w, https://blogsaverroes.juntadeandalucia.es/iesllano/files/2019/02/choice-48x27.png 48w, https://blogsaverroes.juntadeandalucia.es/iesllano/files/2019/02/choice.png 640w" sizes="(max-width: 300px) 100vw, 300px" /></a>El departamento de Orientación proporcionará distintos recursos como enlaces, documentos, guías o informaciones para guiar al alumnado en la configuración de su itinerario formativo para estudios posteriores o para la incorporación al mundo laboral.</p>
<p>La información se refiere principalmente al alumnado de los dos últimos cursos de la ESO, y puedes aceder a ella mediante los enlaces siguientes:</p>
<ul>
<li><a href="https://blogsaverroes.juntadeandalucia.es/iesllano/category/futuro-academicoprofesional/si-estas-en-3oeso/">Si estás en 3º de ESO</a></li>
<li><a href="https://blogsaverroes.juntadeandalucia.es/iesllano/category/futuro-academicoprofesional/si-estas-en-4oeso/">Si estás en 4º de ESO</a></li>
</ul>

<p>El departamento de Orientación proporcionará distintos recursos como enlaces, documentos, guías o informaciones para guiar al alumnado en la configuración de su itinerario formativo para estudios posteriores o para la incorporación al mundo laboral. La información se refiere principalmente al alumnado de los dos últimos cursos de la ESO, y puedes aceder a ella mediante [&hellip;]</p>
