{"id":162,"date":"2015-03-17T07:51:10","date_gmt":"2015-03-17T07:51:10","guid":{"rendered":"http:\/\/blogsaverroes.juntadeandalucia.es\/pre\/ceip\/?page_id=162"},"modified":"2022-05-26T10:42:46","modified_gmt":"2022-05-26T08:42:46","slug":"tecnologia","status":"publish","type":"page","link":"https:\/\/blogsaverroes.juntadeandalucia.es\/iesloscolegiales\/tecnologia\/","title":{"rendered":"Tecnolog\u00eda"},"content":{"rendered":"<p><strong><span style=\"font-family: sans-serif\"><span style=\"font-size: medium\">DEPARTAMENTO DE TECNOLOG\u00cdA<\/span><\/span><\/strong><\/p>\n<p><a href=\"https:\/\/blogsaverroes.juntadeandalucia.es\/iesloscolegiales\/fantec-2022\/\">Participaci\u00f3n en la Feria Andaluza de la Tecnolog\u00eda<\/a> (FANTEC 2022).<\/p>\n<p>Proyectos FANTEC CURSO 2021\/2022:<\/p>\n<ul>\n<li>Proyecto 2\u00ba Bachillerato: <a href=\"http:\/\/blogsaverroes.juntadeandalucia.es\/iesloscolegiales\/tecnologia\/materiales-recursos\/compactador-de-latas-de-refresco\/\">Compactador de latas<\/a>.<\/li>\n<li>Proyecto 1\u00ba Bachillerato: <a href=\"https:\/\/sites.google.com\/iesloscolegiales.com\/seguidorlinea-iesloscolegiales\/inicio\">Seguidor de l\u00edneas.<\/a><\/li>\n<\/ul>\n<p>&nbsp;<\/p>\n","protected":false},"excerpt":{"rendered":"<p>DEPARTAMENTO DE TECNOLOG\u00cdA Participaci\u00f3n en la Feria Andaluza de la Tecnolog\u00eda (FANTEC 2022). Proyectos FANTEC CURSO 2021\/2022: Proyecto 2\u00ba Bachillerato: Compactador de latas. Proyecto 1\u00ba Bachillerato: Seguidor de l\u00edneas. &nbsp;<\/p>\n","protected":false},"author":1,"featured_media":0,"parent":0,"menu_order":0,"comment_status":"closed","ping_status":"open","template":"page-sc.php","meta":{"ngg_post_thumbnail":0,"footnotes":"","_mc_calendar":[]},"aioseo_notices":[],"_links":{"self":[{"href":"https:\/\/blogsaverroes.juntadeandalucia.es\/iesloscolegiales\/wp-json\/wp\/v2\/pages\/162"}],"collection":[{"href":"https:\/\/blogsaverroes.juntadeandalucia.es\/iesloscolegiales\/wp-json\/wp\/v2\/pages"}],"about":[{"href":"https:\/\/blogsaverroes.juntadeandalucia.es\/iesloscolegiales\/wp-json\/wp\/v2\/types\/page"}],"author":[{"embeddable":true,"href":"https:\/\/blogsaverroes.juntadeandalucia.es\/iesloscolegiales\/wp-json\/wp\/v2\/users\/1"}],"replies":[{"embeddable":true,"href":"https:\/\/blogsaverroes.juntadeandalucia.es\/iesloscolegiales\/wp-json\/wp\/v2\/comments?post=162"}],"version-history":[{"count":8,"href":"https:\/\/blogsaverroes.juntadeandalucia.es\/iesloscolegiales\/wp-json\/wp\/v2\/pages\/162\/revisions"}],"predecessor-version":[{"id":3277,"href":"https:\/\/blogsaverroes.juntadeandalucia.es\/iesloscolegiales\/wp-json\/wp\/v2\/pages\/162\/revisions\/3277"}],"wp:attachment":[{"href":"https:\/\/blogsaverroes.juntadeandalucia.es\/iesloscolegiales\/wp-json\/wp\/v2\/media?parent=162"}],"curies":[{"name":"wp","href":"https:\/\/api.w.org\/{rel}","templated":true}]}}