{"id":2451,"date":"2021-09-03T00:14:27","date_gmt":"2021-09-02T22:14:27","guid":{"rendered":"http:\/\/blogsaverroes.juntadeandalucia.es\/iesloscolegiales\/?page_id=2451"},"modified":"2021-09-03T00:27:04","modified_gmt":"2021-09-02T22:27:04","slug":"conoce-nuestro-centro","status":"publish","type":"page","link":"https:\/\/blogsaverroes.juntadeandalucia.es\/iesloscolegiales\/conoce-nuestro-centro\/","title":{"rendered":"Conoce nuestro centro."},"content":{"rendered":"<p>Si quieres conocer m\u00e1s acerca de nuestro centro (Equipo Directivo, proyectos, normas de convivencia) y hacer una visita virtual por nuestras instalaciones, haz clic en la siguiente imagen.<br \/>\n<a href=\"https:\/\/blogsaverroes.juntadeandalucia.es\/iesloscolegiales\/files\/2021\/09\/Presentacion.pdf\"><img loading=\"lazy\" decoding=\"async\" class=\"size-medium wp-image-2455 aligncenter\" src=\"https:\/\/blogsaverroes.juntadeandalucia.es\/iesloscolegiales\/files\/2021\/09\/ImagenPresentacion-300x225.png\" alt=\"\" width=\"300\" height=\"225\" srcset=\"https:\/\/blogsaverroes.juntadeandalucia.es\/iesloscolegiales\/files\/2021\/09\/ImagenPresentacion-300x225.png 300w, https:\/\/blogsaverroes.juntadeandalucia.es\/iesloscolegiales\/files\/2021\/09\/ImagenPresentacion-768x576.png 768w, https:\/\/blogsaverroes.juntadeandalucia.es\/iesloscolegiales\/files\/2021\/09\/ImagenPresentacion.png 960w\" sizes=\"(max-width: 300px) 100vw, 300px\" \/><\/a><\/p>\n<p>Adem\u00e1s, si haces clic <a href=\"https:\/\/blogsaverroes.juntadeandalucia.es\/iesloscolegiales\/files\/2021\/09\/Transito.pdf\">AQUI<\/a> podr\u00e1s descargarte una gu\u00eda para las familias que os ayudar\u00e1 a que el tr\u00e1nsito entre la Educaci\u00f3n Primaria y la Secundaria de vuestros hijos o hijas sea lo m\u00e1s satisfactorio posible.<\/p>\n","protected":false},"excerpt":{"rendered":"<p>Si quieres conocer m\u00e1s acerca de nuestro centro (Equipo Directivo, proyectos, normas de convivencia) y hacer una visita virtual por nuestras instalaciones, haz clic en la siguiente imagen. Adem\u00e1s, si haces clic AQUI podr\u00e1s descargarte una gu\u00eda para las familias que os ayudar\u00e1 a que el tr\u00e1nsito entre la Educaci\u00f3n Primaria y la Secundaria de vuestros hijos o hijas sea lo m\u00e1s satisfactorio posible.<\/p>\n","protected":false},"author":3569,"featured_media":0,"parent":0,"menu_order":0,"comment_status":"closed","ping_status":"closed","template":"","meta":{"ngg_post_thumbnail":0,"footnotes":"","_mc_calendar":[]},"aioseo_notices":[],"_links":{"self":[{"href":"https:\/\/blogsaverroes.juntadeandalucia.es\/iesloscolegiales\/wp-json\/wp\/v2\/pages\/2451"}],"collection":[{"href":"https:\/\/blogsaverroes.juntadeandalucia.es\/iesloscolegiales\/wp-json\/wp\/v2\/pages"}],"about":[{"href":"https:\/\/blogsaverroes.juntadeandalucia.es\/iesloscolegiales\/wp-json\/wp\/v2\/types\/page"}],"author":[{"embeddable":true,"href":"https:\/\/blogsaverroes.juntadeandalucia.es\/iesloscolegiales\/wp-json\/wp\/v2\/users\/3569"}],"replies":[{"embeddable":true,"href":"https:\/\/blogsaverroes.juntadeandalucia.es\/iesloscolegiales\/wp-json\/wp\/v2\/comments?post=2451"}],"version-history":[{"count":4,"href":"https:\/\/blogsaverroes.juntadeandalucia.es\/iesloscolegiales\/wp-json\/wp\/v2\/pages\/2451\/revisions"}],"predecessor-version":[{"id":2459,"href":"https:\/\/blogsaverroes.juntadeandalucia.es\/iesloscolegiales\/wp-json\/wp\/v2\/pages\/2451\/revisions\/2459"}],"wp:attachment":[{"href":"https:\/\/blogsaverroes.juntadeandalucia.es\/iesloscolegiales\/wp-json\/wp\/v2\/media?parent=2451"}],"curies":[{"name":"wp","href":"https:\/\/api.w.org\/{rel}","templated":true}]}}

<p>Si quieres conocer más acerca de nuestro centro (Equipo Directivo, proyectos, normas de convivencia) y hacer una visita virtual por nuestras instalaciones, haz clic en la siguiente imagen.<br />
<a href="https://blogsaverroes.juntadeandalucia.es/iesloscolegiales/files/2021/09/Presentacion.pdf"><img loading="lazy" decoding="async" class="size-medium wp-image-2455 aligncenter" src="https://blogsaverroes.juntadeandalucia.es/iesloscolegiales/files/2021/09/ImagenPresentacion-300x225.png" alt="" width="300" height="225" srcset="https://blogsaverroes.juntadeandalucia.es/iesloscolegiales/files/2021/09/ImagenPresentacion-300x225.png 300w, https://blogsaverroes.juntadeandalucia.es/iesloscolegiales/files/2021/09/ImagenPresentacion-768x576.png 768w, https://blogsaverroes.juntadeandalucia.es/iesloscolegiales/files/2021/09/ImagenPresentacion.png 960w" sizes="(max-width: 300px) 100vw, 300px" /></a></p>
<p>Además, si haces clic <a href="https://blogsaverroes.juntadeandalucia.es/iesloscolegiales/files/2021/09/Transito.pdf">AQUI</a> podrás descargarte una guía para las familias que os ayudará a que el tránsito entre la Educación Primaria y la Secundaria de vuestros hijos o hijas sea lo más satisfactorio posible.</p>

<p>Si quieres conocer más acerca de nuestro centro (Equipo Directivo, proyectos, normas de convivencia) y hacer una visita virtual por nuestras instalaciones, haz clic en la siguiente imagen. Además, si haces clic AQUI podrás descargarte una guía para las familias que os ayudará a que el tránsito entre la Educación Primaria y la Secundaria de vuestros hijos o hijas sea lo más satisfactorio posible.</p>
