{"id":2614,"date":"2021-09-12T18:06:37","date_gmt":"2021-09-12T16:06:37","guid":{"rendered":"http:\/\/blogsaverroes.juntadeandalucia.es\/iesloscolegiales\/?page_id=2614"},"modified":"2023-05-09T10:28:57","modified_gmt":"2023-05-09T08:28:57","slug":"programaciones-cacfgm","status":"publish","type":"page","link":"https:\/\/blogsaverroes.juntadeandalucia.es\/iesloscolegiales\/programaciones-cacfgm\/","title":{"rendered":"Programaciones CACFGM"},"content":{"rendered":"<p><a href=\"https:\/\/blogsaverroes.juntadeandalucia.es\/iesloscolegiales\/files\/2021\/12\/ACT_CACF.pdf\">\u00c1mbito Cient\u00edfico y Tecnol\u00f3gico_(CACFGM)<\/a><\/p>\n<p><a href=\"https:\/\/blogsaverroes.juntadeandalucia.es\/iesloscolegiales\/files\/2023\/05\/\u00c1mbito-Ling\u00fc\u00edstico-CACFGM.pdf\">\u00c1mbito Ling\u00fc\u00edstico (CACFGM)<\/a><\/p>\n<p><a href=\"https:\/\/blogsaverroes.juntadeandalucia.es\/iesloscolegiales\/files\/2023\/05\/\u00c1mbito-de-Lengua-Extranjera-CACFGM.pdf\">\u00c1mbito de Lengua Extranjera (CACFGM)<\/a><\/p>\n<p><a href=\"https:\/\/blogsaverroes.juntadeandalucia.es\/iesloscolegiales\/files\/2023\/05\/Ambito-Social-CACFGM.pdf\">Ambito Social (CACFGM)<\/a><\/p>\n","protected":false},"excerpt":{"rendered":"<p>\u00c1mbito Cient\u00edfico y Tecnol\u00f3gico_(CACFGM) \u00c1mbito Ling\u00fc\u00edstico (CACFGM) \u00c1mbito de Lengua Extranjera (CACFGM) Ambito Social (CACFGM)<\/p>\n","protected":false},"author":3569,"featured_media":0,"parent":0,"menu_order":0,"comment_status":"closed","ping_status":"closed","template":"","meta":{"ngg_post_thumbnail":0,"footnotes":"","_mc_calendar":[]},"aioseo_notices":[],"_links":{"self":[{"href":"https:\/\/blogsaverroes.juntadeandalucia.es\/iesloscolegiales\/wp-json\/wp\/v2\/pages\/2614"}],"collection":[{"href":"https:\/\/blogsaverroes.juntadeandalucia.es\/iesloscolegiales\/wp-json\/wp\/v2\/pages"}],"about":[{"href":"https:\/\/blogsaverroes.juntadeandalucia.es\/iesloscolegiales\/wp-json\/wp\/v2\/types\/page"}],"author":[{"embeddable":true,"href":"https:\/\/blogsaverroes.juntadeandalucia.es\/iesloscolegiales\/wp-json\/wp\/v2\/users\/3569"}],"replies":[{"embeddable":true,"href":"https:\/\/blogsaverroes.juntadeandalucia.es\/iesloscolegiales\/wp-json\/wp\/v2\/comments?post=2614"}],"version-history":[{"count":4,"href":"https:\/\/blogsaverroes.juntadeandalucia.es\/iesloscolegiales\/wp-json\/wp\/v2\/pages\/2614\/revisions"}],"predecessor-version":[{"id":3791,"href":"https:\/\/blogsaverroes.juntadeandalucia.es\/iesloscolegiales\/wp-json\/wp\/v2\/pages\/2614\/revisions\/3791"}],"wp:attachment":[{"href":"https:\/\/blogsaverroes.juntadeandalucia.es\/iesloscolegiales\/wp-json\/wp\/v2\/media?parent=2614"}],"curies":[{"name":"wp","href":"https:\/\/api.w.org\/{rel}","templated":true}]}}

<p><a href="https://blogsaverroes.juntadeandalucia.es/iesloscolegiales/files/2021/12/ACT_CACF.pdf">Ámbito Científico y Tecnológico_(CACFGM)</a></p>
<p><a href="https://blogsaverroes.juntadeandalucia.es/iesloscolegiales/files/2023/05/Ámbito-Lingüístico-CACFGM.pdf">Ámbito Lingüístico (CACFGM)</a></p>
<p><a href="https://blogsaverroes.juntadeandalucia.es/iesloscolegiales/files/2023/05/Ámbito-de-Lengua-Extranjera-CACFGM.pdf">Ámbito de Lengua Extranjera (CACFGM)</a></p>
<p><a href="https://blogsaverroes.juntadeandalucia.es/iesloscolegiales/files/2023/05/Ambito-Social-CACFGM.pdf">Ambito Social (CACFGM)</a></p>

<p>Ámbito Científico y Tecnológico_(CACFGM) Ámbito Lingüístico (CACFGM) Ámbito de Lengua Extranjera (CACFGM) Ambito Social (CACFGM)</p>
