{"id":2705,"date":"2021-09-13T17:38:11","date_gmt":"2021-09-13T15:38:11","guid":{"rendered":"http:\/\/blogsaverroes.juntadeandalucia.es\/iesloscolegiales\/?page_id=2705"},"modified":"2025-09-03T18:40:37","modified_gmt":"2025-09-03T16:40:37","slug":"oferta-educativa","status":"publish","type":"page","link":"https:\/\/blogsaverroes.juntadeandalucia.es\/iesloscolegiales\/oferta-educativa\/","title":{"rendered":"Oferta Educativa"},"content":{"rendered":"<p>Para el curso actual el centro tiene la siguiente oferta educativa:<\/p>\n<h3>SECUNDARIA Y BACHILLERATO<\/h3>\n<ul>\n<li>Educaci\u00f3n Secundaria Obligatoria.<\/li>\n<li>Bachillerato, en las modalidades: Ciencias de la Salud, Tecnol\u00f3gico, Humanidades y Ciencias Sociales<\/li>\n<\/ul>\n<h3>FORMACI\u00d3N PROFESIONAL<\/h3>\n<p><strong>Familia profesional de Electricidad y Electr\u00f3nica. Grados D:<\/strong><\/p>\n<ul>\n<li><a href=\"http:\/\/blogsaverroes.juntadeandalucia.es\/iesloscolegiales\/informacion-sobre-el-ciclo-formativo-de-grado-basico-electricidad-y-electronica\/\">Ciclo formativo de grado b\u00e1sico: Electricidad y Electr\u00f3nica.<\/a><\/li>\n<li><a href=\"https:\/\/blogsaverroes.juntadeandalucia.es\/iesloscolegiales\/?page_id=3298&amp;preview=true\">Ciclo formativo de grado medio: Instalaciones El\u00e9ctricas y Autom\u00e1ticas<\/a><\/li>\n<\/ul>\n<p><strong>Familia profesional de Instalaci\u00f3n y Mantenimiento. Grados D:<\/strong><\/p>\n<ul>\n<li><a href=\"https:\/\/blogsaverroes.juntadeandalucia.es\/iesloscolegiales\/?page_id=3486&amp;preview=true\">Ciclo formativo de grado medio: Instalaciones de Producci\u00f3n de Calor.<\/a><\/li>\n<li>Ciclo formativo de grado medio: Instalaciones Frigor\u00edficas y de Climatizaci\u00f3n (2\u00ba curso).<\/li>\n<\/ul>\n<p><strong>Familia profesional de Sanidad:<\/strong><\/p>\n<ul>\n<li><a title=\"Informaci\u00f3n sobre el ciclo de Anatom\u00eda Patol\u00f3gica y Citodiagn\u00f3stico Dual\" href=\"http:\/\/blogsaverroes.juntadeandalucia.es\/iesloscolegiales\/informacion-sobre-el-ciclo-de-anatomia-patologica-y-citodiagnostico-dual\/\">Grado D Ciclo formativo de grado superior: Anatom\u00eda Patol\u00f3gica y Citodiagn\u00f3stico.<\/a><\/li>\n<li><a title=\"Informaci\u00f3n sobre el ciclo T\u00e9cnico en Cuidados Auxiliares de Enfermer\u00eda.\" href=\"http:\/\/blogsaverroes.juntadeandalucia.es\/iesloscolegiales\/informacion-sobre-el-ciclo-tecnico-en-cuidados-auxiliares-de-enfermeria\/\">Ciclo formativo de grado medio: Cuidados Auxiliares de Enfermer\u00eda (LOGSE).<\/a><\/li>\n<\/ul>\n<h3>CURSO DE ACCESO A GRADO MEDIO<\/h3>\n","protected":false},"excerpt":{"rendered":"<p>Para el curso actual el centro tiene la siguiente oferta educativa: SECUNDARIA Y BACHILLERATO Educaci\u00f3n Secundaria Obligatoria. Bachillerato, en las modalidades: Ciencias de la Salud, Tecnol\u00f3gico, Humanidades y Ciencias Sociales FORMACI\u00d3N PROFESIONAL Familia profesional de Electricidad y Electr\u00f3nica. Grados D: Ciclo formativo de grado b\u00e1sico: Electricidad y Electr\u00f3nica. Ciclo formativo de grado medio: Instalaciones El\u00e9ctricas y Autom\u00e1ticas Familia profesional de Instalaci\u00f3n y Mantenimiento. Grados D: Ciclo formativo de grado medio: Instalaciones de Producci\u00f3n de Calor. Ciclo formativo de grado medio: Instalaciones Frigor\u00edficas y de Climatizaci\u00f3n (2\u00ba curso). Familia profesional de Sanidad: Grado D Ciclo formativo de grado superior: Anatom\u00eda Patol\u00f3gica&#46;&#46;&#46;<\/p>\n","protected":false},"author":3569,"featured_media":0,"parent":0,"menu_order":0,"comment_status":"closed","ping_status":"closed","template":"","meta":{"ngg_post_thumbnail":0,"footnotes":"","_mc_calendar":[]},"aioseo_notices":[],"_links":{"self":[{"href":"https:\/\/blogsaverroes.juntadeandalucia.es\/iesloscolegiales\/wp-json\/wp\/v2\/pages\/2705"}],"collection":[{"href":"https:\/\/blogsaverroes.juntadeandalucia.es\/iesloscolegiales\/wp-json\/wp\/v2\/pages"}],"about":[{"href":"https:\/\/blogsaverroes.juntadeandalucia.es\/iesloscolegiales\/wp-json\/wp\/v2\/types\/page"}],"author":[{"embeddable":true,"href":"https:\/\/blogsaverroes.juntadeandalucia.es\/iesloscolegiales\/wp-json\/wp\/v2\/users\/3569"}],"replies":[{"embeddable":true,"href":"https:\/\/blogsaverroes.juntadeandalucia.es\/iesloscolegiales\/wp-json\/wp\/v2\/comments?post=2705"}],"version-history":[{"count":16,"href":"https:\/\/blogsaverroes.juntadeandalucia.es\/iesloscolegiales\/wp-json\/wp\/v2\/pages\/2705\/revisions"}],"predecessor-version":[{"id":4522,"href":"https:\/\/blogsaverroes.juntadeandalucia.es\/iesloscolegiales\/wp-json\/wp\/v2\/pages\/2705\/revisions\/4522"}],"wp:attachment":[{"href":"https:\/\/blogsaverroes.juntadeandalucia.es\/iesloscolegiales\/wp-json\/wp\/v2\/media?parent=2705"}],"curies":[{"name":"wp","href":"https:\/\/api.w.org\/{rel}","templated":true}]}}

<p>Para el curso actual el centro tiene la siguiente oferta educativa:</p>
<h3>SECUNDARIA Y BACHILLERATO</h3>
<ul>
<li>Educación Secundaria Obligatoria.</li>
<li>Bachillerato, en las modalidades: Ciencias de la Salud, Tecnológico, Humanidades y Ciencias Sociales</li>
</ul>
<h3>FORMACIÓN PROFESIONAL</h3>
<p><strong>Familia profesional de Electricidad y Electrónica. Grados D:</strong></p>
<ul>
<li><a href="http://blogsaverroes.juntadeandalucia.es/iesloscolegiales/informacion-sobre-el-ciclo-formativo-de-grado-basico-electricidad-y-electronica/">Ciclo formativo de grado básico: Electricidad y Electrónica.</a></li>
<li><a href="https://blogsaverroes.juntadeandalucia.es/iesloscolegiales/?page_id=3298&amp;preview=true">Ciclo formativo de grado medio: Instalaciones Eléctricas y Automáticas</a></li>
</ul>
<p><strong>Familia profesional de Instalación y Mantenimiento. Grados D:</strong></p>
<ul>
<li><a href="https://blogsaverroes.juntadeandalucia.es/iesloscolegiales/?page_id=3486&amp;preview=true">Ciclo formativo de grado medio: Instalaciones de Producción de Calor.</a></li>
<li>Ciclo formativo de grado medio: Instalaciones Frigoríficas y de Climatización (2º curso).</li>
</ul>
<p><strong>Familia profesional de Sanidad:</strong></p>
<ul>
<li><a title="Información sobre el ciclo de Anatomía Patológica y Citodiagnóstico Dual" href="http://blogsaverroes.juntadeandalucia.es/iesloscolegiales/informacion-sobre-el-ciclo-de-anatomia-patologica-y-citodiagnostico-dual/">Grado D Ciclo formativo de grado superior: Anatomía Patológica y Citodiagnóstico.</a></li>
<li><a title="Información sobre el ciclo Técnico en Cuidados Auxiliares de Enfermería." href="http://blogsaverroes.juntadeandalucia.es/iesloscolegiales/informacion-sobre-el-ciclo-tecnico-en-cuidados-auxiliares-de-enfermeria/">Ciclo formativo de grado medio: Cuidados Auxiliares de Enfermería (LOGSE).</a></li>
</ul>
<h3>CURSO DE ACCESO A GRADO MEDIO</h3>

<p>Para el curso actual el centro tiene la siguiente oferta educativa: SECUNDARIA Y BACHILLERATO Educación Secundaria Obligatoria. Bachillerato, en las modalidades: Ciencias de la Salud, Tecnológico, Humanidades y Ciencias Sociales FORMACIÓN PROFESIONAL Familia profesional de Electricidad y Electrónica. Grados D: Ciclo formativo de grado básico: Electricidad y Electrónica. Ciclo formativo de grado medio: Instalaciones Eléctricas y Automáticas Familia profesional de Instalación y Mantenimiento. Grados D: Ciclo formativo de grado medio: Instalaciones de Producción de Calor. Ciclo formativo de grado medio: Instalaciones Frigoríficas y de Climatización (2º curso). Familia profesional de Sanidad: Grado D Ciclo formativo de grado superior: Anatomía Patológica&#46;&#46;&#46;</p>
