{"id":42,"date":"2015-03-13T08:40:47","date_gmt":"2015-03-13T08:40:47","guid":{"rendered":"http:\/\/blogsaverroes.juntadeandalucia.es\/pre\/ceip\/?page_id=42"},"modified":"2025-01-09T17:23:47","modified_gmt":"2025-01-09T16:23:47","slug":"equipo-directivo","status":"publish","type":"page","link":"https:\/\/blogsaverroes.juntadeandalucia.es\/iesloscolegiales\/equipo-directivo\/","title":{"rendered":"Equipo directivo"},"content":{"rendered":"<p align=\"justify\">Bienvenidas y bienvenidos\u00a0al IES Los Colegiales:<\/p>\n<p>&nbsp;<\/p>\n<p align=\"justify\">Desde aqu\u00ed queremos agradecer\u00a0a quienes\u00a0visitan esta p\u00e1gina que se acerquen a ella para conocer mejor nuestro Centro. Este es un medio de comunicaci\u00f3n\u00a0accesible desde cualquier lugar con conexi\u00f3n a Internet. Por ello queremos animar a toda la Comunidad Educativa\u00a0a que lo enriquezca con\u00a0sus aportaciones y sugerencias.<\/p>\n<p align=\"right\">LA DIRECCI\u00d3N<\/p>\n<p>&nbsp;<\/p>\n<hr \/>\n<p><strong>El Equipo Directivo lo forman:<\/strong><\/p>\n<p><strong>Direcci\u00f3n:<\/strong><\/p>\n<ul>\n<li>Director: \u00a0Jos\u00e9 Antonio Gin\u00e9s G\u00e1miz\u00a0(Dpto. Electricidad y Electr\u00f3nica)<\/li>\n<li>Vicedirectora: Mercedes S\u00e1nchez Romero (Dpto. de Geograf\u00eda e Historia)<\/li>\n<\/ul>\n<p><strong>Jefatura de estudios:<\/strong><\/p>\n<ul>\n<li>Jefe de Estudios: Eddy Comard (Dpto. Franc\u00e9s)<\/li>\n<li>Jefe de Estudios Adjunto: Juan Antonio Cuadra Mu\u00f1oz (Dpto. de Matem\u00e1ticas)<\/li>\n<li>Jefa de Estudios Adjunta: Gloria M\u00aa S\u00e1nchez Mac\u00edas (Dpto. de Ingl\u00e9s)<\/li>\n<\/ul>\n<p><strong>Secretar\u00eda:<\/strong><\/p>\n<ul>\n<li>Secretario:\u00a0Jos\u00e9 Manuel L\u00f3pez Bracho\u00a0(Dpto. de Tecnolog\u00eda)<\/li>\n<\/ul>\n<p><strong>Actividades Complementarias y Extraescolares:<\/strong><\/p>\n<ul>\n<li>Jefa del Departamento de Actividades Complementarias y Extraescolares: Inmaculada Concepci\u00f3n D\u00edaz Moreno (Dpto. de Biolog\u00eda y Geolog\u00eda)<\/li>\n<\/ul>\n","protected":false},"excerpt":{"rendered":"<p>Bienvenidas y bienvenidos\u00a0al IES Los Colegiales: &nbsp; Desde aqu\u00ed queremos agradecer\u00a0a quienes\u00a0visitan esta p\u00e1gina que se acerquen a ella para conocer mejor nuestro Centro. Este es un medio de comunicaci\u00f3n\u00a0accesible desde cualquier lugar con conexi\u00f3n a Internet. Por ello queremos animar a toda la Comunidad Educativa\u00a0a que lo enriquezca con\u00a0sus aportaciones y sugerencias. LA DIRECCI\u00d3N &nbsp; El Equipo Directivo lo forman: Direcci\u00f3n: Director: \u00a0Jos\u00e9 Antonio Gin\u00e9s G\u00e1miz\u00a0(Dpto. Electricidad y Electr\u00f3nica) Vicedirectora: Mercedes S\u00e1nchez Romero (Dpto. de Geograf\u00eda e Historia) Jefatura de estudios: Jefe de Estudios: Eddy Comard (Dpto. Franc\u00e9s) Jefe de Estudios Adjunto: Juan Antonio Cuadra Mu\u00f1oz (Dpto. de Matem\u00e1ticas)&#46;&#46;&#46;<\/p>\n","protected":false},"author":1,"featured_media":0,"parent":0,"menu_order":0,"comment_status":"closed","ping_status":"open","template":"","meta":{"ngg_post_thumbnail":0,"footnotes":"","_mc_calendar":[]},"aioseo_notices":[],"_links":{"self":[{"href":"https:\/\/blogsaverroes.juntadeandalucia.es\/iesloscolegiales\/wp-json\/wp\/v2\/pages\/42"}],"collection":[{"href":"https:\/\/blogsaverroes.juntadeandalucia.es\/iesloscolegiales\/wp-json\/wp\/v2\/pages"}],"about":[{"href":"https:\/\/blogsaverroes.juntadeandalucia.es\/iesloscolegiales\/wp-json\/wp\/v2\/types\/page"}],"author":[{"embeddable":true,"href":"https:\/\/blogsaverroes.juntadeandalucia.es\/iesloscolegiales\/wp-json\/wp\/v2\/users\/1"}],"replies":[{"embeddable":true,"href":"https:\/\/blogsaverroes.juntadeandalucia.es\/iesloscolegiales\/wp-json\/wp\/v2\/comments?post=42"}],"version-history":[{"count":10,"href":"https:\/\/blogsaverroes.juntadeandalucia.es\/iesloscolegiales\/wp-json\/wp\/v2\/pages\/42\/revisions"}],"predecessor-version":[{"id":4272,"href":"https:\/\/blogsaverroes.juntadeandalucia.es\/iesloscolegiales\/wp-json\/wp\/v2\/pages\/42\/revisions\/4272"}],"wp:attachment":[{"href":"https:\/\/blogsaverroes.juntadeandalucia.es\/iesloscolegiales\/wp-json\/wp\/v2\/media?parent=42"}],"curies":[{"name":"wp","href":"https:\/\/api.w.org\/{rel}","templated":true}]}}