{"id":49,"date":"2015-03-13T08:47:05","date_gmt":"2015-03-13T08:47:05","guid":{"rendered":"http:\/\/blogsaverroes.juntadeandalucia.es\/pre\/ceip\/?page_id=49"},"modified":"2025-12-04T12:40:03","modified_gmt":"2025-12-04T11:40:03","slug":"proyecto-educativo","status":"publish","type":"page","link":"https:\/\/blogsaverroes.juntadeandalucia.es\/iesloscolegiales\/proyecto-educativo\/","title":{"rendered":"Proyecto Educativo"},"content":{"rendered":"<p>En los siguientes enlaces se puede descargar los distintos documentos que forman parte de nuestro Plan de Centro:<\/p>\n<table style=\"border-collapse: collapse;width: 100%;height: 99px\">\n<tbody>\n<tr style=\"height: 33px\">\n<td style=\"width: 5.15464%;border-style: none;height: 33px\"><img loading=\"lazy\" decoding=\"async\" class=\"alignnone wp-image-1662\" src=\"http:\/\/blogsaverroes.juntadeandalucia.es\/iesloscolegiales\/files\/2015\/03\/proyecto-300x266.png\" alt=\"proyecto\" width=\"36\" height=\"32\" srcset=\"https:\/\/blogsaverroes.juntadeandalucia.es\/iesloscolegiales\/files\/2015\/03\/proyecto-300x266.png 300w, https:\/\/blogsaverroes.juntadeandalucia.es\/iesloscolegiales\/files\/2015\/03\/proyecto.png 640w\" sizes=\"(max-width: 36px) 100vw, 36px\" \/><\/td>\n<td style=\"width: 94.8454%;border-style: none;height: 33px\"><a href=\"https:\/\/blogsaverroes.juntadeandalucia.es\/iesloscolegiales\/files\/2025\/11\/Proyecto_Educativo_Centro_LOMLOE_noviembre25.pdf\">Proyecto_Educativo_Centro_<\/a><\/td>\n<\/tr>\n<tr style=\"height: 33px\">\n<td style=\"width: 5.15464%;border-style: none;height: 33px\"><img loading=\"lazy\" decoding=\"async\" class=\"alignnone wp-image-1662\" src=\"http:\/\/blogsaverroes.juntadeandalucia.es\/iesloscolegiales\/files\/2015\/03\/proyecto-300x266.png\" alt=\"proyecto\" width=\"36\" height=\"32\" srcset=\"https:\/\/blogsaverroes.juntadeandalucia.es\/iesloscolegiales\/files\/2015\/03\/proyecto-300x266.png 300w, https:\/\/blogsaverroes.juntadeandalucia.es\/iesloscolegiales\/files\/2015\/03\/proyecto.png 640w\" sizes=\"(max-width: 36px) 100vw, 36px\" \/><\/td>\n<td style=\"width: 94.8454%;border-style: none;height: 33px\"><a href=\"https:\/\/blogsaverroes.juntadeandalucia.es\/iesloscolegiales\/files\/2025\/12\/Reglamento_de_Organizacion_y_Funcionamiento_24.pdf\">Reglamento_de_Organizaci\u00f3n_y_Funcionamiento_<\/a><\/td>\n<\/tr>\n<tr style=\"height: 33px\">\n<td style=\"width: 5.15464%;border-style: none;height: 33px\"><img loading=\"lazy\" decoding=\"async\" class=\"alignnone wp-image-1662\" src=\"http:\/\/blogsaverroes.juntadeandalucia.es\/iesloscolegiales\/files\/2015\/03\/proyecto-300x266.png\" alt=\"proyecto\" width=\"36\" height=\"32\" srcset=\"https:\/\/blogsaverroes.juntadeandalucia.es\/iesloscolegiales\/files\/2015\/03\/proyecto-300x266.png 300w, https:\/\/blogsaverroes.juntadeandalucia.es\/iesloscolegiales\/files\/2015\/03\/proyecto.png 640w\" sizes=\"(max-width: 36px) 100vw, 36px\" \/><\/td>\n<td style=\"width: 94.8454%;border-style: none;height: 33px\"><a href=\"https:\/\/blogsaverroes.juntadeandalucia.es\/iesloscolegiales\/files\/2022\/11\/Proyecto-de-Gesti\u00f3n.pdf\">Proyecto de Gesti\u00f3n<\/a><\/td>\n<\/tr>\n<\/tbody>\n<\/table>\n<p>Anexos:<\/p>\n<table style=\"border-collapse: collapse;width: 100%;height: 335px\">\n<tbody>\n<tr style=\"height: 257px\">\n<td style=\"width: 5.41237%;border-style: hidden;height: 257px\"><\/td>\n<td style=\"width: 94.5876%;border-style: none;height: 257px\">El Protocolo de protecci\u00f3n de datos establece el tratamiento a seguir por parte de los miembros de la comunidad educativa del IES Los Colegiales con los datos del alumnado del centro.<\/p>\n<table style=\"height: 36px;width: 100%;border-collapse: collapse;border-style: hidden\">\n<tbody>\n<tr style=\"height: 36px;border-style: none\">\n<td style=\"width: 6.08553%;height: 36px\"><a href=\"https:\/\/blogsaverroes.juntadeandalucia.es\/iesloscolegiales\/files\/2015\/03\/proyecto.png\"><img loading=\"lazy\" decoding=\"async\" class=\"alignnone size-medium wp-image-1662\" src=\"https:\/\/blogsaverroes.juntadeandalucia.es\/iesloscolegiales\/files\/2015\/03\/proyecto-300x266.png\" alt=\"\" width=\"300\" height=\"266\" srcset=\"https:\/\/blogsaverroes.juntadeandalucia.es\/iesloscolegiales\/files\/2015\/03\/proyecto-300x266.png 300w, https:\/\/blogsaverroes.juntadeandalucia.es\/iesloscolegiales\/files\/2015\/03\/proyecto.png 640w\" sizes=\"(max-width: 300px) 100vw, 300px\" \/><\/a><\/td>\n<td style=\"width: 93.9145%;height: 36px;border-style: hidden\"><a href=\"https:\/\/blogsaverroes.juntadeandalucia.es\/iesloscolegiales\/files\/2022\/10\/Protocolo_Proteccion_de_Datos.pdf\">Protocolo Protecci\u00f3n de Datos.<\/a><\/td>\n<\/tr>\n<\/tbody>\n<\/table>\n<p>El Plan de Convivencia concreta todos aquellos aspectos que repercuten sobre el clima escolar del centro, recoge tambi\u00e9n las normas de convivencia y el sistema de funcionamiento del Aula de Convivencia. Para conseguir los objetivos que nos planteamos es necesaria la firme implicaci\u00f3n de toda la Comunidad Educativa:<\/p>\n<table style=\"width: 100%;border-collapse: collapse;border-style: hidden\">\n<tbody>\n<tr>\n<td style=\"width: 6.74342%\"><a href=\"https:\/\/blogsaverroes.juntadeandalucia.es\/iesloscolegiales\/files\/2015\/03\/proyecto.png\"><img loading=\"lazy\" decoding=\"async\" class=\"alignnone size-medium wp-image-1662\" src=\"https:\/\/blogsaverroes.juntadeandalucia.es\/iesloscolegiales\/files\/2015\/03\/proyecto-300x266.png\" alt=\"\" width=\"300\" height=\"266\" srcset=\"https:\/\/blogsaverroes.juntadeandalucia.es\/iesloscolegiales\/files\/2015\/03\/proyecto-300x266.png 300w, https:\/\/blogsaverroes.juntadeandalucia.es\/iesloscolegiales\/files\/2015\/03\/proyecto.png 640w\" sizes=\"(max-width: 300px) 100vw, 300px\" \/><\/a><\/td>\n<td style=\"width: 93.2566%;border-style: hidden\"><a href=\"https:\/\/blogsaverroes.juntadeandalucia.es\/iesloscolegiales\/files\/2025\/12\/Plan_de_Convivencia_revnov24.pdf\">Plan_de_Convivencia<\/a><\/p>\n<p>&nbsp;<\/td>\n<\/tr>\n<\/tbody>\n<\/table>\n<p>&nbsp;<\/td>\n<\/tr>\n<tr style=\"height: 39px\">\n<td style=\"width: 5.41237%;border-style: hidden;height: 39px\"><img loading=\"lazy\" decoding=\"async\" class=\"alignnone wp-image-1662\" src=\"http:\/\/blogsaverroes.juntadeandalucia.es\/iesloscolegiales\/files\/2015\/03\/proyecto-300x266.png\" alt=\"proyecto\" width=\"36\" height=\"32\" srcset=\"https:\/\/blogsaverroes.juntadeandalucia.es\/iesloscolegiales\/files\/2015\/03\/proyecto-300x266.png 300w, https:\/\/blogsaverroes.juntadeandalucia.es\/iesloscolegiales\/files\/2015\/03\/proyecto.png 640w\" sizes=\"(max-width: 36px) 100vw, 36px\" \/><\/td>\n<td style=\"width: 94.5876%;border-style: none;height: 39px\"><a href=\"https:\/\/blogsaverroes.juntadeandalucia.es\/iesloscolegiales\/files\/2025\/12\/POAT-25-26.pdf\">Plan de acci\u00f3n y orientaci\u00f3n tutorial<\/a><\/td>\n<\/tr>\n<tr style=\"height: 39px\">\n<td style=\"width: 5.41237%;border-style: hidden;height: 39px\"><img loading=\"lazy\" decoding=\"async\" class=\"alignnone wp-image-1662\" src=\"http:\/\/blogsaverroes.juntadeandalucia.es\/iesloscolegiales\/files\/2015\/03\/proyecto-300x266.png\" alt=\"proyecto\" width=\"36\" height=\"32\" srcset=\"https:\/\/blogsaverroes.juntadeandalucia.es\/iesloscolegiales\/files\/2015\/03\/proyecto-300x266.png 300w, https:\/\/blogsaverroes.juntadeandalucia.es\/iesloscolegiales\/files\/2015\/03\/proyecto.png 640w\" sizes=\"(max-width: 36px) 100vw, 36px\" \/><\/td>\n<td style=\"width: 94.5876%;border-style: none;height: 39px\"><a href=\"https:\/\/blogsaverroes.juntadeandalucia.es\/iesloscolegiales\/files\/2021\/12\/1PLAN-IGUALDAD-2021-2022.pdf\">Plan de igualdad<\/a><\/td>\n<\/tr>\n<\/tbody>\n<\/table>\n","protected":false},"excerpt":{"rendered":"<p>En los siguientes enlaces se puede descargar los distintos documentos que forman parte de nuestro Plan de Centro: Proyecto_Educativo_Centro_ Reglamento_de_Organizaci\u00f3n_y_Funcionamiento_ Proyecto de Gesti\u00f3n Anexos: El Protocolo de protecci\u00f3n de datos establece el tratamiento a seguir por parte de los miembros de la comunidad educativa del IES Los Colegiales con los datos del alumnado del centro. Protocolo Protecci\u00f3n de Datos. El Plan de Convivencia concreta todos aquellos aspectos que repercuten sobre el clima escolar del centro, recoge tambi\u00e9n las normas de convivencia y el sistema de funcionamiento del Aula de Convivencia. Para conseguir los objetivos que nos planteamos es necesaria la&#46;&#46;&#46;<\/p>\n","protected":false},"author":1,"featured_media":0,"parent":0,"menu_order":0,"comment_status":"closed","ping_status":"open","template":"","meta":{"ngg_post_thumbnail":0,"footnotes":"","_mc_calendar":[]},"aioseo_notices":[],"_links":{"self":[{"href":"https:\/\/blogsaverroes.juntadeandalucia.es\/iesloscolegiales\/wp-json\/wp\/v2\/pages\/49"}],"collection":[{"href":"https:\/\/blogsaverroes.juntadeandalucia.es\/iesloscolegiales\/wp-json\/wp\/v2\/pages"}],"about":[{"href":"https:\/\/blogsaverroes.juntadeandalucia.es\/iesloscolegiales\/wp-json\/wp\/v2\/types\/page"}],"author":[{"embeddable":true,"href":"https:\/\/blogsaverroes.juntadeandalucia.es\/iesloscolegiales\/wp-json\/wp\/v2\/users\/1"}],"replies":[{"embeddable":true,"href":"https:\/\/blogsaverroes.juntadeandalucia.es\/iesloscolegiales\/wp-json\/wp\/v2\/comments?post=49"}],"version-history":[{"count":29,"href":"https:\/\/blogsaverroes.juntadeandalucia.es\/iesloscolegiales\/wp-json\/wp\/v2\/pages\/49\/revisions"}],"predecessor-version":[{"id":4569,"href":"https:\/\/blogsaverroes.juntadeandalucia.es\/iesloscolegiales\/wp-json\/wp\/v2\/pages\/49\/revisions\/4569"}],"wp:attachment":[{"href":"https:\/\/blogsaverroes.juntadeandalucia.es\/iesloscolegiales\/wp-json\/wp\/v2\/media?parent=49"}],"curies":[{"name":"wp","href":"https:\/\/api.w.org\/{rel}","templated":true}]}}

<p>En los siguientes enlaces se puede descargar los distintos documentos que forman parte de nuestro Plan de Centro:</p>
<table style="border-collapse: collapse;width: 100%;height: 99px">
<tbody>
<tr style="height: 33px">
<td style="width: 5.15464%;border-style: none;height: 33px"><img loading="lazy" decoding="async" class="alignnone wp-image-1662" src="http://blogsaverroes.juntadeandalucia.es/iesloscolegiales/files/2015/03/proyecto-300x266.png" alt="proyecto" width="36" height="32" srcset="https://blogsaverroes.juntadeandalucia.es/iesloscolegiales/files/2015/03/proyecto-300x266.png 300w, https://blogsaverroes.juntadeandalucia.es/iesloscolegiales/files/2015/03/proyecto.png 640w" sizes="(max-width: 36px) 100vw, 36px" /></td>
<td style="width: 94.8454%;border-style: none;height: 33px"><a href="https://blogsaverroes.juntadeandalucia.es/iesloscolegiales/files/2025/11/Proyecto_Educativo_Centro_LOMLOE_noviembre25.pdf">Proyecto_Educativo_Centro_</a></td>
</tr>
<tr style="height: 33px">
<td style="width: 5.15464%;border-style: none;height: 33px"><img loading="lazy" decoding="async" class="alignnone wp-image-1662" src="http://blogsaverroes.juntadeandalucia.es/iesloscolegiales/files/2015/03/proyecto-300x266.png" alt="proyecto" width="36" height="32" srcset="https://blogsaverroes.juntadeandalucia.es/iesloscolegiales/files/2015/03/proyecto-300x266.png 300w, https://blogsaverroes.juntadeandalucia.es/iesloscolegiales/files/2015/03/proyecto.png 640w" sizes="(max-width: 36px) 100vw, 36px" /></td>
<td style="width: 94.8454%;border-style: none;height: 33px"><a href="https://blogsaverroes.juntadeandalucia.es/iesloscolegiales/files/2025/12/Reglamento_de_Organizacion_y_Funcionamiento_24.pdf">Reglamento_de_Organización_y_Funcionamiento_</a></td>
</tr>
<tr style="height: 33px">
<td style="width: 5.15464%;border-style: none;height: 33px"><img loading="lazy" decoding="async" class="alignnone wp-image-1662" src="http://blogsaverroes.juntadeandalucia.es/iesloscolegiales/files/2015/03/proyecto-300x266.png" alt="proyecto" width="36" height="32" srcset="https://blogsaverroes.juntadeandalucia.es/iesloscolegiales/files/2015/03/proyecto-300x266.png 300w, https://blogsaverroes.juntadeandalucia.es/iesloscolegiales/files/2015/03/proyecto.png 640w" sizes="(max-width: 36px) 100vw, 36px" /></td>
<td style="width: 94.8454%;border-style: none;height: 33px"><a href="https://blogsaverroes.juntadeandalucia.es/iesloscolegiales/files/2022/11/Proyecto-de-Gestión.pdf">Proyecto de Gestión</a></td>
</tr>
</tbody>
</table>
<p>Anexos:</p>
<table style="border-collapse: collapse;width: 100%;height: 335px">
<tbody>
<tr style="height: 257px">
<td style="width: 5.41237%;border-style: hidden;height: 257px"></td>
<td style="width: 94.5876%;border-style: none;height: 257px">El Protocolo de protección de datos establece el tratamiento a seguir por parte de los miembros de la comunidad educativa del IES Los Colegiales con los datos del alumnado del centro.</p>
<table style="height: 36px;width: 100%;border-collapse: collapse;border-style: hidden">
<tbody>
<tr style="height: 36px;border-style: none">
<td style="width: 6.08553%;height: 36px"><a href="https://blogsaverroes.juntadeandalucia.es/iesloscolegiales/files/2015/03/proyecto.png"><img loading="lazy" decoding="async" class="alignnone size-medium wp-image-1662" src="https://blogsaverroes.juntadeandalucia.es/iesloscolegiales/files/2015/03/proyecto-300x266.png" alt="" width="300" height="266" srcset="https://blogsaverroes.juntadeandalucia.es/iesloscolegiales/files/2015/03/proyecto-300x266.png 300w, https://blogsaverroes.juntadeandalucia.es/iesloscolegiales/files/2015/03/proyecto.png 640w" sizes="(max-width: 300px) 100vw, 300px" /></a></td>
<td style="width: 93.9145%;height: 36px;border-style: hidden"><a href="https://blogsaverroes.juntadeandalucia.es/iesloscolegiales/files/2022/10/Protocolo_Proteccion_de_Datos.pdf">Protocolo Protección de Datos.</a></td>
</tr>
</tbody>
</table>
<p>El Plan de Convivencia concreta todos aquellos aspectos que repercuten sobre el clima escolar del centro, recoge también las normas de convivencia y el sistema de funcionamiento del Aula de Convivencia. Para conseguir los objetivos que nos planteamos es necesaria la firme implicación de toda la Comunidad Educativa:</p>
<table style="width: 100%;border-collapse: collapse;border-style: hidden">
<tbody>
<tr>
<td style="width: 6.74342%"><a href="https://blogsaverroes.juntadeandalucia.es/iesloscolegiales/files/2015/03/proyecto.png"><img loading="lazy" decoding="async" class="alignnone size-medium wp-image-1662" src="https://blogsaverroes.juntadeandalucia.es/iesloscolegiales/files/2015/03/proyecto-300x266.png" alt="" width="300" height="266" srcset="https://blogsaverroes.juntadeandalucia.es/iesloscolegiales/files/2015/03/proyecto-300x266.png 300w, https://blogsaverroes.juntadeandalucia.es/iesloscolegiales/files/2015/03/proyecto.png 640w" sizes="(max-width: 300px) 100vw, 300px" /></a></td>
<td style="width: 93.2566%;border-style: hidden"><a href="https://blogsaverroes.juntadeandalucia.es/iesloscolegiales/files/2025/12/Plan_de_Convivencia_revnov24.pdf">Plan_de_Convivencia</a></p>
<p>&nbsp;</td>
</tr>
</tbody>
</table>
<p>&nbsp;</td>
</tr>
<tr style="height: 39px">
<td style="width: 5.41237%;border-style: hidden;height: 39px"><img loading="lazy" decoding="async" class="alignnone wp-image-1662" src="http://blogsaverroes.juntadeandalucia.es/iesloscolegiales/files/2015/03/proyecto-300x266.png" alt="proyecto" width="36" height="32" srcset="https://blogsaverroes.juntadeandalucia.es/iesloscolegiales/files/2015/03/proyecto-300x266.png 300w, https://blogsaverroes.juntadeandalucia.es/iesloscolegiales/files/2015/03/proyecto.png 640w" sizes="(max-width: 36px) 100vw, 36px" /></td>
<td style="width: 94.5876%;border-style: none;height: 39px"><a href="https://blogsaverroes.juntadeandalucia.es/iesloscolegiales/files/2025/12/POAT-25-26.pdf">Plan de acción y orientación tutorial</a></td>
</tr>
<tr style="height: 39px">
<td style="width: 5.41237%;border-style: hidden;height: 39px"><img loading="lazy" decoding="async" class="alignnone wp-image-1662" src="http://blogsaverroes.juntadeandalucia.es/iesloscolegiales/files/2015/03/proyecto-300x266.png" alt="proyecto" width="36" height="32" srcset="https://blogsaverroes.juntadeandalucia.es/iesloscolegiales/files/2015/03/proyecto-300x266.png 300w, https://blogsaverroes.juntadeandalucia.es/iesloscolegiales/files/2015/03/proyecto.png 640w" sizes="(max-width: 36px) 100vw, 36px" /></td>
<td style="width: 94.5876%;border-style: none;height: 39px"><a href="https://blogsaverroes.juntadeandalucia.es/iesloscolegiales/files/2021/12/1PLAN-IGUALDAD-2021-2022.pdf">Plan de igualdad</a></td>
</tr>
</tbody>
</table>

<p>En los siguientes enlaces se puede descargar los distintos documentos que forman parte de nuestro Plan de Centro: Proyecto_Educativo_Centro_ Reglamento_de_Organización_y_Funcionamiento_ Proyecto de Gestión Anexos: El Protocolo de protección de datos establece el tratamiento a seguir por parte de los miembros de la comunidad educativa del IES Los Colegiales con los datos del alumnado del centro. Protocolo Protección de Datos. El Plan de Convivencia concreta todos aquellos aspectos que repercuten sobre el clima escolar del centro, recoge también las normas de convivencia y el sistema de funcionamiento del Aula de Convivencia. Para conseguir los objetivos que nos planteamos es necesaria la&#46;&#46;&#46;</p>
