{"id":113,"date":"2016-02-09T08:06:00","date_gmt":"2016-02-09T07:06:00","guid":{"rendered":"http:\/\/blogsaverroes.juntadeandalucia.es\/pre\/ceip\/?page_id=113"},"modified":"2025-02-02T22:59:35","modified_gmt":"2025-02-02T21:59:35","slug":"plan-de-igualdad","status":"publish","type":"page","link":"https:\/\/blogsaverroes.juntadeandalucia.es\/ieslosmolinosconil\/plan-de-igualdad\/","title":{"rendered":"PLAN DE IGUALDAD"},"content":{"rendered":"<p><span style=\"font-family: arial, helvetica, sans-serif\"><strong> <img loading=\"lazy\" decoding=\"async\" class=\" wp-image-7614 aligncenter\" src=\"https:\/\/blogsaverroes.juntadeandalucia.es\/ieslosmolinosconil\/files\/2025\/02\/4003629-01-300x273.png\" alt=\"\" width=\"385\" height=\"350\" srcset=\"https:\/\/blogsaverroes.juntadeandalucia.es\/ieslosmolinosconil\/files\/2025\/02\/4003629-01-300x273.png 300w, https:\/\/blogsaverroes.juntadeandalucia.es\/ieslosmolinosconil\/files\/2025\/02\/4003629-01.png 472w\" sizes=\"(max-width: 385px) 100vw, 385px\" \/><br \/>\n<\/strong><\/span><\/p>\n<p><a href=\"https:\/\/www.juntadeandalucia.es\/educacion\/portals\/web\/igualdad\/plan-igualdad\"><strong>Plan de Igualdad<\/strong><\/a>: en el panorama educativo contempor\u00e1neo, la promoci\u00f3n de la igualdad de g\u00e9nero ha emergido como una necesidad ineludible. Las instituciones educativas de la actualidad marcan un compromiso con la justicia social y los derechos humanos fundamentales y adoptan un enfoque pragm\u00e1tico y estrat\u00e9gico para abordar las disparidades y desigualdades arraigadas en nuestra sociedad. La Educaci\u00f3n es un veh\u00edculo fundamental para transformar estas estructuras y pr\u00e1cticas sociales, ya que ha demostrado ser un motor fundamental del cambio social. Visita <a href=\"https:\/\/www.juntadeandalucia.es\/educacion\/portals\/web\/igualdad\/inicio\">el portal de igualdad.<\/a><\/p>\n<p style=\"text-align: center\">Para ver un resumen de las actividades realizadas, visita nuestras <span style=\"color: #800080\"><a style=\"color: #800080\" href=\"https:\/\/www.instagram.com\/s\/aGlnaGxpZ2h0OjE4MDEwMTA2MDUzNDk1MDgx?story_media_id=2979208871370128407&amp;igsh=MW12c2lzNWtmdXU4aQ==\"><strong>historias destacadas<\/strong><\/a><\/span> en Instagram o las <span style=\"color: #993366\"><strong>entradas<\/strong><\/span>:<br \/>\n<a href=\"https:\/\/blogsaverroes.juntadeandalucia.es\/ieslosmolinosconil\/category\/planes-y-programas\/igualdad\/\">https:\/\/blogsaverroes.juntadeandalucia.es\/ieslosmolinosconil\/category\/planes-y-programas\/igualdad\/&nbsp;<\/a><\/p>\n<p style=\"text-align: center\"><strong><span style=\"text-decoration: underline\">Coordinaci\u00f3n<\/span><\/strong>: Ana M. O.<\/p>\n","protected":false},"excerpt":{"rendered":"<p>Plan de Igualdad: en el panorama educativo contempor\u00e1neo, la promoci\u00f3n de la igualdad de g\u00e9nero ha emergido como una necesidad ineludible. Las instituciones educativas de&hellip;<\/p>\n","protected":false},"author":1,"featured_media":0,"parent":0,"menu_order":0,"comment_status":"closed","ping_status":"open","template":"","meta":{"ngg_post_thumbnail":0,"footnotes":"","_mc_calendar":[]},"aioseo_notices":[],"_links":{"self":[{"href":"https:\/\/blogsaverroes.juntadeandalucia.es\/ieslosmolinosconil\/wp-json\/wp\/v2\/pages\/113"}],"collection":[{"href":"https:\/\/blogsaverroes.juntadeandalucia.es\/ieslosmolinosconil\/wp-json\/wp\/v2\/pages"}],"about":[{"href":"https:\/\/blogsaverroes.juntadeandalucia.es\/ieslosmolinosconil\/wp-json\/wp\/v2\/types\/page"}],"author":[{"embeddable":true,"href":"https:\/\/blogsaverroes.juntadeandalucia.es\/ieslosmolinosconil\/wp-json\/wp\/v2\/users\/1"}],"replies":[{"embeddable":true,"href":"https:\/\/blogsaverroes.juntadeandalucia.es\/ieslosmolinosconil\/wp-json\/wp\/v2\/comments?post=113"}],"version-history":[{"count":43,"href":"https:\/\/blogsaverroes.juntadeandalucia.es\/ieslosmolinosconil\/wp-json\/wp\/v2\/pages\/113\/revisions"}],"predecessor-version":[{"id":7616,"href":"https:\/\/blogsaverroes.juntadeandalucia.es\/ieslosmolinosconil\/wp-json\/wp\/v2\/pages\/113\/revisions\/7616"}],"wp:attachment":[{"href":"https:\/\/blogsaverroes.juntadeandalucia.es\/ieslosmolinosconil\/wp-json\/wp\/v2\/media?parent=113"}],"curies":[{"name":"wp","href":"https:\/\/api.w.org\/{rel}","templated":true}]}}

<p><span style="font-family: arial, helvetica, sans-serif"><strong> <img loading="lazy" decoding="async" class=" wp-image-7614 aligncenter" src="https://blogsaverroes.juntadeandalucia.es/ieslosmolinosconil/files/2025/02/4003629-01-300x273.png" alt="" width="385" height="350" srcset="https://blogsaverroes.juntadeandalucia.es/ieslosmolinosconil/files/2025/02/4003629-01-300x273.png 300w, https://blogsaverroes.juntadeandalucia.es/ieslosmolinosconil/files/2025/02/4003629-01.png 472w" sizes="(max-width: 385px) 100vw, 385px" /><br />
</strong></span></p>
<p><a href="https://www.juntadeandalucia.es/educacion/portals/web/igualdad/plan-igualdad"><strong>Plan de Igualdad</strong></a>: en el panorama educativo contemporáneo, la promoción de la igualdad de género ha emergido como una necesidad ineludible. Las instituciones educativas de la actualidad marcan un compromiso con la justicia social y los derechos humanos fundamentales y adoptan un enfoque pragmático y estratégico para abordar las disparidades y desigualdades arraigadas en nuestra sociedad. La Educación es un vehículo fundamental para transformar estas estructuras y prácticas sociales, ya que ha demostrado ser un motor fundamental del cambio social. Visita <a href="https://www.juntadeandalucia.es/educacion/portals/web/igualdad/inicio">el portal de igualdad.</a></p>
<p style="text-align: center">Para ver un resumen de las actividades realizadas, visita nuestras <span style="color: #800080"><a style="color: #800080" href="https://www.instagram.com/s/aGlnaGxpZ2h0OjE4MDEwMTA2MDUzNDk1MDgx?story_media_id=2979208871370128407&amp;igsh=MW12c2lzNWtmdXU4aQ=="><strong>historias destacadas</strong></a></span> en Instagram o las <span style="color: #993366"><strong>entradas</strong></span>:<br />
<a href="https://blogsaverroes.juntadeandalucia.es/ieslosmolinosconil/category/planes-y-programas/igualdad/">https://blogsaverroes.juntadeandalucia.es/ieslosmolinosconil/category/planes-y-programas/igualdad/&nbsp;</a></p>
<p style="text-align: center"><strong><span style="text-decoration: underline">Coordinación</span></strong>: Ana M. O.</p>

<p>Plan de Igualdad: en el panorama educativo contemporáneo, la promoción de la igualdad de género ha emergido como una necesidad ineludible. Las instituciones educativas de&hellip;</p>
