{"id":158,"date":"2018-10-10T22:30:33","date_gmt":"2018-10-10T21:30:33","guid":{"rendered":"http:\/\/blogsaverroes.juntadeandalucia.es\/pre\/ceip\/?page_id=158"},"modified":"2024-12-10T18:46:44","modified_gmt":"2024-12-10T17:46:44","slug":"matematicas","status":"publish","type":"page","link":"https:\/\/blogsaverroes.juntadeandalucia.es\/ieslosmolinosconil\/matematicas\/","title":{"rendered":"MATEM\u00c1TICAS"},"content":{"rendered":"<p>&nbsp;<\/p>\n<p style=\"text-align: center\"><a href=\"https:\/\/blogsaverroes.juntadeandalucia.es\/ieslosmolinosconil\/files\/2023\/09\/kisspng-mathematics-subtraction-addition-operation-mathema-maths-5b0faa4be4df23.1836823815277532919375.png\"><img loading=\"lazy\" decoding=\"async\" class=\"alignnone size-medium wp-image-6807\" src=\"https:\/\/blogsaverroes.juntadeandalucia.es\/ieslosmolinosconil\/files\/2023\/09\/kisspng-mathematics-subtraction-addition-operation-mathema-maths-5b0faa4be4df23.1836823815277532919375-300x258.png\" alt=\"\" width=\"300\" height=\"258\" srcset=\"https:\/\/blogsaverroes.juntadeandalucia.es\/ieslosmolinosconil\/files\/2023\/09\/kisspng-mathematics-subtraction-addition-operation-mathema-maths-5b0faa4be4df23.1836823815277532919375-300x258.png 300w, https:\/\/blogsaverroes.juntadeandalucia.es\/ieslosmolinosconil\/files\/2023\/09\/kisspng-mathematics-subtraction-addition-operation-mathema-maths-5b0faa4be4df23.1836823815277532919375-768x659.png 768w, https:\/\/blogsaverroes.juntadeandalucia.es\/ieslosmolinosconil\/files\/2023\/09\/kisspng-mathematics-subtraction-addition-operation-mathema-maths-5b0faa4be4df23.1836823815277532919375.png 1024w\" sizes=\"(max-width: 300px) 100vw, 300px\" \/><\/a><\/p>\n<p style=\"text-align: center\"><span style=\"font-family: verdana, geneva, sans-serif\"><strong><span style=\"color: #0000ff\">Departamento MATEM\u00c1TICAS<\/span><\/strong><\/span><\/p>\n<p style=\"text-align: center\"><span style=\"font-family: verdana, geneva, sans-serif\"><strong><span style=\"color: #0000ff\">IES LOS MOLINOS<\/span><\/strong><\/span><\/p>\n<p>&nbsp;<\/p>\n<p style=\"text-align: center\"><span style=\"color: #000000;font-family: verdana, geneva, sans-serif\"><strong>MIEMBROS DEL DEPARTAMENTO<\/strong><\/span><\/p>\n<p style=\"text-align: center\"><span style=\"font-family: verdana, geneva, sans-serif\">Jefa Dpto: Mar\u00eda del Roc\u00edo R. F.<\/span><\/p>\n<p style=\"text-align: center\"><span style=\"font-family: verdana, geneva, sans-serif\">Diego M. L.<\/span><\/p>\n<p style=\"text-align: center\"><span style=\"font-family: verdana, geneva, sans-serif\">\u00c1ngela C. F.<\/span><\/p>\n<p style=\"text-align: center\"><span style=\"font-family: verdana, geneva, sans-serif\">Juan Francisco P. S.<\/span><\/p>\n<p style=\"text-align: center\"><span style=\"font-family: verdana, geneva, sans-serif\">Antonino M. B.<\/span><\/p>\n<p style=\"text-align: center\">Criterios de evaluaci\u00f3n dpto. MATEM\u00c1TICAS:<\/p>\n<p style=\"text-align: center\"><a href=\"https:\/\/blogsaverroes.juntadeandalucia.es\/ieslosmolinosconil\/files\/2023\/06\/1\u00ba-ESO.pdf\">Criterios de evaluaci\u00f3n matem\u00e1ticas 1\u00ba ESO<\/a><\/p>\n<p style=\"text-align: center\"><a href=\"https:\/\/blogsaverroes.juntadeandalucia.es\/ieslosmolinosconil\/files\/2023\/06\/2\u00ba-ESO.pdf\">Criterios de evaluaci\u00f3n matem\u00e1ticas 2\u00ba ESO<\/a><\/p>\n<p style=\"text-align: center\"><a href=\"https:\/\/blogsaverroes.juntadeandalucia.es\/ieslosmolinosconil\/files\/2023\/06\/3\u00ba-ESO.pdf\">Criterios de evaluaci\u00f3n matem\u00e1ticas 3\u00ba ESO<\/a><\/p>\n<p style=\"text-align: center\"><a href=\"https:\/\/blogsaverroes.juntadeandalucia.es\/ieslosmolinosconil\/files\/2023\/06\/4\u00ba-ACADE\u0301MICAS.pdf\">Criterios de evaluaci\u00f3n matem\u00e1ticas 4\u00ba ACADE\u0301MICAS<\/a><\/p>\n<p style=\"text-align: center\"><a href=\"https:\/\/blogsaverroes.juntadeandalucia.es\/ieslosmolinosconil\/files\/2023\/06\/4\u00ba-APLICADAS.pdf\">Criterios de evaluaci\u00f3n matem\u00e1ticas 4\u00ba APLICADAS<\/a><\/p>\n<p>&nbsp;<\/p>\n<p>&nbsp;<\/p>\n","protected":false},"excerpt":{"rendered":"<p>&nbsp; Departamento MATEM\u00c1TICAS IES LOS MOLINOS &nbsp; MIEMBROS DEL DEPARTAMENTO Jefa Dpto: Mar\u00eda del Roc\u00edo R. F. Diego M. L. \u00c1ngela C. F. Juan Francisco&hellip;<\/p>\n","protected":false},"author":1,"featured_media":0,"parent":0,"menu_order":0,"comment_status":"closed","ping_status":"open","template":"","meta":{"ngg_post_thumbnail":0,"footnotes":"","_mc_calendar":[]},"aioseo_notices":[],"_links":{"self":[{"href":"https:\/\/blogsaverroes.juntadeandalucia.es\/ieslosmolinosconil\/wp-json\/wp\/v2\/pages\/158"}],"collection":[{"href":"https:\/\/blogsaverroes.juntadeandalucia.es\/ieslosmolinosconil\/wp-json\/wp\/v2\/pages"}],"about":[{"href":"https:\/\/blogsaverroes.juntadeandalucia.es\/ieslosmolinosconil\/wp-json\/wp\/v2\/types\/page"}],"author":[{"embeddable":true,"href":"https:\/\/blogsaverroes.juntadeandalucia.es\/ieslosmolinosconil\/wp-json\/wp\/v2\/users\/1"}],"replies":[{"embeddable":true,"href":"https:\/\/blogsaverroes.juntadeandalucia.es\/ieslosmolinosconil\/wp-json\/wp\/v2\/comments?post=158"}],"version-history":[{"count":16,"href":"https:\/\/blogsaverroes.juntadeandalucia.es\/ieslosmolinosconil\/wp-json\/wp\/v2\/pages\/158\/revisions"}],"predecessor-version":[{"id":7443,"href":"https:\/\/blogsaverroes.juntadeandalucia.es\/ieslosmolinosconil\/wp-json\/wp\/v2\/pages\/158\/revisions\/7443"}],"wp:attachment":[{"href":"https:\/\/blogsaverroes.juntadeandalucia.es\/ieslosmolinosconil\/wp-json\/wp\/v2\/media?parent=158"}],"curies":[{"name":"wp","href":"https:\/\/api.w.org\/{rel}","templated":true}]}}

MATEMÁTICAS

<p>&nbsp;</p>
<p style="text-align: center"><a href="https://blogsaverroes.juntadeandalucia.es/ieslosmolinosconil/files/2023/09/kisspng-mathematics-subtraction-addition-operation-mathema-maths-5b0faa4be4df23.1836823815277532919375.png"><img loading="lazy" decoding="async" class="alignnone size-medium wp-image-6807" src="https://blogsaverroes.juntadeandalucia.es/ieslosmolinosconil/files/2023/09/kisspng-mathematics-subtraction-addition-operation-mathema-maths-5b0faa4be4df23.1836823815277532919375-300x258.png" alt="" width="300" height="258" srcset="https://blogsaverroes.juntadeandalucia.es/ieslosmolinosconil/files/2023/09/kisspng-mathematics-subtraction-addition-operation-mathema-maths-5b0faa4be4df23.1836823815277532919375-300x258.png 300w, https://blogsaverroes.juntadeandalucia.es/ieslosmolinosconil/files/2023/09/kisspng-mathematics-subtraction-addition-operation-mathema-maths-5b0faa4be4df23.1836823815277532919375-768x659.png 768w, https://blogsaverroes.juntadeandalucia.es/ieslosmolinosconil/files/2023/09/kisspng-mathematics-subtraction-addition-operation-mathema-maths-5b0faa4be4df23.1836823815277532919375.png 1024w" sizes="(max-width: 300px) 100vw, 300px" /></a></p>
<p style="text-align: center"><span style="font-family: verdana, geneva, sans-serif"><strong><span style="color: #0000ff">Departamento MATEMÁTICAS</span></strong></span></p>
<p style="text-align: center"><span style="font-family: verdana, geneva, sans-serif"><strong><span style="color: #0000ff">IES LOS MOLINOS</span></strong></span></p>
<p>&nbsp;</p>
<p style="text-align: center"><span style="color: #000000;font-family: verdana, geneva, sans-serif"><strong>MIEMBROS DEL DEPARTAMENTO</strong></span></p>
<p style="text-align: center"><span style="font-family: verdana, geneva, sans-serif">Jefa Dpto: María del Rocío R. F.</span></p>
<p style="text-align: center"><span style="font-family: verdana, geneva, sans-serif">Diego M. L.</span></p>
<p style="text-align: center"><span style="font-family: verdana, geneva, sans-serif">Ángela C. F.</span></p>
<p style="text-align: center"><span style="font-family: verdana, geneva, sans-serif">Juan Francisco P. S.</span></p>
<p style="text-align: center"><span style="font-family: verdana, geneva, sans-serif">Antonino M. B.</span></p>
<p style="text-align: center">Criterios de evaluación dpto. MATEMÁTICAS:</p>
<p style="text-align: center"><a href="https://blogsaverroes.juntadeandalucia.es/ieslosmolinosconil/files/2023/06/1º-ESO.pdf">Criterios de evaluación matemáticas 1º ESO</a></p>
<p style="text-align: center"><a href="https://blogsaverroes.juntadeandalucia.es/ieslosmolinosconil/files/2023/06/2º-ESO.pdf">Criterios de evaluación matemáticas 2º ESO</a></p>
<p style="text-align: center"><a href="https://blogsaverroes.juntadeandalucia.es/ieslosmolinosconil/files/2023/06/3º-ESO.pdf">Criterios de evaluación matemáticas 3º ESO</a></p>
<p style="text-align: center"><a href="https://blogsaverroes.juntadeandalucia.es/ieslosmolinosconil/files/2023/06/4º-ACADÉMICAS.pdf">Criterios de evaluación matemáticas 4º ACADÉMICAS</a></p>
<p style="text-align: center"><a href="https://blogsaverroes.juntadeandalucia.es/ieslosmolinosconil/files/2023/06/4º-APLICADAS.pdf">Criterios de evaluación matemáticas 4º APLICADAS</a></p>
<p>&nbsp;</p>
<p>&nbsp;</p>

<p>&nbsp; Departamento MATEMÁTICAS IES LOS MOLINOS &nbsp; MIEMBROS DEL DEPARTAMENTO Jefa Dpto: María del Rocío R. F. Diego M. L. Ángela C. F. Juan Francisco&hellip;</p>
