{"id":6029,"date":"2023-03-02T23:12:58","date_gmt":"2023-03-02T22:12:58","guid":{"rendered":"http:\/\/blogsaverroes.juntadeandalucia.es\/ieslosmolinosconil\/?page_id=6029"},"modified":"2025-02-02T23:00:48","modified_gmt":"2025-02-02T22:00:48","slug":"escuela-espacio-de-paz","status":"publish","type":"page","link":"https:\/\/blogsaverroes.juntadeandalucia.es\/ieslosmolinosconil\/escuela-espacio-de-paz\/","title":{"rendered":"ESCUELA ESPACIO DE PAZ"},"content":{"rendered":"<p><img loading=\"lazy\" decoding=\"async\" class=\" wp-image-6574 aligncenter\" src=\"https:\/\/blogsaverroes.juntadeandalucia.es\/ieslosmolinosconil\/files\/2023\/05\/Logo-RAEEP-color-590x423-copia-300x215.jpg\" alt=\"\" width=\"331\" height=\"237\" srcset=\"https:\/\/blogsaverroes.juntadeandalucia.es\/ieslosmolinosconil\/files\/2023\/05\/Logo-RAEEP-color-590x423-copia-300x215.jpg 300w, https:\/\/blogsaverroes.juntadeandalucia.es\/ieslosmolinosconil\/files\/2023\/05\/Logo-RAEEP-color-590x423-copia.jpg 590w\" sizes=\"(max-width: 331px) 100vw, 331px\" \/><\/p>\n<p>En nuestro municipio, <a href=\"https:\/\/www.juntadeandalucia.es\/educacion\/portals\/web\/convivencia-escolar\/red-escuela-espacio-de-paz\">Red Andaluza \u00abEscuela Espacio de Paz\u00bb<\/a>, se&nbsp; gestiona con la modalidad INTERCENTROS. Coordin\u00e1ndose las actuaciones conjuntas de todos los centros educativos de la localidad. Para m\u00e1s informaci\u00f3n sobre Escuela Espacio de Paz.<\/p>\n<p style=\"text-align: center\"><span style=\"font-size: 12pt\">Para ver un <span style=\"text-decoration: underline\"><strong>resumen<\/strong><\/span> de las actividades realizadas, visita <a href=\"https:\/\/www.instagram.com\/s\/aGlnaGxpZ2h0OjE3ODQ4MzcwMjg1OTIxODQ3?story_media_id=2761212616850265026&amp;igsh=MTNrNnQzdjJyaGtnYw==\">nuestras <span style=\"color: #333399\"><strong>historias destacadas<\/strong><\/span> en Instagram<\/a> o <span style=\"color: #333399\"><strong>nuestras entradas<\/strong><\/span>: <a href=\"https:\/\/blogsaverroes.juntadeandalucia.es\/ieslosmolinosconil\/category\/planes-y-programas\/paz\/\">https:\/\/blogsaverroes.juntadeandalucia.es\/ieslosmolinosconil\/category\/planes-y-programas\/paz\/<\/a><\/span><\/p>\n<p style=\"text-align: center\"><span style=\"font-size: 12pt\"><strong><span style=\"text-decoration: underline\">Coordina<\/span>: <\/strong>M\u00aa Jes\u00fas B. L.&nbsp;<\/span><\/p>\n","protected":false},"excerpt":{"rendered":"<p>En nuestro municipio, Red Andaluza \u00abEscuela Espacio de Paz\u00bb, se&nbsp; gestiona con la modalidad INTERCENTROS. Coordin\u00e1ndose las actuaciones conjuntas de todos los centros educativos de&hellip;<\/p>\n","protected":false},"author":2976,"featured_media":6574,"parent":0,"menu_order":0,"comment_status":"closed","ping_status":"closed","template":"","meta":{"ngg_post_thumbnail":0,"footnotes":"","_mc_calendar":[]},"aioseo_notices":[],"_links":{"self":[{"href":"https:\/\/blogsaverroes.juntadeandalucia.es\/ieslosmolinosconil\/wp-json\/wp\/v2\/pages\/6029"}],"collection":[{"href":"https:\/\/blogsaverroes.juntadeandalucia.es\/ieslosmolinosconil\/wp-json\/wp\/v2\/pages"}],"about":[{"href":"https:\/\/blogsaverroes.juntadeandalucia.es\/ieslosmolinosconil\/wp-json\/wp\/v2\/types\/page"}],"author":[{"embeddable":true,"href":"https:\/\/blogsaverroes.juntadeandalucia.es\/ieslosmolinosconil\/wp-json\/wp\/v2\/users\/2976"}],"replies":[{"embeddable":true,"href":"https:\/\/blogsaverroes.juntadeandalucia.es\/ieslosmolinosconil\/wp-json\/wp\/v2\/comments?post=6029"}],"version-history":[{"count":18,"href":"https:\/\/blogsaverroes.juntadeandalucia.es\/ieslosmolinosconil\/wp-json\/wp\/v2\/pages\/6029\/revisions"}],"predecessor-version":[{"id":7619,"href":"https:\/\/blogsaverroes.juntadeandalucia.es\/ieslosmolinosconil\/wp-json\/wp\/v2\/pages\/6029\/revisions\/7619"}],"wp:featuredmedia":[{"embeddable":true,"href":"https:\/\/blogsaverroes.juntadeandalucia.es\/ieslosmolinosconil\/wp-json\/wp\/v2\/media\/6574"}],"wp:attachment":[{"href":"https:\/\/blogsaverroes.juntadeandalucia.es\/ieslosmolinosconil\/wp-json\/wp\/v2\/media?parent=6029"}],"curies":[{"name":"wp","href":"https:\/\/api.w.org\/{rel}","templated":true}]}}

<p><img loading="lazy" decoding="async" class=" wp-image-6574 aligncenter" src="https://blogsaverroes.juntadeandalucia.es/ieslosmolinosconil/files/2023/05/Logo-RAEEP-color-590x423-copia-300x215.jpg" alt="" width="331" height="237" srcset="https://blogsaverroes.juntadeandalucia.es/ieslosmolinosconil/files/2023/05/Logo-RAEEP-color-590x423-copia-300x215.jpg 300w, https://blogsaverroes.juntadeandalucia.es/ieslosmolinosconil/files/2023/05/Logo-RAEEP-color-590x423-copia.jpg 590w" sizes="(max-width: 331px) 100vw, 331px" /></p>
<p>En nuestro municipio, <a href="https://www.juntadeandalucia.es/educacion/portals/web/convivencia-escolar/red-escuela-espacio-de-paz">Red Andaluza «Escuela Espacio de Paz»</a>, se&nbsp; gestiona con la modalidad INTERCENTROS. Coordinándose las actuaciones conjuntas de todos los centros educativos de la localidad. Para más información sobre Escuela Espacio de Paz.</p>
<p style="text-align: center"><span style="font-size: 12pt">Para ver un <span style="text-decoration: underline"><strong>resumen</strong></span> de las actividades realizadas, visita <a href="https://www.instagram.com/s/aGlnaGxpZ2h0OjE3ODQ4MzcwMjg1OTIxODQ3?story_media_id=2761212616850265026&amp;igsh=MTNrNnQzdjJyaGtnYw==">nuestras <span style="color: #333399"><strong>historias destacadas</strong></span> en Instagram</a> o <span style="color: #333399"><strong>nuestras entradas</strong></span>: <a href="https://blogsaverroes.juntadeandalucia.es/ieslosmolinosconil/category/planes-y-programas/paz/">https://blogsaverroes.juntadeandalucia.es/ieslosmolinosconil/category/planes-y-programas/paz/</a></span></p>
<p style="text-align: center"><span style="font-size: 12pt"><strong><span style="text-decoration: underline">Coordina</span>: </strong>Mª Jesús B. L.&nbsp;</span></p>

<p>En nuestro municipio, Red Andaluza «Escuela Espacio de Paz», se&nbsp; gestiona con la modalidad INTERCENTROS. Coordinándose las actuaciones conjuntas de todos los centros educativos de&hellip;</p>
