{"id":335,"date":"2023-05-12T08:15:56","date_gmt":"2023-05-12T06:15:56","guid":{"rendered":"http:\/\/blogsaverroes.juntadeandalucia.es\/pre\/nuevoiesv2\/?page_id=335"},"modified":"2023-05-28T18:57:34","modified_gmt":"2023-05-28T16:57:34","slug":"biblioteca","status":"publish","type":"page","link":"https:\/\/blogsaverroes.juntadeandalucia.es\/ieslosneveros\/inicio\/biblioteca\/","title":{"rendered":"Biblioteca"},"content":{"rendered":"<p><img decoding=\"async\" class=\"alignnone size-medium wp-image-887 aligncenter\" src=\"https:\/\/blogsaverroes.juntadeandalucia.es\/ieslosneveros\/files\/2023\/05\/biblioteca-300x151.jpg\" alt=\"\" width=\"300\" height=\"151\" srcset=\"https:\/\/blogsaverroes.juntadeandalucia.es\/ieslosneveros\/files\/2023\/05\/biblioteca-300x151.jpg 300w, https:\/\/blogsaverroes.juntadeandalucia.es\/ieslosneveros\/files\/2023\/05\/biblioteca-768x387.jpg 768w, https:\/\/blogsaverroes.juntadeandalucia.es\/ieslosneveros\/files\/2023\/05\/biblioteca.jpg 880w\" sizes=\"(max-width: 300px) 100vw, 300px\" \/><\/p>\n<p><strong>Nuria Bachs, compa\u00f1era y amiga, ense\u00f1\u00f3 aqu\u00ed. <\/strong><\/p>\n<p><strong>Adem\u00e1s de hacer que sus alumnos y alumnas amasen las Matem\u00e1ticas, les ayud\u00f3 a crecer y a ir convirti\u00e9ndose, d\u00eda a d\u00eda, en mejores personas.<\/strong><\/p>\n<p><strong>Tambi\u00e9n sus compa\u00f1eros y compa\u00f1eras, los que tuvimos la suerte de trabajar a su lado, nos aprovechamos de esa ense\u00f1anza vital que ella sab\u00eda compartir tan generosamente.<\/strong><\/p>\n<p><strong>Su nombre, Nuria, influenciado por el nombre \u00e1rabe de Nuriya -aquella que es luminosa-, reflejaba fielmente su car\u00e1cter y la describe tal y como tuvimos el placer de conocerla.<\/strong><\/p>\n<p><strong>Con su generosidad, sus atenciones, su alegr\u00eda, su cuidado a todo aquel que pudiese necesitarlo, nos dio un poco de s\u00ed misma por lo que siempre la llevaremos con nosotros.<\/strong><\/p>\n<p><strong>Adem\u00e1s de ocuparse directamente de todos los que la rodearon, dedic\u00f3 su tiempo y esfuerzo a colaborar en que el entorno de estas personas fuese rico en posibilidades de aprendizaje y de crecimiento. As\u00ed, junto con nuestra compa\u00f1era M\u00aa Dolores Vergel, se encarg\u00f3 de la organizaci\u00f3n y puesta en marcha de la biblioteca de nuestro Centro.<\/strong><\/p>\n<p><strong>Por todo esto, la comunidad del IES Los Neveros quiere rendir este homenaje a nuestra compa\u00f1era Nuria, d\u00e1ndole a la Biblioteca su nombre para que quede en el recuerdo del Centro su importante contribuci\u00f3n.<\/strong><\/p>\n<p><strong>D\u00f1a. Bel\u00e9n Cobo Merino.<\/strong><strong><br \/>\n<\/strong><\/p>\n","protected":false},"excerpt":{"rendered":"<p>Nuria Bachs, compa\u00f1era y amiga, ense\u00f1\u00f3 aqu\u00ed. Adem\u00e1s de hacer que sus alumnos y alumnas amasen las Matem\u00e1ticas, les ayud\u00f3 a crecer y a ir convirti\u00e9ndose, d\u00eda a d\u00eda, en&#46;&#46;&#46;<\/p>\n","protected":false},"author":13587,"featured_media":0,"parent":41,"menu_order":0,"comment_status":"closed","ping_status":"closed","template":"page-templates\/child-menu.php","meta":{"ngg_post_thumbnail":0,"footnotes":""},"aioseo_notices":[],"_links":{"self":[{"href":"https:\/\/blogsaverroes.juntadeandalucia.es\/ieslosneveros\/wp-json\/wp\/v2\/pages\/335"}],"collection":[{"href":"https:\/\/blogsaverroes.juntadeandalucia.es\/ieslosneveros\/wp-json\/wp\/v2\/pages"}],"about":[{"href":"https:\/\/blogsaverroes.juntadeandalucia.es\/ieslosneveros\/wp-json\/wp\/v2\/types\/page"}],"author":[{"embeddable":true,"href":"https:\/\/blogsaverroes.juntadeandalucia.es\/ieslosneveros\/wp-json\/wp\/v2\/users\/13587"}],"replies":[{"embeddable":true,"href":"https:\/\/blogsaverroes.juntadeandalucia.es\/ieslosneveros\/wp-json\/wp\/v2\/comments?post=335"}],"version-history":[{"count":13,"href":"https:\/\/blogsaverroes.juntadeandalucia.es\/ieslosneveros\/wp-json\/wp\/v2\/pages\/335\/revisions"}],"predecessor-version":[{"id":888,"href":"https:\/\/blogsaverroes.juntadeandalucia.es\/ieslosneveros\/wp-json\/wp\/v2\/pages\/335\/revisions\/888"}],"up":[{"embeddable":true,"href":"https:\/\/blogsaverroes.juntadeandalucia.es\/ieslosneveros\/wp-json\/wp\/v2\/pages\/41"}],"wp:attachment":[{"href":"https:\/\/blogsaverroes.juntadeandalucia.es\/ieslosneveros\/wp-json\/wp\/v2\/media?parent=335"}],"curies":[{"name":"wp","href":"https:\/\/api.w.org\/{rel}","templated":true}]}}