{"id":687,"date":"2023-05-24T22:40:42","date_gmt":"2023-05-24T20:40:42","guid":{"rendered":"https:\/\/blogsaverroes.juntadeandalucia.es\/ieslosneveros\/?page_id=687"},"modified":"2025-09-25T10:53:10","modified_gmt":"2025-09-25T08:53:10","slug":"matematicas","status":"publish","type":"page","link":"https:\/\/blogsaverroes.juntadeandalucia.es\/ieslosneveros\/matematicas\/","title":{"rendered":"Matem\u00e1ticas"},"content":{"rendered":"<p><em><strong>Miembros del departamento:<\/strong><\/em><\/p>\n<p class=\"western\" align=\"justify\"><span style=\"font-family: Times New Roman, serif\">Manuel Antonio P\u00e9rez Alguacil (Jefe del Departamento)<\/span><span style=\"font-family: Times New Roman, serif\"><br \/>\n<\/span><span style=\"font-family: Times New Roman, serif\">Pablo Viedma Carrillo<\/span><span style=\"font-family: Times New Roman, serif\"><br \/>\n<span style=\"font-family: times new roman, times, serif\">Andr\u00e9s L\u00f3pez Martos<\/span><br \/>\nDiego Adelantado Sospedra<br \/>\nAndr\u00e9s Iribarren Mar\u00edn<br \/>\nPilar Jaldo Ruiz<br \/>\nArantxa Pastor Z\u00fa\u00f1iga (Econom\u00eda)<br \/>\n<\/span><\/p>\n<p align=\"justify\"><a href=\"https:\/\/blogsaverroes.juntadeandalucia.es\/ieslosneveros\/files\/2023\/05\/PD-1\u00ba-22-23.pdf\">Programaci\u00f3n Matem\u00e1ticas ( parte 1)<\/a><\/p>\n<p class=\"western\" align=\"justify\"><span style=\"font-family: Times New Roman, serif\"><a href=\"https:\/\/blogsaverroes.juntadeandalucia.es\/ieslosneveros\/files\/2023\/05\/ProgMates_2\u00baeso2223.pdf\">Programaci\u00f3n Matem\u00e1ticas ( parte 2)<\/a> <\/span><\/p>\n<p class=\"western\" align=\"justify\"><span style=\"font-family: Times New Roman, serif\"><a href=\"https:\/\/blogsaverroes.juntadeandalucia.es\/ieslosneveros\/files\/2023\/05\/ProgMates_4\u00ba_aplicadas2223.pdf\">Programaci\u00f3n Matem\u00e1ticas ( parte 3)<\/a><\/span><\/p>\n<p><span style=\"font-family: Times New Roman, serif\"> <a href=\"https:\/\/blogsaverroes.juntadeandalucia.es\/ieslosneveros\/files\/2023\/05\/ProgMates_4\u00ba_acade\u0301micas2223.pdf\">Programaci\u00f3n Matem\u00e1ticas ( parte 4)<\/a><\/span><\/p>\n<p class=\"western\" align=\"justify\"><span style=\"font-family: Times New Roman, serif\"><a href=\"https:\/\/blogsaverroes.juntadeandalucia.es\/ieslosneveros\/files\/2023\/05\/PD-3\u00ba-22-23.pdf\">Programaci\u00f3n Matem\u00e1ticas ( parte 5)<\/a><\/span><\/p>\n","protected":false},"excerpt":{"rendered":"<p>Miembros del departamento: Manuel Antonio P\u00e9rez Alguacil (Jefe del Departamento) Pablo Viedma Carrillo Andr\u00e9s L\u00f3pez Martos Diego Adelantado Sospedra Andr\u00e9s Iribarren Mar\u00edn Pilar Jaldo Ruiz Arantxa Pastor Z\u00fa\u00f1iga (Econom\u00eda) Programaci\u00f3n&#46;&#46;&#46;<\/p>\n","protected":false},"author":18021,"featured_media":0,"parent":0,"menu_order":0,"comment_status":"closed","ping_status":"closed","template":"","meta":{"ngg_post_thumbnail":0,"footnotes":""},"aioseo_notices":[],"_links":{"self":[{"href":"https:\/\/blogsaverroes.juntadeandalucia.es\/ieslosneveros\/wp-json\/wp\/v2\/pages\/687"}],"collection":[{"href":"https:\/\/blogsaverroes.juntadeandalucia.es\/ieslosneveros\/wp-json\/wp\/v2\/pages"}],"about":[{"href":"https:\/\/blogsaverroes.juntadeandalucia.es\/ieslosneveros\/wp-json\/wp\/v2\/types\/page"}],"author":[{"embeddable":true,"href":"https:\/\/blogsaverroes.juntadeandalucia.es\/ieslosneveros\/wp-json\/wp\/v2\/users\/18021"}],"replies":[{"embeddable":true,"href":"https:\/\/blogsaverroes.juntadeandalucia.es\/ieslosneveros\/wp-json\/wp\/v2\/comments?post=687"}],"version-history":[{"count":8,"href":"https:\/\/blogsaverroes.juntadeandalucia.es\/ieslosneveros\/wp-json\/wp\/v2\/pages\/687\/revisions"}],"predecessor-version":[{"id":1965,"href":"https:\/\/blogsaverroes.juntadeandalucia.es\/ieslosneveros\/wp-json\/wp\/v2\/pages\/687\/revisions\/1965"}],"wp:attachment":[{"href":"https:\/\/blogsaverroes.juntadeandalucia.es\/ieslosneveros\/wp-json\/wp\/v2\/media?parent=687"}],"curies":[{"name":"wp","href":"https:\/\/api.w.org\/{rel}","templated":true}]}}

Matemáticas

<p><em><strong>Miembros del departamento:</strong></em></p>
<p class="western" align="justify"><span style="font-family: Times New Roman, serif">Manuel Antonio Pérez Alguacil (Jefe del Departamento)</span><span style="font-family: Times New Roman, serif"><br />
</span><span style="font-family: Times New Roman, serif">Pablo Viedma Carrillo</span><span style="font-family: Times New Roman, serif"><br />
<span style="font-family: times new roman, times, serif">Andrés López Martos</span><br />
Diego Adelantado Sospedra<br />
Andrés Iribarren Marín<br />
Pilar Jaldo Ruiz<br />
Arantxa Pastor Zúñiga (Economía)<br />
</span></p>
<p align="justify"><a href="https://blogsaverroes.juntadeandalucia.es/ieslosneveros/files/2023/05/PD-1º-22-23.pdf">Programación Matemáticas ( parte 1)</a></p>
<p class="western" align="justify"><span style="font-family: Times New Roman, serif"><a href="https://blogsaverroes.juntadeandalucia.es/ieslosneveros/files/2023/05/ProgMates_2ºeso2223.pdf">Programación Matemáticas ( parte 2)</a> </span></p>
<p class="western" align="justify"><span style="font-family: Times New Roman, serif"><a href="https://blogsaverroes.juntadeandalucia.es/ieslosneveros/files/2023/05/ProgMates_4º_aplicadas2223.pdf">Programación Matemáticas ( parte 3)</a></span></p>
<p><span style="font-family: Times New Roman, serif"> <a href="https://blogsaverroes.juntadeandalucia.es/ieslosneveros/files/2023/05/ProgMates_4º_académicas2223.pdf">Programación Matemáticas ( parte 4)</a></span></p>
<p class="western" align="justify"><span style="font-family: Times New Roman, serif"><a href="https://blogsaverroes.juntadeandalucia.es/ieslosneveros/files/2023/05/PD-3º-22-23.pdf">Programación Matemáticas ( parte 5)</a></span></p>

<p>Miembros del departamento: Manuel Antonio Pérez Alguacil (Jefe del Departamento) Pablo Viedma Carrillo Andrés López Martos Diego Adelantado Sospedra Andrés Iribarren Marín Pilar Jaldo Ruiz Arantxa Pastor Zúñiga (Economía) Programación&#46;&#46;&#46;</p>
