{"id":747,"date":"2023-05-25T13:26:37","date_gmt":"2023-05-25T11:26:37","guid":{"rendered":"https:\/\/blogsaverroes.juntadeandalucia.es\/ieslosneveros\/?page_id=747"},"modified":"2023-10-20T11:14:31","modified_gmt":"2023-10-20T09:14:31","slug":"musica","status":"publish","type":"page","link":"https:\/\/blogsaverroes.juntadeandalucia.es\/ieslosneveros\/musica\/","title":{"rendered":"M\u00fasica"},"content":{"rendered":"<p><em><strong>Miembros del departamento:<\/strong><\/em><\/p>\n<p><span style=\"font-family: Times New Roman, serif\">Juan de Dios Rodr\u00edguez Bail\u00f3n&nbsp; (Jefe de departamento)<\/span><\/p>\n<p align=\"justify\"><a title=\"Programaci\u00f3n de M\u00fasica\" href=\"https:\/\/blogsaverroes.juntadeandalucia.es\/ieslosneveros\/files\/2023\/05\/Prog-Mu\u00ecsica.pdf\">Programaci\u00f3n de M\u00fasica<\/a><\/p>\n","protected":false},"excerpt":{"rendered":"<p>Miembros del departamento: Juan de Dios Rodr\u00edguez Bail\u00f3n&nbsp; (Jefe de departamento) Programaci\u00f3n de M\u00fasica<\/p>\n","protected":false},"author":18021,"featured_media":0,"parent":0,"menu_order":0,"comment_status":"closed","ping_status":"closed","template":"","meta":{"ngg_post_thumbnail":0,"footnotes":""},"aioseo_notices":[],"_links":{"self":[{"href":"https:\/\/blogsaverroes.juntadeandalucia.es\/ieslosneveros\/wp-json\/wp\/v2\/pages\/747"}],"collection":[{"href":"https:\/\/blogsaverroes.juntadeandalucia.es\/ieslosneveros\/wp-json\/wp\/v2\/pages"}],"about":[{"href":"https:\/\/blogsaverroes.juntadeandalucia.es\/ieslosneveros\/wp-json\/wp\/v2\/types\/page"}],"author":[{"embeddable":true,"href":"https:\/\/blogsaverroes.juntadeandalucia.es\/ieslosneveros\/wp-json\/wp\/v2\/users\/18021"}],"replies":[{"embeddable":true,"href":"https:\/\/blogsaverroes.juntadeandalucia.es\/ieslosneveros\/wp-json\/wp\/v2\/comments?post=747"}],"version-history":[{"count":4,"href":"https:\/\/blogsaverroes.juntadeandalucia.es\/ieslosneveros\/wp-json\/wp\/v2\/pages\/747\/revisions"}],"predecessor-version":[{"id":1228,"href":"https:\/\/blogsaverroes.juntadeandalucia.es\/ieslosneveros\/wp-json\/wp\/v2\/pages\/747\/revisions\/1228"}],"wp:attachment":[{"href":"https:\/\/blogsaverroes.juntadeandalucia.es\/ieslosneveros\/wp-json\/wp\/v2\/media?parent=747"}],"curies":[{"name":"wp","href":"https:\/\/api.w.org\/{rel}","templated":true}]}}

Música

<p><em><strong>Miembros del departamento:</strong></em></p>
<p><span style="font-family: Times New Roman, serif">Juan de Dios Rodríguez Bailón&nbsp; (Jefe de departamento)</span></p>
<p align="justify"><a title="Programación de Música" href="https://blogsaverroes.juntadeandalucia.es/ieslosneveros/files/2023/05/Prog-Muìsica.pdf">Programación de Música</a></p>

<p>Miembros del departamento: Juan de Dios Rodríguez Bailón&nbsp; (Jefe de departamento) Programación de Música</p>
