{"id":748,"date":"2023-05-25T13:26:37","date_gmt":"2023-05-25T11:26:37","guid":{"rendered":"https:\/\/blogsaverroes.juntadeandalucia.es\/ieslosneveros\/?page_id=748"},"modified":"2025-09-25T10:13:49","modified_gmt":"2025-09-25T08:13:49","slug":"lengua-castellana","status":"publish","type":"page","link":"https:\/\/blogsaverroes.juntadeandalucia.es\/ieslosneveros\/lengua-castellana\/","title":{"rendered":"Lengua Castellana"},"content":{"rendered":"<p><em><strong>Miembros del departamento:<\/strong><\/em><\/p>\n<p class=\"western\">Angustias S\u00e1nchez Guill\u00e9n ( Jefa de departamento)<br \/>\nJos\u00e9 Cabrera Martos<br \/>\nDami\u00e1n Carrera Reyes<br \/>\nVirginia Villegas Palacios<br \/>\nNatalia Pel\u00e1ez Torcuato<br \/>\nJuan Carlos Su\u00e1rez Fern\u00e1ndez<br \/>\nEnriqueta Alcoba Ram\u00edrez (Cultura Cl\u00e1sica)<br \/>\nMar\u00eda Isabel Motos Fern\u00e1ndez (Filosof\u00eda)<\/p>\n<p><a href=\"https:\/\/blogsaverroes.juntadeandalucia.es\/ieslosneveros\/files\/2023\/05\/PROGRAMACI\u00d3N-Dto.-LENGUA-22-23.pdf\">Programaci\u00f3n de Lengua<\/a><\/p>\n","protected":false},"excerpt":{"rendered":"<p>Miembros del departamento: Angustias S\u00e1nchez Guill\u00e9n ( Jefa de departamento) Jos\u00e9 Cabrera Martos Dami\u00e1n Carrera Reyes Virginia Villegas Palacios Natalia Pel\u00e1ez Torcuato Juan Carlos Su\u00e1rez Fern\u00e1ndez Enriqueta Alcoba Ram\u00edrez (Cultura&#46;&#46;&#46;<\/p>\n","protected":false},"author":18021,"featured_media":0,"parent":0,"menu_order":0,"comment_status":"closed","ping_status":"closed","template":"","meta":{"ngg_post_thumbnail":0,"footnotes":""},"aioseo_notices":[],"_links":{"self":[{"href":"https:\/\/blogsaverroes.juntadeandalucia.es\/ieslosneveros\/wp-json\/wp\/v2\/pages\/748"}],"collection":[{"href":"https:\/\/blogsaverroes.juntadeandalucia.es\/ieslosneveros\/wp-json\/wp\/v2\/pages"}],"about":[{"href":"https:\/\/blogsaverroes.juntadeandalucia.es\/ieslosneveros\/wp-json\/wp\/v2\/types\/page"}],"author":[{"embeddable":true,"href":"https:\/\/blogsaverroes.juntadeandalucia.es\/ieslosneveros\/wp-json\/wp\/v2\/users\/18021"}],"replies":[{"embeddable":true,"href":"https:\/\/blogsaverroes.juntadeandalucia.es\/ieslosneveros\/wp-json\/wp\/v2\/comments?post=748"}],"version-history":[{"count":6,"href":"https:\/\/blogsaverroes.juntadeandalucia.es\/ieslosneveros\/wp-json\/wp\/v2\/pages\/748\/revisions"}],"predecessor-version":[{"id":1961,"href":"https:\/\/blogsaverroes.juntadeandalucia.es\/ieslosneveros\/wp-json\/wp\/v2\/pages\/748\/revisions\/1961"}],"wp:attachment":[{"href":"https:\/\/blogsaverroes.juntadeandalucia.es\/ieslosneveros\/wp-json\/wp\/v2\/media?parent=748"}],"curies":[{"name":"wp","href":"https:\/\/api.w.org\/{rel}","templated":true}]}}

<p><em><strong>Miembros del departamento:</strong></em></p>
<p class="western">Angustias Sánchez Guillén ( Jefa de departamento)<br />
José Cabrera Martos<br />
Damián Carrera Reyes<br />
Virginia Villegas Palacios<br />
Natalia Peláez Torcuato<br />
Juan Carlos Suárez Fernández<br />
Enriqueta Alcoba Ramírez (Cultura Clásica)<br />
María Isabel Motos Fernández (Filosofía)</p>
<p><a href="https://blogsaverroes.juntadeandalucia.es/ieslosneveros/files/2023/05/PROGRAMACIÓN-Dto.-LENGUA-22-23.pdf">Programación de Lengua</a></p>

<p>Miembros del departamento: Angustias Sánchez Guillén ( Jefa de departamento) José Cabrera Martos Damián Carrera Reyes Virginia Villegas Palacios Natalia Peláez Torcuato Juan Carlos Suárez Fernández Enriqueta Alcoba Ramírez (Cultura&#46;&#46;&#46;</p>
