{"id":829,"date":"2023-05-26T19:27:19","date_gmt":"2023-05-26T17:27:19","guid":{"rendered":"https:\/\/blogsaverroes.juntadeandalucia.es\/ieslosneveros\/?page_id=829"},"modified":"2025-09-25T09:59:39","modified_gmt":"2025-09-25T07:59:39","slug":"geografia-e-historia","status":"publish","type":"page","link":"https:\/\/blogsaverroes.juntadeandalucia.es\/ieslosneveros\/geografia-e-historia\/","title":{"rendered":"Geograf\u00eda e Historia"},"content":{"rendered":"<p><strong><em>Miembros del departamento:<br \/>\n<\/em><\/strong><\/p>\n<p><span style=\"font-size: 12pt;font-family: georgia, palatino, serif\"><span style=\"color: #000000\">Fernandez Iglesias, Fernando (Jefe de departamento)<br \/>\nN\u00fa\u00f1ez Delgado, Montserrat<br \/>\nPolo Zamora, Manuel<br \/>\n<\/span>Gurrea Guerrero, Elena<\/span><br \/>\n<span style=\"font-size: 12pt;font-family: georgia, palatino, serif\">Kayser Guti\u00e9rrez, Ana Bel\u00e9n<\/span><\/p>\n<p><a href=\"https:\/\/blogsaverroes.juntadeandalucia.es\/ieslosneveros\/files\/2023\/05\/Programaciones-Geograf\u00eda-e-Historia.zip\">Programaci\u00f3n de Geograf\u00eda e Historia<\/a><\/p>\n","protected":false},"excerpt":{"rendered":"<p>Miembros del departamento: Fernandez Iglesias, Fernando (Jefe de departamento) N\u00fa\u00f1ez Delgado, Montserrat Polo Zamora, Manuel Gurrea Guerrero, Elena Kayser Guti\u00e9rrez, Ana Bel\u00e9n Programaci\u00f3n de Geograf\u00eda e Historia<\/p>\n","protected":false},"author":18021,"featured_media":0,"parent":0,"menu_order":0,"comment_status":"closed","ping_status":"closed","template":"","meta":{"ngg_post_thumbnail":0,"footnotes":""},"aioseo_notices":[],"_links":{"self":[{"href":"https:\/\/blogsaverroes.juntadeandalucia.es\/ieslosneveros\/wp-json\/wp\/v2\/pages\/829"}],"collection":[{"href":"https:\/\/blogsaverroes.juntadeandalucia.es\/ieslosneveros\/wp-json\/wp\/v2\/pages"}],"about":[{"href":"https:\/\/blogsaverroes.juntadeandalucia.es\/ieslosneveros\/wp-json\/wp\/v2\/types\/page"}],"author":[{"embeddable":true,"href":"https:\/\/blogsaverroes.juntadeandalucia.es\/ieslosneveros\/wp-json\/wp\/v2\/users\/18021"}],"replies":[{"embeddable":true,"href":"https:\/\/blogsaverroes.juntadeandalucia.es\/ieslosneveros\/wp-json\/wp\/v2\/comments?post=829"}],"version-history":[{"count":9,"href":"https:\/\/blogsaverroes.juntadeandalucia.es\/ieslosneveros\/wp-json\/wp\/v2\/pages\/829\/revisions"}],"predecessor-version":[{"id":1959,"href":"https:\/\/blogsaverroes.juntadeandalucia.es\/ieslosneveros\/wp-json\/wp\/v2\/pages\/829\/revisions\/1959"}],"wp:attachment":[{"href":"https:\/\/blogsaverroes.juntadeandalucia.es\/ieslosneveros\/wp-json\/wp\/v2\/media?parent=829"}],"curies":[{"name":"wp","href":"https:\/\/api.w.org\/{rel}","templated":true}]}}