{"id":178,"date":"2024-03-01T07:56:43","date_gmt":"2024-03-01T06:56:43","guid":{"rendered":"http:\/\/blogsaverroes.juntadeandalucia.es\/pre\/ceip\/?page_id=178"},"modified":"2025-01-03T20:46:22","modified_gmt":"2025-01-03T19:46:22","slug":"orientacion-3","status":"publish","type":"page","link":"https:\/\/blogsaverroes.juntadeandalucia.es\/iesluzdelmar\/orientacion-3\/","title":{"rendered":"Orientaci\u00f3n"},"content":{"rendered":"<h2><img loading=\"lazy\" decoding=\"async\" class=\"aligncenter size-medium wp-image-2155\" src=\"https:\/\/blogsaverroes.juntadeandalucia.es\/iesluzdelmar\/files\/2015\/03\/orientacion-300x221.jpg\" alt=\"orientacion\" width=\"300\" height=\"221\" srcset=\"https:\/\/blogsaverroes.juntadeandalucia.es\/iesluzdelmar\/files\/2015\/03\/orientacion-300x221.jpg 300w, https:\/\/blogsaverroes.juntadeandalucia.es\/iesluzdelmar\/files\/2015\/03\/orientacion.jpg 640w\" sizes=\"(max-width: 300px) 100vw, 300px\" \/><\/h2>\n<p>&nbsp;<\/p>\n<h4>Orientaci\u00f3n educativa<\/h4>\n<p>La orientaci\u00f3n contribuye al desarrollo de las facetas personal, acad\u00e9mica y profesional de los alumnos y alumnas. Es un proceso en el que deben involucrarse las familias y para el cual pueden acudir a los tutores y al asesoramiento y apoyo de los orientadores de los centros educativos. Entre sus objetivos principales se encuentran los siguientes:<\/p>\n<ul>\n<li>Resolver problemas de la vida acad\u00e9mica, como dificultades durante el proceso de aprendizaje, ausencia de motivaci\u00f3n, etc.<\/li>\n<li>Tomar decisiones sobre itinerarios de estudio e incorporaci\u00f3n al mundo laboral.<\/li>\n<li>Convivencia y educaci\u00f3n en valores.<\/li>\n<\/ul>\n<p>Puedes encontrar toda la informaci\u00f3n en este documento:<\/p>\n<ul>\n<li><a href=\"https:\/\/blogsaverroes.juntadeandalucia.es\/iesluzdelmar\/files\/2024\/03\/Orientaci\u00f3n-Acad\u00e9mica-4\u00baESO.pdf\" target=\"_blank\" rel=\"noopener noreferrer\">Despu\u00e9s de la ESO, \u00bfQu\u00e9?<\/a><\/li>\n<\/ul>\n<h2><span style=\"color: #993366\"><strong><a style=\"color: #993366\" href=\"https:\/\/blogsaverroes.juntadeandalucia.es\/iesluzdelmar\/files\/2024\/05\/Diversificacion-Curricular_23_24.pdf\">Programaci\u00f3n Diversificaci\u00f3n Curricular curso 2024\/2025<\/a><\/strong><\/span><\/h2>\n<h2><a href=\"https:\/\/blogsaverroes.juntadeandalucia.es\/iesluzdelmar\/files\/2024\/12\/ApSocialE_24-25.pdf\"><span style=\"color: #993366\"><strong><span style=\"text-decoration: underline\">Programaci\u00f3n Aprendizaje Social y Emocional 2024\/2025<\/span><\/strong><\/span><\/a><\/h2>\n","protected":false},"excerpt":{"rendered":"<p>&nbsp; Orientaci\u00f3n educativa La orientaci\u00f3n contribuye al desarrollo de las facetas personal, acad\u00e9mica y profesional de los alumnos y alumnas. Es un proceso en el&hellip;<\/p>\n","protected":false},"author":1,"featured_media":0,"parent":0,"menu_order":0,"comment_status":"closed","ping_status":"open","template":"page-c.php","meta":{"ngg_post_thumbnail":0,"footnotes":"","_mc_calendar":[]},"aioseo_notices":[],"_links":{"self":[{"href":"https:\/\/blogsaverroes.juntadeandalucia.es\/iesluzdelmar\/wp-json\/wp\/v2\/pages\/178"}],"collection":[{"href":"https:\/\/blogsaverroes.juntadeandalucia.es\/iesluzdelmar\/wp-json\/wp\/v2\/pages"}],"about":[{"href":"https:\/\/blogsaverroes.juntadeandalucia.es\/iesluzdelmar\/wp-json\/wp\/v2\/types\/page"}],"author":[{"embeddable":true,"href":"https:\/\/blogsaverroes.juntadeandalucia.es\/iesluzdelmar\/wp-json\/wp\/v2\/users\/1"}],"replies":[{"embeddable":true,"href":"https:\/\/blogsaverroes.juntadeandalucia.es\/iesluzdelmar\/wp-json\/wp\/v2\/comments?post=178"}],"version-history":[{"count":17,"href":"https:\/\/blogsaverroes.juntadeandalucia.es\/iesluzdelmar\/wp-json\/wp\/v2\/pages\/178\/revisions"}],"predecessor-version":[{"id":6142,"href":"https:\/\/blogsaverroes.juntadeandalucia.es\/iesluzdelmar\/wp-json\/wp\/v2\/pages\/178\/revisions\/6142"}],"wp:attachment":[{"href":"https:\/\/blogsaverroes.juntadeandalucia.es\/iesluzdelmar\/wp-json\/wp\/v2\/media?parent=178"}],"curies":[{"name":"wp","href":"https:\/\/api.w.org\/{rel}","templated":true}]}}

Orientación

<h2><img loading="lazy" decoding="async" class="aligncenter size-medium wp-image-2155" src="https://blogsaverroes.juntadeandalucia.es/iesluzdelmar/files/2015/03/orientacion-300x221.jpg" alt="orientacion" width="300" height="221" srcset="https://blogsaverroes.juntadeandalucia.es/iesluzdelmar/files/2015/03/orientacion-300x221.jpg 300w, https://blogsaverroes.juntadeandalucia.es/iesluzdelmar/files/2015/03/orientacion.jpg 640w" sizes="(max-width: 300px) 100vw, 300px" /></h2>
<p>&nbsp;</p>
<h4>Orientación educativa</h4>
<p>La orientación contribuye al desarrollo de las facetas personal, académica y profesional de los alumnos y alumnas. Es un proceso en el que deben involucrarse las familias y para el cual pueden acudir a los tutores y al asesoramiento y apoyo de los orientadores de los centros educativos. Entre sus objetivos principales se encuentran los siguientes:</p>
<ul>
<li>Resolver problemas de la vida académica, como dificultades durante el proceso de aprendizaje, ausencia de motivación, etc.</li>
<li>Tomar decisiones sobre itinerarios de estudio e incorporación al mundo laboral.</li>
<li>Convivencia y educación en valores.</li>
</ul>
<p>Puedes encontrar toda la información en este documento:</p>
<ul>
<li><a href="https://blogsaverroes.juntadeandalucia.es/iesluzdelmar/files/2024/03/Orientación-Académica-4ºESO.pdf" target="_blank" rel="noopener noreferrer">Después de la ESO, ¿Qué?</a></li>
</ul>
<h2><span style="color: #993366"><strong><a style="color: #993366" href="https://blogsaverroes.juntadeandalucia.es/iesluzdelmar/files/2024/05/Diversificacion-Curricular_23_24.pdf">Programación Diversificación Curricular curso 2024/2025</a></strong></span></h2>
<h2><a href="https://blogsaverroes.juntadeandalucia.es/iesluzdelmar/files/2024/12/ApSocialE_24-25.pdf"><span style="color: #993366"><strong><span style="text-decoration: underline">Programación Aprendizaje Social y Emocional 2024/2025</span></strong></span></a></h2>

<p>&nbsp; Orientación educativa La orientación contribuye al desarrollo de las facetas personal, académica y profesional de los alumnos y alumnas. Es un proceso en el&hellip;</p>
