{"id":2590,"date":"2018-09-26T10:24:35","date_gmt":"2018-09-26T10:24:35","guid":{"rendered":"https:\/\/blogsaverroes.juntadeandalucia.es\/iesluzdelmar\/?page_id=2590"},"modified":"2018-11-30T09:48:08","modified_gmt":"2018-11-30T09:48:08","slug":"plan-de-igualdad","status":"publish","type":"page","link":"https:\/\/blogsaverroes.juntadeandalucia.es\/iesluzdelmar\/plan-de-igualdad\/","title":{"rendered":"Plan de Igualdad"},"content":{"rendered":"<p>El d\u00eda 26 de noviembre se conmemor\u00f3 en nuestro centro el d\u00eda de la no violencia contra la mujer, este es el manifiesto que las alumnas escribieron:<\/p>\n<p style=\"text-align: center\"><strong><em>Hola, me llamo Marta, tengo 15 a\u00f1os, soy una chica maltratada y este es mi manifiesto:<\/em><\/strong><br \/>\n<strong> <em>Estuve callada mucho tiempo, me sent\u00ed avergonzada y culpable. Mi novio, mi marido, mi ex&nbsp;<\/em><em>pareja me hizo creer que estaba loca, que merec\u00eda todos aquellos golpes, insultos y desprecios.<\/em><\/strong><br \/>\n<strong> <em>Me peg\u00f3 incluso cuando estaba embarazada, me ech\u00f3 de casa por la noche, me neg\u00f3 ir a ver a&nbsp;<\/em><em>mi familia, no me daba dinero, me amenazaba con hacerle da\u00f1o a mis hijos, no me dejaba salir&nbsp;<\/em><em>de casa, ni quedar con mis amigas, no pod\u00eda mirar a ning\u00fan chico en el instituto, no pod\u00eda vestir&nbsp;<\/em><em>con ropas bonitas, no me dejaba salir de fiesta, me oblig\u00f3 a mantener relaciones y me amenaz\u00f3&nbsp;<\/em><em>con grabarme y cuando lo consigui\u00f3, me chantaje\u00f3 con colgarlo en redes&#8230;<\/em><\/strong><br \/>\n<strong> <em>Pens\u00e9 que todo era normal, que era su forma de amarme y que sus celos era la manifestaci\u00f3n&nbsp;<\/em><em>m\u00e1s bonita de quererme. Hasta que dije no y me convenc\u00ed de que viv\u00eda con un maltratador, un&nbsp;<\/em><em>mentiroso y un manipulador.<\/em><\/strong><br \/>\n<strong> <em>Yo no quiero vivir con miedo, yo no soy la d\u00e9bil, ni la analfabeta, ni la provocadora, ni la fea, ni&nbsp;<\/em><em>la gorda.<\/em><\/strong><br \/>\n<strong> <em>Mi nombre es Marta pero podr\u00eda ser Yolanda, Rosa, Sacramento, Nuria, Mar,&#8230; Yo no he sido&nbsp;<\/em><em>v\u00edctima de violencia de g\u00e9nero pero pongo mi nombre por las mujeres y ni\u00f1as que est\u00e1n siendo&nbsp;<\/em><em>v\u00edctimas, pongo mi nombre por las 53 mujeres asesinadas este a\u00f1o, pongo mi nombre porque&nbsp;<\/em><em>nadie m\u00e1s sea c\u00f3mplice de esta situaci\u00f3n, y pongo mi voz para que se las escuche&#8230;<\/em><\/strong><br \/>\n<strong><em>DEMOS VOZ A LAS QUE YA NO PUEDEN HABLAR&#8230;<\/em><\/strong><\/p>\n<p>&nbsp;<\/p>\n<p><a href=\"https:\/\/blogsaverroes.juntadeandalucia.es\/iesluzdelmar\/files\/2018\/09\/IMG-20181127-WA0002.jpg\"><img loading=\"lazy\" decoding=\"async\" class=\"alignnone size-medium wp-image-2796\" src=\"https:\/\/blogsaverroes.juntadeandalucia.es\/iesluzdelmar\/files\/2018\/09\/IMG-20181127-WA0002-300x225.jpg\" alt=\"\" width=\"300\" height=\"225\" srcset=\"https:\/\/blogsaverroes.juntadeandalucia.es\/iesluzdelmar\/files\/2018\/09\/IMG-20181127-WA0002-300x225.jpg 300w, https:\/\/blogsaverroes.juntadeandalucia.es\/iesluzdelmar\/files\/2018\/09\/IMG-20181127-WA0002-768x576.jpg 768w, https:\/\/blogsaverroes.juntadeandalucia.es\/iesluzdelmar\/files\/2018\/09\/IMG-20181127-WA0002-1024x768.jpg 1024w, https:\/\/blogsaverroes.juntadeandalucia.es\/iesluzdelmar\/files\/2018\/09\/IMG-20181127-WA0002-24x18.jpg 24w, https:\/\/blogsaverroes.juntadeandalucia.es\/iesluzdelmar\/files\/2018\/09\/IMG-20181127-WA0002-36x27.jpg 36w, https:\/\/blogsaverroes.juntadeandalucia.es\/iesluzdelmar\/files\/2018\/09\/IMG-20181127-WA0002-48x36.jpg 48w, https:\/\/blogsaverroes.juntadeandalucia.es\/iesluzdelmar\/files\/2018\/09\/IMG-20181127-WA0002.jpg 1600w\" sizes=\"(max-width: 300px) 100vw, 300px\" \/><\/a>&nbsp; &nbsp; <a href=\"https:\/\/blogsaverroes.juntadeandalucia.es\/iesluzdelmar\/files\/2018\/09\/IMG-20181127-WA0003.jpg\"><img loading=\"lazy\" decoding=\"async\" class=\"alignnone size-medium wp-image-2797\" src=\"https:\/\/blogsaverroes.juntadeandalucia.es\/iesluzdelmar\/files\/2018\/09\/IMG-20181127-WA0003-300x225.jpg\" alt=\"\" width=\"300\" height=\"225\" srcset=\"https:\/\/blogsaverroes.juntadeandalucia.es\/iesluzdelmar\/files\/2018\/09\/IMG-20181127-WA0003-300x225.jpg 300w, https:\/\/blogsaverroes.juntadeandalucia.es\/iesluzdelmar\/files\/2018\/09\/IMG-20181127-WA0003-768x576.jpg 768w, https:\/\/blogsaverroes.juntadeandalucia.es\/iesluzdelmar\/files\/2018\/09\/IMG-20181127-WA0003-1024x768.jpg 1024w, https:\/\/blogsaverroes.juntadeandalucia.es\/iesluzdelmar\/files\/2018\/09\/IMG-20181127-WA0003-24x18.jpg 24w, https:\/\/blogsaverroes.juntadeandalucia.es\/iesluzdelmar\/files\/2018\/09\/IMG-20181127-WA0003-36x27.jpg 36w, https:\/\/blogsaverroes.juntadeandalucia.es\/iesluzdelmar\/files\/2018\/09\/IMG-20181127-WA0003-48x36.jpg 48w, https:\/\/blogsaverroes.juntadeandalucia.es\/iesluzdelmar\/files\/2018\/09\/IMG-20181127-WA0003.jpg 1600w\" sizes=\"(max-width: 300px) 100vw, 300px\" \/><\/a><\/p>\n<p><a href=\"https:\/\/blogsaverroes.juntadeandalucia.es\/iesluzdelmar\/files\/2018\/09\/IMG-20181127-WA0004.jpg\"><img loading=\"lazy\" decoding=\"async\" class=\"alignnone size-medium wp-image-2798\" src=\"https:\/\/blogsaverroes.juntadeandalucia.es\/iesluzdelmar\/files\/2018\/09\/IMG-20181127-WA0004-300x225.jpg\" alt=\"\" width=\"300\" height=\"225\" srcset=\"https:\/\/blogsaverroes.juntadeandalucia.es\/iesluzdelmar\/files\/2018\/09\/IMG-20181127-WA0004-300x225.jpg 300w, https:\/\/blogsaverroes.juntadeandalucia.es\/iesluzdelmar\/files\/2018\/09\/IMG-20181127-WA0004-768x576.jpg 768w, https:\/\/blogsaverroes.juntadeandalucia.es\/iesluzdelmar\/files\/2018\/09\/IMG-20181127-WA0004-1024x768.jpg 1024w, https:\/\/blogsaverroes.juntadeandalucia.es\/iesluzdelmar\/files\/2018\/09\/IMG-20181127-WA0004-24x18.jpg 24w, https:\/\/blogsaverroes.juntadeandalucia.es\/iesluzdelmar\/files\/2018\/09\/IMG-20181127-WA0004-36x27.jpg 36w, https:\/\/blogsaverroes.juntadeandalucia.es\/iesluzdelmar\/files\/2018\/09\/IMG-20181127-WA0004-48x36.jpg 48w, https:\/\/blogsaverroes.juntadeandalucia.es\/iesluzdelmar\/files\/2018\/09\/IMG-20181127-WA0004.jpg 1600w\" sizes=\"(max-width: 300px) 100vw, 300px\" \/><\/a><a href=\"https:\/\/blogsaverroes.juntadeandalucia.es\/iesluzdelmar\/files\/2018\/09\/IMG-20181127-WA0006.jpg\"><img loading=\"lazy\" decoding=\"async\" class=\"alignnone size-medium wp-image-2800\" src=\"https:\/\/blogsaverroes.juntadeandalucia.es\/iesluzdelmar\/files\/2018\/09\/IMG-20181127-WA0006-300x225.jpg\" alt=\"\" width=\"300\" height=\"225\" srcset=\"https:\/\/blogsaverroes.juntadeandalucia.es\/iesluzdelmar\/files\/2018\/09\/IMG-20181127-WA0006-300x225.jpg 300w, https:\/\/blogsaverroes.juntadeandalucia.es\/iesluzdelmar\/files\/2018\/09\/IMG-20181127-WA0006-768x576.jpg 768w, https:\/\/blogsaverroes.juntadeandalucia.es\/iesluzdelmar\/files\/2018\/09\/IMG-20181127-WA0006-1024x768.jpg 1024w, https:\/\/blogsaverroes.juntadeandalucia.es\/iesluzdelmar\/files\/2018\/09\/IMG-20181127-WA0006-24x18.jpg 24w, https:\/\/blogsaverroes.juntadeandalucia.es\/iesluzdelmar\/files\/2018\/09\/IMG-20181127-WA0006-36x27.jpg 36w, https:\/\/blogsaverroes.juntadeandalucia.es\/iesluzdelmar\/files\/2018\/09\/IMG-20181127-WA0006-48x36.jpg 48w, https:\/\/blogsaverroes.juntadeandalucia.es\/iesluzdelmar\/files\/2018\/09\/IMG-20181127-WA0006.jpg 1600w\" sizes=\"(max-width: 300px) 100vw, 300px\" \/><\/a><\/p>\n<p>&nbsp;<\/p>\n<p>&nbsp;<\/p>\n<p>&nbsp;<a href=\"https:\/\/blogsaverroes.juntadeandalucia.es\/iesluzdelmar\/files\/2018\/09\/IMG-20181127-WA0008.jpg\"><img loading=\"lazy\" decoding=\"async\" class=\"alignnone size-medium wp-image-2802\" src=\"https:\/\/blogsaverroes.juntadeandalucia.es\/iesluzdelmar\/files\/2018\/09\/IMG-20181127-WA0008-300x225.jpg\" alt=\"\" width=\"300\" height=\"225\" srcset=\"https:\/\/blogsaverroes.juntadeandalucia.es\/iesluzdelmar\/files\/2018\/09\/IMG-20181127-WA0008-300x225.jpg 300w, https:\/\/blogsaverroes.juntadeandalucia.es\/iesluzdelmar\/files\/2018\/09\/IMG-20181127-WA0008-768x576.jpg 768w, https:\/\/blogsaverroes.juntadeandalucia.es\/iesluzdelmar\/files\/2018\/09\/IMG-20181127-WA0008-1024x768.jpg 1024w, https:\/\/blogsaverroes.juntadeandalucia.es\/iesluzdelmar\/files\/2018\/09\/IMG-20181127-WA0008-24x18.jpg 24w, https:\/\/blogsaverroes.juntadeandalucia.es\/iesluzdelmar\/files\/2018\/09\/IMG-20181127-WA0008-36x27.jpg 36w, https:\/\/blogsaverroes.juntadeandalucia.es\/iesluzdelmar\/files\/2018\/09\/IMG-20181127-WA0008-48x36.jpg 48w, https:\/\/blogsaverroes.juntadeandalucia.es\/iesluzdelmar\/files\/2018\/09\/IMG-20181127-WA0008.jpg 1600w\" sizes=\"(max-width: 300px) 100vw, 300px\" \/><\/a>&nbsp; &nbsp;&nbsp;<a href=\"https:\/\/blogsaverroes.juntadeandalucia.es\/iesluzdelmar\/files\/2018\/09\/IMG-20181127-WA0009.jpg\"><img loading=\"lazy\" decoding=\"async\" class=\"alignnone size-medium wp-image-2803\" src=\"https:\/\/blogsaverroes.juntadeandalucia.es\/iesluzdelmar\/files\/2018\/09\/IMG-20181127-WA0009-300x225.jpg\" alt=\"\" width=\"300\" height=\"225\" srcset=\"https:\/\/blogsaverroes.juntadeandalucia.es\/iesluzdelmar\/files\/2018\/09\/IMG-20181127-WA0009-300x225.jpg 300w, https:\/\/blogsaverroes.juntadeandalucia.es\/iesluzdelmar\/files\/2018\/09\/IMG-20181127-WA0009-768x576.jpg 768w, https:\/\/blogsaverroes.juntadeandalucia.es\/iesluzdelmar\/files\/2018\/09\/IMG-20181127-WA0009-1024x768.jpg 1024w, https:\/\/blogsaverroes.juntadeandalucia.es\/iesluzdelmar\/files\/2018\/09\/IMG-20181127-WA0009-24x18.jpg 24w, https:\/\/blogsaverroes.juntadeandalucia.es\/iesluzdelmar\/files\/2018\/09\/IMG-20181127-WA0009-36x27.jpg 36w, https:\/\/blogsaverroes.juntadeandalucia.es\/iesluzdelmar\/files\/2018\/09\/IMG-20181127-WA0009-48x36.jpg 48w, https:\/\/blogsaverroes.juntadeandalucia.es\/iesluzdelmar\/files\/2018\/09\/IMG-20181127-WA0009.jpg 1600w\" sizes=\"(max-width: 300px) 100vw, 300px\" \/><\/a><a href=\"https:\/\/blogsaverroes.juntadeandalucia.es\/iesluzdelmar\/files\/2018\/09\/IMG-20181127-WA0005.jpg\"><img loading=\"lazy\" decoding=\"async\" class=\"alignnone size-medium wp-image-2799\" src=\"https:\/\/blogsaverroes.juntadeandalucia.es\/iesluzdelmar\/files\/2018\/09\/IMG-20181127-WA0005-225x300.jpg\" alt=\"\" width=\"225\" height=\"300\" srcset=\"https:\/\/blogsaverroes.juntadeandalucia.es\/iesluzdelmar\/files\/2018\/09\/IMG-20181127-WA0005-225x300.jpg 225w, https:\/\/blogsaverroes.juntadeandalucia.es\/iesluzdelmar\/files\/2018\/09\/IMG-20181127-WA0005-768x1024.jpg 768w, https:\/\/blogsaverroes.juntadeandalucia.es\/iesluzdelmar\/files\/2018\/09\/IMG-20181127-WA0005-18x24.jpg 18w, https:\/\/blogsaverroes.juntadeandalucia.es\/iesluzdelmar\/files\/2018\/09\/IMG-20181127-WA0005-27x36.jpg 27w, https:\/\/blogsaverroes.juntadeandalucia.es\/iesluzdelmar\/files\/2018\/09\/IMG-20181127-WA0005-36x48.jpg 36w, https:\/\/blogsaverroes.juntadeandalucia.es\/iesluzdelmar\/files\/2018\/09\/IMG-20181127-WA0005.jpg 1200w\" sizes=\"(max-width: 225px) 100vw, 225px\" \/><\/a><img loading=\"lazy\" decoding=\"async\" class=\"alignnone size-medium wp-image-2795\" src=\"https:\/\/blogsaverroes.juntadeandalucia.es\/iesluzdelmar\/files\/2018\/09\/IMG-20181127-WA0001-225x300.jpg\" alt=\"\" width=\"225\" height=\"300\" srcset=\"https:\/\/blogsaverroes.juntadeandalucia.es\/iesluzdelmar\/files\/2018\/09\/IMG-20181127-WA0001-225x300.jpg 225w, https:\/\/blogsaverroes.juntadeandalucia.es\/iesluzdelmar\/files\/2018\/09\/IMG-20181127-WA0001-768x1024.jpg 768w, https:\/\/blogsaverroes.juntadeandalucia.es\/iesluzdelmar\/files\/2018\/09\/IMG-20181127-WA0001-18x24.jpg 18w, https:\/\/blogsaverroes.juntadeandalucia.es\/iesluzdelmar\/files\/2018\/09\/IMG-20181127-WA0001-27x36.jpg 27w, https:\/\/blogsaverroes.juntadeandalucia.es\/iesluzdelmar\/files\/2018\/09\/IMG-20181127-WA0001-36x48.jpg 36w, https:\/\/blogsaverroes.juntadeandalucia.es\/iesluzdelmar\/files\/2018\/09\/IMG-20181127-WA0001.jpg 1200w\" sizes=\"(max-width: 225px) 100vw, 225px\" \/><\/p>\n","protected":false},"excerpt":{"rendered":"<p>El d\u00eda 26 de noviembre se conmemor\u00f3 en nuestro centro el d\u00eda de la no violencia contra la mujer, este es el manifiesto que las&hellip;<\/p>\n","protected":false},"author":5200,"featured_media":0,"parent":0,"menu_order":0,"comment_status":"closed","ping_status":"closed","template":"","meta":{"ngg_post_thumbnail":0,"footnotes":"","_mc_calendar":[]},"aioseo_notices":[],"_links":{"self":[{"href":"https:\/\/blogsaverroes.juntadeandalucia.es\/iesluzdelmar\/wp-json\/wp\/v2\/pages\/2590"}],"collection":[{"href":"https:\/\/blogsaverroes.juntadeandalucia.es\/iesluzdelmar\/wp-json\/wp\/v2\/pages"}],"about":[{"href":"https:\/\/blogsaverroes.juntadeandalucia.es\/iesluzdelmar\/wp-json\/wp\/v2\/types\/page"}],"author":[{"embeddable":true,"href":"https:\/\/blogsaverroes.juntadeandalucia.es\/iesluzdelmar\/wp-json\/wp\/v2\/users\/5200"}],"replies":[{"embeddable":true,"href":"https:\/\/blogsaverroes.juntadeandalucia.es\/iesluzdelmar\/wp-json\/wp\/v2\/comments?post=2590"}],"version-history":[{"count":4,"href":"https:\/\/blogsaverroes.juntadeandalucia.es\/iesluzdelmar\/wp-json\/wp\/v2\/pages\/2590\/revisions"}],"predecessor-version":[{"id":2805,"href":"https:\/\/blogsaverroes.juntadeandalucia.es\/iesluzdelmar\/wp-json\/wp\/v2\/pages\/2590\/revisions\/2805"}],"wp:attachment":[{"href":"https:\/\/blogsaverroes.juntadeandalucia.es\/iesluzdelmar\/wp-json\/wp\/v2\/media?parent=2590"}],"curies":[{"name":"wp","href":"https:\/\/api.w.org\/{rel}","templated":true}]}}