{"id":2598,"date":"2018-09-26T10:30:51","date_gmt":"2018-09-26T10:30:51","guid":{"rendered":"https:\/\/blogsaverroes.juntadeandalucia.es\/iesluzdelmar\/?page_id=2598"},"modified":"2019-06-27T10:22:18","modified_gmt":"2019-06-27T10:22:18","slug":"innicia","status":"publish","type":"page","link":"https:\/\/blogsaverroes.juntadeandalucia.es\/iesluzdelmar\/innicia\/","title":{"rendered":"Innicia"},"content":{"rendered":"<p style=\"text-align: center\">UN MAR DE HISTORIA II<\/p>\n<p>Este a\u00f1o hemos desarrollado nuestro proyecto \u00abUn mar de historia, II Edici\u00f3n\u00bb procurando conocer mejor y poner en valor parte de nuestro patrimonio hist\u00f3rico y cultural.<\/p>\n<div dir=\"auto\">Nos hemos centrado en la Ruta del Agua y en el Festival Internacional de Teatro de El Ejido.&nbsp;<\/div>\n<div dir=\"auto\">Nuestro objetivo final es poder dise\u00f1ar una oferta tur\u00edstica atractiva que incluya estos aspectos de nuestro pasado y presente.&nbsp;<\/div>\n<div dir=\"auto\">&nbsp;<\/div>\n<div dir=\"auto\">Aqu\u00ed tenemos algunos de los planes de negocio que dise\u00f1aron en 4 de ESO:<\/div>\n<ul>\n<li><a href=\"https:\/\/blogsaverroes.juntadeandalucia.es\/iesluzdelmar\/files\/2019\/06\/Planes-de-negocio.pdf\">Planes de negocio<\/a><\/li>\n<\/ul>\n<p>Y estos son los logos que nuestros alumnos han creado para este proyecto:<\/p>\n<ul>\n<li><a href=\"https:\/\/blogsaverroes.juntadeandalucia.es\/iesluzdelmar\/files\/2019\/06\/Logos.pdf\">Logos<\/a><\/li>\n<\/ul>\n<p>Adem\u00e1s, en este curso realizamos varias excursiones para visitar y fotografiar algunos de los aljibes de la Ruta del Agua de nuestro municipio, incluyendo alumnado de 1, 2 y 4 de ESO.<\/p>\n<p><a href=\"https:\/\/blogsaverroes.juntadeandalucia.es\/iesluzdelmar\/files\/2019\/06\/IMG_20190326_121714.jpg\"><img loading=\"lazy\" decoding=\"async\" class=\"size-medium wp-image-3109 aligncenter\" src=\"https:\/\/blogsaverroes.juntadeandalucia.es\/iesluzdelmar\/files\/2019\/06\/IMG_20190326_121714-300x225.jpg\" alt=\"\" width=\"300\" height=\"225\" srcset=\"https:\/\/blogsaverroes.juntadeandalucia.es\/iesluzdelmar\/files\/2019\/06\/IMG_20190326_121714-300x225.jpg 300w, https:\/\/blogsaverroes.juntadeandalucia.es\/iesluzdelmar\/files\/2019\/06\/IMG_20190326_121714-768x576.jpg 768w, https:\/\/blogsaverroes.juntadeandalucia.es\/iesluzdelmar\/files\/2019\/06\/IMG_20190326_121714-1024x768.jpg 1024w, https:\/\/blogsaverroes.juntadeandalucia.es\/iesluzdelmar\/files\/2019\/06\/IMG_20190326_121714-24x18.jpg 24w, https:\/\/blogsaverroes.juntadeandalucia.es\/iesluzdelmar\/files\/2019\/06\/IMG_20190326_121714-36x27.jpg 36w, https:\/\/blogsaverroes.juntadeandalucia.es\/iesluzdelmar\/files\/2019\/06\/IMG_20190326_121714-48x36.jpg 48w, https:\/\/blogsaverroes.juntadeandalucia.es\/iesluzdelmar\/files\/2019\/06\/IMG_20190326_121714.jpg 1600w\" sizes=\"(max-width: 300px) 100vw, 300px\" \/><\/a><\/p>\n<p><a href=\"https:\/\/blogsaverroes.juntadeandalucia.es\/iesluzdelmar\/files\/2019\/06\/IMG_20190326_121744.jpg\"><img loading=\"lazy\" decoding=\"async\" class=\"size-medium wp-image-3110 aligncenter\" src=\"https:\/\/blogsaverroes.juntadeandalucia.es\/iesluzdelmar\/files\/2019\/06\/IMG_20190326_121744-300x225.jpg\" alt=\"\" width=\"300\" height=\"225\" srcset=\"https:\/\/blogsaverroes.juntadeandalucia.es\/iesluzdelmar\/files\/2019\/06\/IMG_20190326_121744-300x225.jpg 300w, https:\/\/blogsaverroes.juntadeandalucia.es\/iesluzdelmar\/files\/2019\/06\/IMG_20190326_121744-768x576.jpg 768w, https:\/\/blogsaverroes.juntadeandalucia.es\/iesluzdelmar\/files\/2019\/06\/IMG_20190326_121744-1024x768.jpg 1024w, https:\/\/blogsaverroes.juntadeandalucia.es\/iesluzdelmar\/files\/2019\/06\/IMG_20190326_121744-24x18.jpg 24w, https:\/\/blogsaverroes.juntadeandalucia.es\/iesluzdelmar\/files\/2019\/06\/IMG_20190326_121744-36x27.jpg 36w, https:\/\/blogsaverroes.juntadeandalucia.es\/iesluzdelmar\/files\/2019\/06\/IMG_20190326_121744-48x36.jpg 48w, https:\/\/blogsaverroes.juntadeandalucia.es\/iesluzdelmar\/files\/2019\/06\/IMG_20190326_121744.jpg 1600w\" sizes=\"(max-width: 300px) 100vw, 300px\" \/><\/a><\/p>\n<p>Como parte de la visita por los aljibes y el Teatro-Auditorio de El Ejido el alumnado de 4 ESO realiz\u00f3 las siguientes entrevistas:<\/p>\n<ul>\n<li><a href=\"https:\/\/blogsaverroes.juntadeandalucia.es\/iesluzdelmar\/files\/2019\/06\/Entrevista-1.pdf\">Transcripci\u00f3n de una entrevista realizada a un transe\u00fante an\u00f3nimo cerca del Aljibe Pastor.<\/a><\/li>\n<li><a href=\"https:\/\/blogsaverroes.juntadeandalucia.es\/iesluzdelmar\/files\/2019\/06\/Entrevista-2.pdf\">Transcripci\u00f3n de una explicaci\u00f3n dada por una representante autorizada del Teatro-Auditorio de<br \/>\nEl Ejido.<\/a><\/li>\n<\/ul>\n","protected":false},"excerpt":{"rendered":"<p>UN MAR DE HISTORIA II Este a\u00f1o hemos desarrollado nuestro proyecto \u00abUn mar de historia, II Edici\u00f3n\u00bb procurando conocer mejor y poner en valor parte&hellip;<\/p>\n","protected":false},"author":5200,"featured_media":0,"parent":0,"menu_order":0,"comment_status":"closed","ping_status":"closed","template":"","meta":{"ngg_post_thumbnail":0,"footnotes":"","_mc_calendar":[]},"aioseo_notices":[],"_links":{"self":[{"href":"https:\/\/blogsaverroes.juntadeandalucia.es\/iesluzdelmar\/wp-json\/wp\/v2\/pages\/2598"}],"collection":[{"href":"https:\/\/blogsaverroes.juntadeandalucia.es\/iesluzdelmar\/wp-json\/wp\/v2\/pages"}],"about":[{"href":"https:\/\/blogsaverroes.juntadeandalucia.es\/iesluzdelmar\/wp-json\/wp\/v2\/types\/page"}],"author":[{"embeddable":true,"href":"https:\/\/blogsaverroes.juntadeandalucia.es\/iesluzdelmar\/wp-json\/wp\/v2\/users\/5200"}],"replies":[{"embeddable":true,"href":"https:\/\/blogsaverroes.juntadeandalucia.es\/iesluzdelmar\/wp-json\/wp\/v2\/comments?post=2598"}],"version-history":[{"count":8,"href":"https:\/\/blogsaverroes.juntadeandalucia.es\/iesluzdelmar\/wp-json\/wp\/v2\/pages\/2598\/revisions"}],"predecessor-version":[{"id":3119,"href":"https:\/\/blogsaverroes.juntadeandalucia.es\/iesluzdelmar\/wp-json\/wp\/v2\/pages\/2598\/revisions\/3119"}],"wp:attachment":[{"href":"https:\/\/blogsaverroes.juntadeandalucia.es\/iesluzdelmar\/wp-json\/wp\/v2\/media?parent=2598"}],"curies":[{"name":"wp","href":"https:\/\/api.w.org\/{rel}","templated":true}]}}