{"id":2764,"date":"2018-11-08T13:16:26","date_gmt":"2018-11-08T13:16:26","guid":{"rendered":"https:\/\/blogsaverroes.juntadeandalucia.es\/iesluzdelmar\/?page_id=2764"},"modified":"2020-05-17T19:54:52","modified_gmt":"2020-05-17T19:54:52","slug":"material-descargable","status":"publish","type":"page","link":"https:\/\/blogsaverroes.juntadeandalucia.es\/iesluzdelmar\/tecnologia-3\/material-descargable\/","title":{"rendered":"Material descargable Dpto. Tecnolog\u00eda."},"content":{"rendered":"<p><strong>1\u00ba ESO<\/strong><\/p>\n<p>Actividades en 1\u00ba de E.S.O.a realizar en casa durante el periodo de aislamiento preventivo por el COVID-19<\/p>\n<ul>\n<li><a href=\"https:\/\/blogsaverroes.juntadeandalucia.es\/iesluzdelmar\/files\/2020\/03\/1\u00baeso_tecnologia.pdf\">1\u00baeso_tecnologia<\/a><\/li>\n<\/ul>\n<p><strong>2\u00ba ESO<\/strong><\/p>\n<p>Actividades en 1\u00ba de E.S.O.a realizar en casa durante el periodo de aislamiento preventivo por el COVID-19<\/p>\n<ul>\n<li><a href=\"https:\/\/blogsaverroes.juntadeandalucia.es\/iesluzdelmar\/files\/2020\/03\/2\u00baeso_tecnologia.pdf\">2\u00baeso_tecnologia<\/a><\/li>\n<\/ul>\n<p>&#8212;&#8212;&#8212;&#8212;&#8212;&#8212;&#8212;&#8212;&#8212;&#8212;&#8212;&#8212;&#8212;&#8212;&#8212;&#8212;&#8212;&#8212;&#8212;&#8212;&#8212;&#8212;&#8212;&#8212;&#8212;&#8212;&#8212;&#8212;-<\/p>\n<p><a href=\"https:\/\/blogsaverroes.juntadeandalucia.es\/iesluzdelmar\/files\/2018\/11\/Memoria-proyecto.pdf\">Memoria t\u00e9cnica de construcci\u00f3n de un Tangram<\/a><\/p>\n<p>&nbsp;<\/p>\n<p><strong>3\u00ba ESO<\/strong><\/p>\n<p>Unidad Did\u00e1ctica 1: El m\u00e9todo tecnol\u00f3gico: <a href=\"https:\/\/blogsaverroes.juntadeandalucia.es\/iesluzdelmar\/files\/2019\/09\/The-Technology-method.pdf\">Descargar presentaci\u00f3n<\/a><\/p>\n<p>Unidad Did\u00e1ctica 2: Ofim\u00e1tica b\u00e1sica: <a href=\"https:\/\/blogsaverroes.juntadeandalucia.es\/iesluzdelmar\/basic-office-software\/\" target=\"_blank\" rel=\"noopener noreferrer\">Descargar parte 1<\/a><\/p>\n<p>Vocabulary: <a href=\"https:\/\/blogsaverroes.juntadeandalucia.es\/iesluzdelmar\/files\/2019\/10\/vocabulary-parts-of-house.pdf\" target=\"_blank\" rel=\"noopener noreferrer\">Parts of the house<\/a>.<\/p>\n<p>Unidad Did\u00e1ctica 2, parte 2: Pr\u00e1cticas con Libre Office.<\/p>\n<ul>\n<li><a href=\"https:\/\/blogsaverroes.juntadeandalucia.es\/iesluzdelmar\/files\/2019\/11\/TAREAS-A-ENTREGAR-DE-SOFTWARE-DE-OFICINA.pdf\" target=\"_blank\" rel=\"noopener noreferrer\">Ejercicios a realizar de la ficha de pr\u00e1cticas<\/a>.<\/li>\n<li><a href=\"http:\/\/www.juntadeandalucia.es\/averroes\/centros-tic\/23700840\/helvia\/sitio\/upload\/INFORMATICA_APLICADA_Ejercicios_practicos_para_Writer_y_Calc.pdf\" target=\"_blank\" rel=\"noopener noreferrer\">Fichas de pr\u00e1cticas de Libre Office<\/a>.<\/li>\n<li><a href=\"https:\/\/documentation.libreoffice.org\/assets\/Uploads\/Documentation\/es\/GS52\/PDF\/GS5204-PrimerosPasosConWriter.pdf\" target=\"_blank\" rel=\"noopener noreferrer\">Gu\u00eda de primeros pasos con Libre Office Writer<\/a>.<\/li>\n<li><a href=\"https:\/\/documentation.libreoffice.org\/assets\/Uploads\/Documentation\/es\/GS52\/PDF\/GS5205-PrimerosPasosConCalc.pdf\" target=\"_blank\" rel=\"noopener noreferrer\">Gu\u00eda de primeros pasos con Libre Office Calc<\/a>.<\/li>\n<li><a href=\"https:\/\/www.youtube.com\/playlist?list=PLLLaU95AMQPrMifyMRgiwhqKA64g7Kiea\" target=\"_blank\" rel=\"noopener noreferrer\">Curso b\u00e1sico de Libre Office Calc en youtube<\/a>.\n<ul>\n<li><a href=\"https:\/\/youtu.be\/jPkqwd0PrDQ\" target=\"_blank\" rel=\"noopener noreferrer\">V\u00eddeo casero sobre c\u00f3mo dar formato a las celdas en hojas de c\u00e1lculo<\/a>.<\/li>\n<li><a href=\"https:\/\/youtu.be\/AFQSPKryAy8\" target=\"_blank\" rel=\"noopener noreferrer\">V\u00eddeo casero sobre referenciaci\u00f3n absoluta y relativa en hojas de c\u00e1lculo<\/a>.<\/li>\n<li><a href=\"https:\/\/youtu.be\/2HUy5QVU5Wk\" target=\"_blank\" rel=\"noopener noreferrer\">V\u00eddeo casero sobre inserci\u00f3n de funciones en hojas de c\u00e1lculo<\/a>.<\/li>\n<li><a href=\"https:\/\/youtu.be\/3XlQ5rJv4pk\" target=\"_blank\" rel=\"noopener noreferrer\">V\u00eddeo casero sobre inserci\u00f3n de gr\u00e1ficas en hojas de c\u00e1lculo<\/a>.<\/li>\n<\/ul>\n<\/li>\n<li><a href=\"https:\/\/blogsaverroes.juntadeandalucia.es\/iesluzdelmar\/files\/2019\/11\/plantilla-fichas-Calc.ods\" target=\"_blank\" rel=\"noopener noreferrer\">Plantilla con las fichas de hojas de c\u00e1lculo pedidas<\/a>.<\/li>\n<\/ul>\n<p>Unidad Did\u00e1ctica 3: Dibujo.<\/p>\n<ul>\n<li><a href=\"https:\/\/blogsaverroes.juntadeandalucia.es\/iesluzdelmar\/files\/2020\/01\/Drawing.pptx\" target=\"_blank\" rel=\"noopener noreferrer\">presentaci\u00f3n en power point<\/a>.<\/li>\n<li><a href=\"https:\/\/blogsaverroes.juntadeandalucia.es\/iesluzdelmar\/files\/2020\/01\/drawing_2.pdf\" target=\"_blank\" rel=\"noopener noreferrer\">versi\u00f3n imprimible en pdf<\/a>.<\/li>\n<li><a href=\"https:\/\/www.stefanelli.eng.br\/es\/calibre-virtual-simulador-milimetro-05\/\" target=\"_blank\" rel=\"noopener noreferrer\">Simulador de calibre \/ pie de rey<\/a><\/li>\n<li><a href=\"http:\/\/www.educacionplastica.net\/pdfs\/vistas_iso1.pdf\" target=\"_blank\" rel=\"noopener noreferrer\">Cuaderno de ejercicios de Perspectiva Isom\u00e9trica<\/a>.\n<ul>\n<li><a href=\"https:\/\/youtu.be\/Jy1yfM11bZE\" target=\"_blank\" rel=\"noopener noreferrer\">Video casero donde se explica c\u00f3mo se construye una pieza en perspectiva isom\u00e9trica<\/a>.<\/li>\n<li><a href=\"https:\/\/blogsaverroes.juntadeandalucia.es\/iesluzdelmar\/files\/2020\/02\/REPRESENTACI\u00d3N-DE-UN-OBJETO-EN-PERSPECTIVA-ISOM\u00c9TRICA-A-PARTIR-DE-SUS-VISTAS-PRINCIPALES.pdf\">REPRESENTACI\u00d3N DE UN OBJETO EN PERSPECTIVA ISOM\u00c9TRICA A PARTIR DE SUS VISTAS PRINCIPALES<\/a>.<\/li>\n<\/ul>\n<\/li>\n<li><a href=\"https:\/\/blogsaverroes.juntadeandalucia.es\/iesluzdelmar\/files\/2020\/01\/prototipo-de-examen.pdf\" target=\"_blank\" rel=\"noopener noreferrer\">Prototipo de examen<\/a><\/li>\n<li>Pr\u00e1cticas de ordenador:\n<ul>\n<li><a href=\"https:\/\/blogsaverroes.juntadeandalucia.es\/iesluzdelmar\/files\/2020\/01\/ejercicios-educacionplastica.pdf\" target=\"_blank\" rel=\"noopener noreferrer\">Relaci\u00f3n de ejercicios que tiene que hacer cada alumno\/a.<\/a><\/li>\n<li><a href=\"http:\/\/www.educacionplastica.net\/3dcube_model\/vistas_3d_2x2.html\" target=\"_blank\" rel=\"noopener noreferrer\">Enlace a los ejercicios en Educacionplastica.net (Nivel f\u00e1cil)<\/a><\/li>\n<li><a href=\"https:\/\/drive.google.com\/file\/d\/1cp0KTuWBZRW1FCbfFGaLRe-3QlppUXBW\/view?usp=sharing\" target=\"_blank\" rel=\"noopener noreferrer\">Ejercicio de acotado<\/a>.<\/li>\n<li><a href=\"https:\/\/drive.google.com\/file\/d\/1L3-vEHqXhGConKP9b4Z4M4SD68w5UbE3\/view?usp=sharing\" target=\"_blank\" rel=\"noopener noreferrer\">Ejercicio de perspectiva isom\u00e9trica<\/a>.<\/li>\n<li><a href=\"http:\/\/www.educacionplastica.net\/3dcube_model\/vistas_3d_3x3.html\" target=\"_blank\" rel=\"noopener noreferrer\">Enlace a ejercicios de vistas en Educacionplastica.net (Nivel intermedio)<\/a>.<\/li>\n<\/ul>\n<\/li>\n<\/ul>\n<p>Unidad 4: Materiales de uso t\u00e9cnico no met\u00e1licos.<\/p>\n<ul>\n<li><a href=\"https:\/\/blogsaverroes.juntadeandalucia.es\/iesluzdelmar\/files\/2020\/02\/Non-metallic-Technical-Materials.pptx\" target=\"_blank\" rel=\"noopener noreferrer\">presentaci\u00f3n en Power Point<\/a>.<\/li>\n<li><a href=\"https:\/\/blogsaverroes.juntadeandalucia.es\/iesluzdelmar\/files\/2020\/02\/Non-metallic-Technical-Materials-2.pdf\" target=\"_blank\" rel=\"noopener noreferrer\">versi\u00f3n imprimible en pdf<\/a>.<\/li>\n<li><a href=\"https:\/\/blogsaverroes.juntadeandalucia.es\/iesluzdelmar\/files\/2020\/02\/actividades-unidad-4.pdf\">actividades unidad 4<\/a><\/li>\n<\/ul>\n<p><a href=\"https:\/\/blogsaverroes.juntadeandalucia.es\/iesluzdelmar\/files\/2020\/02\/2bP4pJr4wVimqCWjYimXJe2cnCgnLanv6npe63EPj6W-1.png\"><img loading=\"lazy\" decoding=\"async\" class=\"aligncenter size-full wp-image-3554\" src=\"https:\/\/blogsaverroes.juntadeandalucia.es\/iesluzdelmar\/files\/2020\/02\/2bP4pJr4wVimqCWjYimXJe2cnCgnLanv6npe63EPj6W-1.png\" alt=\"\" width=\"567\" height=\"376\" srcset=\"https:\/\/blogsaverroes.juntadeandalucia.es\/iesluzdelmar\/files\/2020\/02\/2bP4pJr4wVimqCWjYimXJe2cnCgnLanv6npe63EPj6W-1.png 567w, https:\/\/blogsaverroes.juntadeandalucia.es\/iesluzdelmar\/files\/2020\/02\/2bP4pJr4wVimqCWjYimXJe2cnCgnLanv6npe63EPj6W-1-300x199.png 300w, https:\/\/blogsaverroes.juntadeandalucia.es\/iesluzdelmar\/files\/2020\/02\/2bP4pJr4wVimqCWjYimXJe2cnCgnLanv6npe63EPj6W-1-24x16.png 24w, https:\/\/blogsaverroes.juntadeandalucia.es\/iesluzdelmar\/files\/2020\/02\/2bP4pJr4wVimqCWjYimXJe2cnCgnLanv6npe63EPj6W-1-36x24.png 36w, https:\/\/blogsaverroes.juntadeandalucia.es\/iesluzdelmar\/files\/2020\/02\/2bP4pJr4wVimqCWjYimXJe2cnCgnLanv6npe63EPj6W-1-48x32.png 48w\" sizes=\"(max-width: 567px) 100vw, 567px\" \/><\/a><\/p>\n<p>Unidad 5: Mecanismos.<\/p>\n<ul>\n<li>presentaci\u00f3n en power point: <a href=\"https:\/\/blogsaverroes.juntadeandalucia.es\/iesluzdelmar\/files\/2020\/03\/Mecanismos.pptx\">Mecanismos<\/a><\/li>\n<li>versi\u00f3n imprimible en pdf: <a href=\"https:\/\/blogsaverroes.juntadeandalucia.es\/iesluzdelmar\/files\/2020\/03\/Mecanismos.pdf\">Mecanismos<\/a><\/li>\n<li><a href=\"https:\/\/blogsaverroes.juntadeandalucia.es\/iesluzdelmar\/files\/2020\/03\/EJERCICIOS-MECANISMOS.docx\">EJERCICIOS MECANISMOS<\/a>. (versi\u00f3n documento de texto para poder realizar los ejercicios ah\u00ed mismo y entregarlos v\u00eda correo electr\u00f3nico).<\/li>\n<li><a href=\"https:\/\/blogsaverroes.juntadeandalucia.es\/iesluzdelmar\/files\/2020\/03\/ejerciciosmecanismos.pdf\" target=\"_blank\" rel=\"noopener noreferrer\">M\u00e1s ejercicios de mecanismos<\/a>. (no hay que entregarlos, s\u00f3lo para practicar).<\/li>\n<li><a href=\"https:\/\/blogsaverroes.juntadeandalucia.es\/iesluzdelmar\/files\/2020\/03\/Vocabulary-T5.pdf\">Vocabulary-T5<\/a>.<\/li>\n<li><a href=\"https:\/\/geargenerator.com\/#200,200,100,10,1,3,48800.099999928396,4,1,8,2,4,27,-90,0,0,0,0,0,0,16,4,4,27,-60,0,0,0,0,1,1,12,1,12,20,-60,0,0,0,0,2,0,60,5,12,20,0,1,0,0,0,0,0,3,-367\" target=\"_blank\" rel=\"noopener noreferrer\">Enlace a Gear Generator<\/a><\/li>\n<\/ul>\n<p><span style=\"text-decoration: underline\">PLANIFICACI\u00d3N DE LAS CLASES DE TERCERO PARA EL PERIODO DE AISLAMIENTO PREVENTIVO POR COVID-19<\/span><\/p>\n<ul>\n<li><a href=\"https:\/\/blogsaverroes.juntadeandalucia.es\/iesluzdelmar\/files\/2020\/03\/TERCERO-A.pdf\">TERCERO A<\/a><\/li>\n<li><a href=\"https:\/\/blogsaverroes.juntadeandalucia.es\/iesluzdelmar\/files\/2020\/03\/TERCERO-B.pdf\">TERCERO B<\/a><\/li>\n<li><a href=\"https:\/\/blogsaverroes.juntadeandalucia.es\/iesluzdelmar\/files\/2020\/03\/TERCERO-C.pdf\">TERCERO C<\/a><\/li>\n<\/ul>\n<p>&nbsp;<\/p>\n<p>Unidad 6: Electricidad y Electr\u00f3nica.<\/p>\n<ul>\n<li>presentaci\u00f3n\n<ul>\n<li>en power point: <a href=\"https:\/\/blogsaverroes.juntadeandalucia.es\/iesluzdelmar\/files\/2020\/04\/ELECTRICIDAD-Y-ELECTR\u00d3NICA-1.pptx\">ELECTRICIDAD Y ELECTR\u00d3NICA<\/a><\/li>\n<li>en pdf: <a href=\"https:\/\/blogsaverroes.juntadeandalucia.es\/iesluzdelmar\/files\/2020\/04\/ELECTRICIDADYELECTR\u00d3NICA-1.pdf\">ELECTRICIDAD Y ELECTR\u00d3NICA<\/a><\/li>\n<\/ul>\n<\/li>\n<li>versi\u00f3n imprimible en pdf: <a href=\"https:\/\/blogsaverroes.juntadeandalucia.es\/iesluzdelmar\/files\/2020\/04\/ELECTRICIDAD-Y-ELECTR\u00d3NICA.pptx\">Electricidad y Electr\u00f3nica<\/a><\/li>\n<li><a href=\"https:\/\/blogsaverroes.juntadeandalucia.es\/iesluzdelmar\/files\/2020\/04\/test.pdf\" target=\"_blank\" rel=\"noopener noreferrer\">Test de autoconocimiento sobre electricidad<\/a>.<\/li>\n<\/ul>\n<p>Unidad 7: Generaci\u00f3n, Transporte y Consumo de Energ\u00eda El\u00e9ctrica.<\/p>\n<ul>\n<li>presentaci\u00f3n en power point: <a href=\"https:\/\/blogsaverroes.juntadeandalucia.es\/iesluzdelmar\/files\/2020\/05\/Generation-Transportation-and-Consumption-of-Electric-Power.pptx\">Generation Transportation and Consumption of Electric Power<\/a><\/li>\n<\/ul>\n<p>Para ahorrar papel, recomendamos imprimir a dos diapositivas por p\u00e1gina.<\/p>\n<p>&nbsp;<\/p>\n<p><strong>4\u00ba ESO &#8211; T.I.C.<\/strong><\/p>\n<p><a href=\"https:\/\/blogsaverroes.juntadeandalucia.es\/iesluzdelmar\/9-1virtualbox\/\" target=\"_blank\" rel=\"noopener noreferrer\">Descargar VIRTUALBOX<\/a><\/p>\n<p>Ofim\u00e1tica:<\/p>\n<ul>\n<li><a href=\"https:\/\/emegeve.files.wordpress.com\/2011\/10\/ejercicios_procesador_de_texto-v1_0.pdf\" target=\"_blank\" rel=\"noopener noreferrer\">Pr\u00e1cticas de procesador de textos<\/a><\/li>\n<li>Pr\u00e1cticas de hoja de c\u00e1lculo:\n<ul>\n<li><a href=\"https:\/\/blogsaverroes.juntadeandalucia.es\/iesluzdelmar\/files\/2020\/01\/ejercicios_hoja_de_c\u00e1lculo.ods\" target=\"_blank\" rel=\"noopener noreferrer\">Plantilla con los ejercicios a realizar<\/a>.<\/li>\n<li><a href=\"http:\/\/www.juntadeandalucia.es\/averroes\/centros-tic\/23700840\/helvia\/sitio\/upload\/INFORMATICA_APLICADA_Ejercicios_practicos_para_Writer_y_Calc.pdf\" target=\"_blank\" rel=\"noopener noreferrer\">Relaci\u00f3n de ejercicios<\/a> (p\u00e1gina 43 en adelante)<\/li>\n<\/ul>\n<\/li>\n<li><a href=\"http:\/\/www.profesorantonio.com\/base.htm\" target=\"_blank\" rel=\"noopener noreferrer\">Pr\u00e1cticas de Bases de Datos<\/a> (agregar a Marcadores en el navegador una vez abierto el enlace)\n<ul>\n<li><a href=\"https:\/\/blogsaverroes.juntadeandalucia.es\/iesluzdelmar\/files\/2020\/02\/alimentos_unidad4.zip\" target=\"_blank\" rel=\"noopener noreferrer\">Archivo de Base de Datos \u00abAlimentos\u00bb del libro<\/a> (hay que descomprimir).<\/li>\n<\/ul>\n<\/li>\n<\/ul>\n<p>PLANIFICACI\u00d3N DE LAS CLASES DE T.I.C. PARA EL PERIODO DE AISLAMIENTO PREVENTIVO POR COVID-19<\/p>\n<p>Para terminar el tema de Base de Datos y empezar el siguiente tema har\u00e1 falta la descarga previa tanto de Libre Office como de GIMP, que son programas de licencia libre.<\/p>\n<p><a href=\"https:\/\/blogsaverroes.juntadeandalucia.es\/iesluzdelmar\/files\/2020\/03\/DESCARGAR-programas.pdf\">DESCARGAR programas<\/a><\/p>\n<p>La planificaci\u00f3n de las tareas est\u00e1 en el siguiente archivo, hasta el momento de subirla s\u00f3lo hay grabado un videotutorial, los siguientes los a\u00f1adir\u00e9 a continuaci\u00f3n<\/p>\n<p><a href=\"https:\/\/blogsaverroes.juntadeandalucia.es\/iesluzdelmar\/files\/2020\/03\/TAREAS-TIC.pdf\">TAREAS TIC<\/a><\/p>\n<ul>\n<li><a href=\"https:\/\/youtu.be\/aWGsRbm0aOw\" target=\"_blank\" rel=\"noopener noreferrer\">Videotutorial sobre consultas en bases de datos<\/a>.<\/li>\n<li><a href=\"https:\/\/youtu.be\/grXYWi94XBU\" target=\"_blank\" rel=\"noopener noreferrer\">Videotutorial del final del tema Base de Datos<\/a><\/li>\n<li><a href=\"https:\/\/youtu.be\/CmzW0wqaJG4\" target=\"_blank\" rel=\"noopener noreferrer\">Videotutorial de edici\u00f3n de im\u00e1genes<\/a><\/li>\n<li><a href=\"https:\/\/youtu.be\/FaHZznEnxTU\" target=\"_blank\" rel=\"noopener noreferrer\">Videotutorial de uso de GIMP<\/a><\/li>\n<li><a href=\"https:\/\/youtu.be\/uwmT1BW37mc\" target=\"_blank\" rel=\"noopener noreferrer\">Videotutorial de uso de Openshot<\/a>.<\/li>\n<li><a href=\"https:\/\/www.youtube.com\/watch?v=5vZELhRoUaU\" target=\"_blank\" rel=\"noopener noreferrer\">Videotutorial de uso de Audacity<\/a>.<\/li>\n<li><a href=\"https:\/\/www.youtube.com\/watch?v=o8lyaZuMnJY\" target=\"_blank\" rel=\"noopener noreferrer\">Videotutorial sobre Glogster<\/a>.<\/li>\n<li>Videotutoriales sobre creaci\u00f3n de archivos comprimidos: (<a href=\"https:\/\/www.youtube.com\/watch?v=mQFLLMgsW3Q\" target=\"_blank\" rel=\"noopener noreferrer\">ZIP<\/a>) (<a href=\"https:\/\/www.youtube.com\/watch?v=W_CmZkpzPK0\" target=\"_blank\" rel=\"noopener noreferrer\">7Z<\/a>)<\/li>\n<\/ul>\n<p>La entrega de vuestro archivo de la base de datos se har\u00e1 como muy tarde el mi\u00e9rcoles 18 para el grupo TIC-1 y el viernes 20 para el grupo TIC-2&nbsp; al correo <span style=\"text-decoration: underline\"><span style=\"color: #3366ff;text-decoration: underline\"><em>j.e.berenguel.edu@juntadeandalucia.es<\/em><\/span><\/span> .<\/p>\n<p>La entrega de archivos multimedia y tareas correspondientes a la unidad 5 (\u00abMultimedia\u00bb) se har\u00e1 el mi\u00e9rcoles 25 para el grupo TIC-1 y el viernes 27 para el grupo TIC-2&nbsp; al mismo correo.<\/p>\n<p>&nbsp;<\/p>\n<p>&nbsp;<\/p>\n","protected":false},"excerpt":{"rendered":"<p>1\u00ba ESO Actividades en 1\u00ba de E.S.O.a realizar en casa durante el periodo de aislamiento preventivo por el COVID-19 1\u00baeso_tecnologia 2\u00ba ESO Actividades en 1\u00ba&hellip;<\/p>\n","protected":false},"author":5200,"featured_media":0,"parent":2660,"menu_order":0,"comment_status":"closed","ping_status":"closed","template":"","meta":{"ngg_post_thumbnail":0,"footnotes":"","_mc_calendar":[]},"aioseo_notices":[],"_links":{"self":[{"href":"https:\/\/blogsaverroes.juntadeandalucia.es\/iesluzdelmar\/wp-json\/wp\/v2\/pages\/2764"}],"collection":[{"href":"https:\/\/blogsaverroes.juntadeandalucia.es\/iesluzdelmar\/wp-json\/wp\/v2\/pages"}],"about":[{"href":"https:\/\/blogsaverroes.juntadeandalucia.es\/iesluzdelmar\/wp-json\/wp\/v2\/types\/page"}],"author":[{"embeddable":true,"href":"https:\/\/blogsaverroes.juntadeandalucia.es\/iesluzdelmar\/wp-json\/wp\/v2\/users\/5200"}],"replies":[{"embeddable":true,"href":"https:\/\/blogsaverroes.juntadeandalucia.es\/iesluzdelmar\/wp-json\/wp\/v2\/comments?post=2764"}],"version-history":[{"count":55,"href":"https:\/\/blogsaverroes.juntadeandalucia.es\/iesluzdelmar\/wp-json\/wp\/v2\/pages\/2764\/revisions"}],"predecessor-version":[{"id":4010,"href":"https:\/\/blogsaverroes.juntadeandalucia.es\/iesluzdelmar\/wp-json\/wp\/v2\/pages\/2764\/revisions\/4010"}],"up":[{"embeddable":true,"href":"https:\/\/blogsaverroes.juntadeandalucia.es\/iesluzdelmar\/wp-json\/wp\/v2\/pages\/2660"}],"wp:attachment":[{"href":"https:\/\/blogsaverroes.juntadeandalucia.es\/iesluzdelmar\/wp-json\/wp\/v2\/media?parent=2764"}],"curies":[{"name":"wp","href":"https:\/\/api.w.org\/{rel}","templated":true}]}}