{"id":2789,"date":"2016-10-15T10:40:41","date_gmt":"2016-10-15T08:40:41","guid":{"rendered":"http:\/\/blogsaverroes.juntadeandalucia.es\/iesmacarena\/?page_id=2789"},"modified":"2019-11-15T09:24:19","modified_gmt":"2019-11-15T08:24:19","slug":"programas-de-recuperacion-de-asignaturas-pendientes","status":"publish","type":"page","link":"https:\/\/blogsaverroes.juntadeandalucia.es\/iesmacarena\/programas-de-recuperacion-de-asignaturas-pendientes\/","title":{"rendered":"Programas de recuperaci\u00f3n de asignaturas pendientes"},"content":{"rendered":"<h6 style=\"text-align: center\"><span style=\"color: #008080\"><strong><a href=\"https:\/\/blogsaverroes.juntadeandalucia.es\/iesmacarena\/el-centro-2\/images\/\" rel=\"attachment wp-att-3388\"><img loading=\"lazy\" decoding=\"async\" width=\"189\" height=\"267\" class=\"alignnone size-full wp-image-3388\" alt=\"\" src=\"https:\/\/blogsaverroes.juntadeandalucia.es\/iesmacarena\/files\/2015\/03\/images.jpg\" srcset=\"https:\/\/blogsaverroes.juntadeandalucia.es\/iesmacarena\/files\/2015\/03\/images.jpg 189w, https:\/\/blogsaverroes.juntadeandalucia.es\/iesmacarena\/files\/2015\/03\/images-17x24.jpg 17w, https:\/\/blogsaverroes.juntadeandalucia.es\/iesmacarena\/files\/2015\/03\/images-25x36.jpg 25w, https:\/\/blogsaverroes.juntadeandalucia.es\/iesmacarena\/files\/2015\/03\/images-34x48.jpg 34w\" sizes=\"(max-width: 189px) 100vw, 189px\" \/><\/a><\/strong><\/span><\/h6>\n<h1 style=\"text-align: center\"><span style=\"color: #008080\"><strong>Curso 2018 &#8211; 19<\/strong><\/span><\/h1>\n<p>&nbsp;<\/p>\n<h2 style=\"text-align: left;padding-left: 360px\"><span style=\"color: #008080\">Departamento de Biolog\u00eda y Geolog\u00eda:<\/span><\/h2>\n<p style=\"padding-left: 420px\"><span style=\"color: #008080\"><a style=\"color: #008080\" href=\"https:\/\/blogsaverroes.juntadeandalucia.es\/iesmacarena\/files\/2016\/10\/programrecupendbioygeo.pdf\" target=\"_blank\" rel=\"noopener noreferrer\">Programa de recuperaci\u00f3n<\/a>.<\/span><\/p>\n<h2 style=\"padding-left: 390px\"><span style=\"color: #008080\">Primero de E.S.O.:<\/span><\/h2>\n<p style=\"padding-left: 420px\"><span style=\"color: #008080\"><a style=\"color: #008080\" href=\"https:\/\/blogsaverroes.juntadeandalucia.es\/iesmacarena\/files\/2016\/10\/cuadernopdtes1esobioygeo.pdf\" target=\"_blank\" rel=\"noopener noreferrer\">Cuaderno de actividades de los tres trimestres<\/a>.<\/span><\/p>\n<h2 style=\"padding-left: 390px\"><span style=\"color: #008080\">Tercero&nbsp;de E.S.O.:<\/span><\/h2>\n<h3 style=\"padding-left: 420px\"><span style=\"color: #008080\"><a style=\"font-family: Arimo, sans-serif;font-size: 15px;color: #008080\" href=\"https:\/\/blogsaverroes.juntadeandalucia.es\/iesmacarena\/files\/2016\/10\/cuadernoptes3esobioygeo.pdf\" target=\"_blank\" rel=\"noopener noreferrer\">Cuaderno de actividades de los tres trimestres<\/a>.<\/span><\/h3>\n<h3 style=\"padding-left: 30px\"><span style=\"color: #008080\">&nbsp;<\/span><\/h3>\n<p>&nbsp;<\/p>\n<h2 style=\"text-align: left;padding-left: 360px\"><span style=\"color: #008080\">Departamento de Matem\u00e1ticas:<\/span><\/h2>\n<h2 style=\"text-align: left;padding-left: 390px\"><span style=\"color: #008080\">Primero de E.S.O.:<\/span><\/h2>\n<p style=\"text-align: left;padding-left: 420px\"><span style=\"color: #008080\">Programa de recuperaci\u00f3n&nbsp;de 1\u00ba de ESO.<\/span><\/p>\n<p style=\"text-align: left;padding-left: 420px\"><a href=\"https:\/\/blogsaverroes.juntadeandalucia.es\/iesmacarena\/files\/2019\/10\/Cuadernillo-pendientes_1-eso.docx.-1.pdf\"><span style=\"color: #008080\">Cuaderno de actividades de 1\u00ba de ESO.-1<\/span><\/a><\/p>\n<p style=\"text-align: center\"><a href=\"https:\/\/blogsaverroes.juntadeandalucia.es\/iesmacarena\/files\/2019\/10\/Cuadernillo-pendientes1_ESOPARTE2.docx.-1.pdf\"><u><span style=\"color: #000000;text-decoration: underline\"><span style=\"color: #ff0000;text-decoration: underline\"> Cuaderno de actividades de 1\u00baeso-2<\/span><\/span><\/u><\/a><\/p>\n<h2 style=\"padding-left: 390px\"><span style=\"color: #008080\"><u><\/u>Segundo de ESO:<\/span><\/h2>\n<p style=\"padding-left: 420px\"><span style=\"color: #008080\">Programa de recuperaci\u00f3n&nbsp;de 2\u00ba de ESO.<\/span><\/p>\n<p style=\"padding-left: 420px\"><span style=\"color: #008080\"><a href=\"https:\/\/blogsaverroes.juntadeandalucia.es\/iesmacarena\/files\/2019\/10\/Cuadernillo-pendientes_2eso_mat-19_20.pdf\">Cuaderno de actividades de 2\u00ba de ESO<\/a>.<\/span><\/p>\n<h2 style=\"text-align: right\"><a href=\"https:\/\/blogsaverroes.juntadeandalucia.es\/iesmacarena\/files\/2019\/11\/Cuadernillo-pendientes-PMAR2\u00baESO.pdf\">Pmar 2\u00ba eso. Pendientes<\/a><\/h2>\n<h2 style=\"padding-left: 390px\"><span style=\"color: #008080\">Tercero de ESO:<\/span><\/h2>\n<p style=\"padding-left: 420px\"><span style=\"color: #008080\">Programa de recuperaci\u00f3n&nbsp;de 3\u00ba de ESO. Aplicadas.<\/span><\/p>\n<p style=\"padding-left: 420px\"><a href=\"https:\/\/blogsaverroes.juntadeandalucia.es\/iesmacarena\/files\/2019\/10\/Cuadernillo-Pendientes-3\u00ba-ESO-Aplicadas-19-20.pdf\"><span style=\"color: #008080\">Cuaderno de actividades de 3\u00ba&nbsp;de ESO. Aplicadas<\/span><\/a><\/p>\n<p style=\"padding-left: 420px\"><span style=\"color: #008080\">Programa de recuperaci\u00f3n&nbsp;de 3\u00ba de ESO. Acad\u00e9micas.<\/span><\/p>\n<p style=\"padding-left: 420px\"><a href=\"https:\/\/blogsaverroes.juntadeandalucia.es\/iesmacarena\/files\/2019\/10\/Cuadernillo-Pend-3\u00ba-ESO-Acad-19-20.pdf\"><span style=\"color: #008080\">Cuaderno de actividades de 3\u00ba&nbsp;de ESO. Acad\u00e9micas<\/span><\/a><\/p>\n<h1 style=\"text-align: right\"><a href=\"https:\/\/blogsaverroes.juntadeandalucia.es\/iesmacarena\/files\/2019\/10\/Cuadernillo-mat-pendientes-Pemar_3eso.pdf\">3\u00baeso Pmar.Pendientes<\/a><\/h1>\n<h1>&nbsp;<\/h1>\n<h1>&nbsp;<\/h1>\n<h1 style=\"text-align: right;padding-left: 390px\"><span style=\"color: #008080\">Primero de bachillerato:<\/span><\/h1>\n<p style=\"padding-left: 420px\"><span style=\"color: #008080\">Programa de recuperaci\u00f3n&nbsp;de 1\u00ba de Bachillerato. Sociales<\/span><\/p>\n<p style=\"padding-left: 420px\"><span style=\"color: #008080\">Programa de recuperaci\u00f3n&nbsp;de 1\u00ba de Bachillerato.&nbsp;Cient\u00edfico y Tecnol\u00f3gico<\/span><\/p>\n<p style=\"padding-left: 420px\"><a href=\"https:\/\/blogsaverroes.juntadeandalucia.es\/iesmacarena\/files\/2019\/10\/cuadernillo-de-pendientes-1\u00ba-Bach-CCSS-1-1.pdf\"><span style=\"color: #008080\">Cuaderno de actividades de 1\u00ba de bachillerato. Sociales<\/span><\/a><\/p>\n<p style=\"padding-left: 420px\"><a href=\"https:\/\/blogsaverroes.juntadeandalucia.es\/iesmacarena\/files\/2019\/10\/CuadPtes1Bto-Ciencias-1\u00aa-parte_19_20.pdf\"><span style=\"color: #008080\"><span style=\"text-decoration: underline\">Cuaderno de actividades de 1\u00ba de bachillerato. Cient\u00edfico y <\/span><span style=\"text-decoration: underline\">Te<\/span>cnol\u00f3gico<\/span>.<\/a><\/p>\n<h2><span style=\"color: #008080\">&nbsp;<\/span><span style=\"color: #008080\">&nbsp; &nbsp; &nbsp; &nbsp; &nbsp; &nbsp; &nbsp; &nbsp; &nbsp; &nbsp; &nbsp; &nbsp; &nbsp; &nbsp; &nbsp; &nbsp; &nbsp; &nbsp; &nbsp; &nbsp; &nbsp; &nbsp; &nbsp; &nbsp; &nbsp; &nbsp; &nbsp; &nbsp; &nbsp; &nbsp; &nbsp; &nbsp; &nbsp; &nbsp; &nbsp; &nbsp; &nbsp; &nbsp;&nbsp; D<\/span><span style=\"color: #008080\">epartamento de F\u00edsica y Qu\u00edmica:<\/span><\/h2>\n<p style=\"padding-left: 420px\"><a href=\"https:\/\/blogsaverroes.juntadeandalucia.es\/iesmacarena\/files\/2017\/10\/programarecuperacionpendientesfq1.pdf\"><span style=\"color: #008080\">Programa de &nbsp;recuperaci\u00f3n de todos los niveles de ESO y bachillerato<\/span><\/a><\/p>\n<h2 style=\"padding-left: 390px\"><span style=\"color: #008080\">Segundo de ESO<\/span><\/h2>\n<p style=\"padding-left: 420px\"><span style=\"color: #008080\"><a style=\"color: #008080\" href=\"https:\/\/blogsaverroes.juntadeandalucia.es\/iesmacarena\/files\/2016\/11\/pendientes2eso_T1.pdf\" target=\"_blank\" rel=\"noopener noreferrer\">Cuaderno de actividades primer trimestre<\/a><\/span><\/p>\n<p style=\"padding-left: 420px\"><span style=\"color: #008080\"><a style=\"color: #008080\" href=\"https:\/\/blogsaverroes.juntadeandalucia.es\/iesmacarena\/files\/2016\/11\/pendientes2eso_T2.pdf\" target=\"_blank\" rel=\"noopener noreferrer\">Cuaderno de actividades segundo trimestre<\/a><\/span><\/p>\n<p style=\"padding-left: 420px\"><span style=\"color: #008080\"><a style=\"color: #008080\" href=\"https:\/\/blogsaverroes.juntadeandalucia.es\/iesmacarena\/files\/2016\/11\/pendientes2eso_T3.pdf\" target=\"_blank\" rel=\"noopener noreferrer\">Cuaderno de actividades tercer trimestre<\/a><\/span><\/p>\n<h2 style=\"text-align: right\"><a href=\"https:\/\/blogsaverroes.juntadeandalucia.es\/iesmacarena\/files\/2019\/10\/Cuadernillo-pendientes-FyQ-2\u00ba-PEMAR.pdf\">Pmar 2\u00ba eso. Pendientes<\/a><\/h2>\n<h2 style=\"padding-left: 390px\"><span style=\"color: #008080\">Tercero de ESO.<\/span><\/h2>\n<p style=\"padding-left: 420px\"><a style=\"color: #008080;text-decoration: underline\" href=\"https:\/\/blogsaverroes.juntadeandalucia.es\/iesmacarena\/files\/2016\/11\/pendientes_tercero_fq.pdf\" target=\"_blank\" rel=\"noopener noreferrer\">Cuaderno de actividades de los tres trimestres<\/a><\/p>\n<p>&nbsp;<\/p>\n<h2 style=\"padding-left: 360px\"><span style=\"color: #008080\">Departamento de Filosof\u00eda:<\/span><\/h2>\n<p style=\"padding-left: 420px\"><span style=\"color: #008080\"><a style=\"color: #008080\" href=\"https:\/\/blogsaverroes.juntadeandalucia.es\/iesmacarena\/files\/2016\/11\/valoreseticos1eso_filpend.pdf\" target=\"_blank\" rel=\"noopener noreferrer\">Cuaderno de recuperaci\u00f3n de Valores \u00c9ticos de 1\u00ba de ESO<\/a><\/span><\/p>\n<p style=\"padding-left: 420px\"><span style=\"color: #008080\"><a style=\"color: #008080\" href=\"https:\/\/blogsaverroes.juntadeandalucia.es\/iesmacarena\/files\/2016\/11\/valoreseticos3eso_filpend.pdf\" target=\"_blank\" rel=\"noopener noreferrer\">Cuaderno de recuperaci\u00f3n de Valores \u00c9ticos de 3\u00ba de ESO<\/a><\/span><\/p>\n<p style=\"padding-left: 420px\"><span style=\"color: #008080\"><a style=\"color: #008080\" href=\"https:\/\/blogsaverroes.juntadeandalucia.es\/iesmacarena\/files\/2016\/11\/ciudadaniaddhh3eso_filpend.pdf\" target=\"_blank\" rel=\"noopener noreferrer\">Cuaderno de recuperaci\u00f3n de Ciudadan\u00eda DDHH&nbsp;de 3\u00ba de ESO<\/a><\/span><\/p>\n<p style=\"padding-left: 420px\"><span style=\"color: #008080\"><a style=\"color: #008080\" href=\"https:\/\/blogsaverroes.juntadeandalucia.es\/iesmacarena\/files\/2016\/11\/filosofia1bach_filpend.pdf\" target=\"_blank\" rel=\"noopener noreferrer\">Cuaderno de recuperaci\u00f3n de Filosof\u00eda&nbsp;de 1\u00ba de&nbsp;bachillerato<\/a><\/span><\/p>\n<h1><span style=\"color: #008080\"><a style=\"color: #008080\" href=\"http:\/\/blogsaverroes.juntadeandalucia.es\/iesmacarena\/files\/2016\/11\/filosofia1bach_filpend.pdf\" target=\"_blank\" rel=\"noopener noreferrer\">&nbsp;<\/a><\/span><\/h1>\n<p>&nbsp;<\/p>\n<p>&nbsp;<\/p>\n<p>&nbsp;<\/p>\n","protected":false},"excerpt":{"rendered":"<p>Curso 2018 &#8211; 19 &nbsp; Departamento de Biolog\u00eda y Geolog\u00eda: Programa de recuperaci\u00f3n. Primero de E.S.O.: Cuaderno de actividades de los tres trimestres. Tercero&nbsp;de E.S.O.: Cuaderno de actividades de los tres trimestres. &nbsp; &nbsp;&#46;&#46;&#46;<\/p>\n","protected":false},"author":3033,"featured_media":0,"parent":0,"menu_order":0,"comment_status":"open","ping_status":"open","template":"page-c.php","meta":{"ngg_post_thumbnail":0,"footnotes":"","_mc_calendar":[]},"aioseo_notices":[],"_links":{"self":[{"href":"https:\/\/blogsaverroes.juntadeandalucia.es\/iesmacarena\/wp-json\/wp\/v2\/pages\/2789"}],"collection":[{"href":"https:\/\/blogsaverroes.juntadeandalucia.es\/iesmacarena\/wp-json\/wp\/v2\/pages"}],"about":[{"href":"https:\/\/blogsaverroes.juntadeandalucia.es\/iesmacarena\/wp-json\/wp\/v2\/types\/page"}],"author":[{"embeddable":true,"href":"https:\/\/blogsaverroes.juntadeandalucia.es\/iesmacarena\/wp-json\/wp\/v2\/users\/3033"}],"replies":[{"embeddable":true,"href":"https:\/\/blogsaverroes.juntadeandalucia.es\/iesmacarena\/wp-json\/wp\/v2\/comments?post=2789"}],"version-history":[{"count":72,"href":"https:\/\/blogsaverroes.juntadeandalucia.es\/iesmacarena\/wp-json\/wp\/v2\/pages\/2789\/revisions"}],"predecessor-version":[{"id":3546,"href":"https:\/\/blogsaverroes.juntadeandalucia.es\/iesmacarena\/wp-json\/wp\/v2\/pages\/2789\/revisions\/3546"}],"wp:attachment":[{"href":"https:\/\/blogsaverroes.juntadeandalucia.es\/iesmacarena\/wp-json\/wp\/v2\/media?parent=2789"}],"curies":[{"name":"wp","href":"https:\/\/api.w.org\/{rel}","templated":true}]}}

Programas de recuperación de asignaturas pendientes

<h6 style="text-align: center"><span style="color: #008080"><strong><a href="https://blogsaverroes.juntadeandalucia.es/iesmacarena/el-centro-2/images/" rel="attachment wp-att-3388"><img loading="lazy" decoding="async" width="189" height="267" class="alignnone size-full wp-image-3388" alt="" src="https://blogsaverroes.juntadeandalucia.es/iesmacarena/files/2015/03/images.jpg" srcset="https://blogsaverroes.juntadeandalucia.es/iesmacarena/files/2015/03/images.jpg 189w, https://blogsaverroes.juntadeandalucia.es/iesmacarena/files/2015/03/images-17x24.jpg 17w, https://blogsaverroes.juntadeandalucia.es/iesmacarena/files/2015/03/images-25x36.jpg 25w, https://blogsaverroes.juntadeandalucia.es/iesmacarena/files/2015/03/images-34x48.jpg 34w" sizes="(max-width: 189px) 100vw, 189px" /></a></strong></span></h6>
<h1 style="text-align: center"><span style="color: #008080"><strong>Curso 2018 &#8211; 19</strong></span></h1>
<p>&nbsp;</p>
<h2 style="text-align: left;padding-left: 360px"><span style="color: #008080">Departamento de Biología y Geología:</span></h2>
<p style="padding-left: 420px"><span style="color: #008080"><a style="color: #008080" href="https://blogsaverroes.juntadeandalucia.es/iesmacarena/files/2016/10/programrecupendbioygeo.pdf" target="_blank" rel="noopener noreferrer">Programa de recuperación</a>.</span></p>
<h2 style="padding-left: 390px"><span style="color: #008080">Primero de E.S.O.:</span></h2>
<p style="padding-left: 420px"><span style="color: #008080"><a style="color: #008080" href="https://blogsaverroes.juntadeandalucia.es/iesmacarena/files/2016/10/cuadernopdtes1esobioygeo.pdf" target="_blank" rel="noopener noreferrer">Cuaderno de actividades de los tres trimestres</a>.</span></p>
<h2 style="padding-left: 390px"><span style="color: #008080">Tercero&nbsp;de E.S.O.:</span></h2>
<h3 style="padding-left: 420px"><span style="color: #008080"><a style="font-family: Arimo, sans-serif;font-size: 15px;color: #008080" href="https://blogsaverroes.juntadeandalucia.es/iesmacarena/files/2016/10/cuadernoptes3esobioygeo.pdf" target="_blank" rel="noopener noreferrer">Cuaderno de actividades de los tres trimestres</a>.</span></h3>
<h3 style="padding-left: 30px"><span style="color: #008080">&nbsp;</span></h3>
<p>&nbsp;</p>
<h2 style="text-align: left;padding-left: 360px"><span style="color: #008080">Departamento de Matemáticas:</span></h2>
<h2 style="text-align: left;padding-left: 390px"><span style="color: #008080">Primero de E.S.O.:</span></h2>
<p style="text-align: left;padding-left: 420px"><span style="color: #008080">Programa de recuperación&nbsp;de 1º de ESO.</span></p>
<p style="text-align: left;padding-left: 420px"><a href="https://blogsaverroes.juntadeandalucia.es/iesmacarena/files/2019/10/Cuadernillo-pendientes_1-eso.docx.-1.pdf"><span style="color: #008080">Cuaderno de actividades de 1º de ESO.-1</span></a></p>
<p style="text-align: center"><a href="https://blogsaverroes.juntadeandalucia.es/iesmacarena/files/2019/10/Cuadernillo-pendientes1_ESOPARTE2.docx.-1.pdf"><u><span style="color: #000000;text-decoration: underline"><span style="color: #ff0000;text-decoration: underline"> Cuaderno de actividades de 1ºeso-2</span></span></u></a></p>
<h2 style="padding-left: 390px"><span style="color: #008080"><u></u>Segundo de ESO:</span></h2>
<p style="padding-left: 420px"><span style="color: #008080">Programa de recuperación&nbsp;de 2º de ESO.</span></p>
<p style="padding-left: 420px"><span style="color: #008080"><a href="https://blogsaverroes.juntadeandalucia.es/iesmacarena/files/2019/10/Cuadernillo-pendientes_2eso_mat-19_20.pdf">Cuaderno de actividades de 2º de ESO</a>.</span></p>
<h2 style="text-align: right"><a href="https://blogsaverroes.juntadeandalucia.es/iesmacarena/files/2019/11/Cuadernillo-pendientes-PMAR2ºESO.pdf">Pmar 2º eso. Pendientes</a></h2>
<h2 style="padding-left: 390px"><span style="color: #008080">Tercero de ESO:</span></h2>
<p style="padding-left: 420px"><span style="color: #008080">Programa de recuperación&nbsp;de 3º de ESO. Aplicadas.</span></p>
<p style="padding-left: 420px"><a href="https://blogsaverroes.juntadeandalucia.es/iesmacarena/files/2019/10/Cuadernillo-Pendientes-3º-ESO-Aplicadas-19-20.pdf"><span style="color: #008080">Cuaderno de actividades de 3º&nbsp;de ESO. Aplicadas</span></a></p>
<p style="padding-left: 420px"><span style="color: #008080">Programa de recuperación&nbsp;de 3º de ESO. Académicas.</span></p>
<p style="padding-left: 420px"><a href="https://blogsaverroes.juntadeandalucia.es/iesmacarena/files/2019/10/Cuadernillo-Pend-3º-ESO-Acad-19-20.pdf"><span style="color: #008080">Cuaderno de actividades de 3º&nbsp;de ESO. Académicas</span></a></p>
<h1 style="text-align: right"><a href="https://blogsaverroes.juntadeandalucia.es/iesmacarena/files/2019/10/Cuadernillo-mat-pendientes-Pemar_3eso.pdf">3ºeso Pmar.Pendientes</a></h1>
<h1>&nbsp;</h1>
<h1>&nbsp;</h1>
<h1 style="text-align: right;padding-left: 390px"><span style="color: #008080">Primero de bachillerato:</span></h1>
<p style="padding-left: 420px"><span style="color: #008080">Programa de recuperación&nbsp;de 1º de Bachillerato. Sociales</span></p>
<p style="padding-left: 420px"><span style="color: #008080">Programa de recuperación&nbsp;de 1º de Bachillerato.&nbsp;Científico y Tecnológico</span></p>
<p style="padding-left: 420px"><a href="https://blogsaverroes.juntadeandalucia.es/iesmacarena/files/2019/10/cuadernillo-de-pendientes-1º-Bach-CCSS-1-1.pdf"><span style="color: #008080">Cuaderno de actividades de 1º de bachillerato. Sociales</span></a></p>
<p style="padding-left: 420px"><a href="https://blogsaverroes.juntadeandalucia.es/iesmacarena/files/2019/10/CuadPtes1Bto-Ciencias-1ª-parte_19_20.pdf"><span style="color: #008080"><span style="text-decoration: underline">Cuaderno de actividades de 1º de bachillerato. Científico y </span><span style="text-decoration: underline">Te</span>cnológico</span>.</a></p>
<h2><span style="color: #008080">&nbsp;</span><span style="color: #008080">&nbsp; &nbsp; &nbsp; &nbsp; &nbsp; &nbsp; &nbsp; &nbsp; &nbsp; &nbsp; &nbsp; &nbsp; &nbsp; &nbsp; &nbsp; &nbsp; &nbsp; &nbsp; &nbsp; &nbsp; &nbsp; &nbsp; &nbsp; &nbsp; &nbsp; &nbsp; &nbsp; &nbsp; &nbsp; &nbsp; &nbsp; &nbsp; &nbsp; &nbsp; &nbsp; &nbsp; &nbsp; &nbsp;&nbsp; D</span><span style="color: #008080">epartamento de Física y Química:</span></h2>
<p style="padding-left: 420px"><a href="https://blogsaverroes.juntadeandalucia.es/iesmacarena/files/2017/10/programarecuperacionpendientesfq1.pdf"><span style="color: #008080">Programa de &nbsp;recuperación de todos los niveles de ESO y bachillerato</span></a></p>
<h2 style="padding-left: 390px"><span style="color: #008080">Segundo de ESO</span></h2>
<p style="padding-left: 420px"><span style="color: #008080"><a style="color: #008080" href="https://blogsaverroes.juntadeandalucia.es/iesmacarena/files/2016/11/pendientes2eso_T1.pdf" target="_blank" rel="noopener noreferrer">Cuaderno de actividades primer trimestre</a></span></p>
<p style="padding-left: 420px"><span style="color: #008080"><a style="color: #008080" href="https://blogsaverroes.juntadeandalucia.es/iesmacarena/files/2016/11/pendientes2eso_T2.pdf" target="_blank" rel="noopener noreferrer">Cuaderno de actividades segundo trimestre</a></span></p>
<p style="padding-left: 420px"><span style="color: #008080"><a style="color: #008080" href="https://blogsaverroes.juntadeandalucia.es/iesmacarena/files/2016/11/pendientes2eso_T3.pdf" target="_blank" rel="noopener noreferrer">Cuaderno de actividades tercer trimestre</a></span></p>
<h2 style="text-align: right"><a href="https://blogsaverroes.juntadeandalucia.es/iesmacarena/files/2019/10/Cuadernillo-pendientes-FyQ-2º-PEMAR.pdf">Pmar 2º eso. Pendientes</a></h2>
<h2 style="padding-left: 390px"><span style="color: #008080">Tercero de ESO.</span></h2>
<p style="padding-left: 420px"><a style="color: #008080;text-decoration: underline" href="https://blogsaverroes.juntadeandalucia.es/iesmacarena/files/2016/11/pendientes_tercero_fq.pdf" target="_blank" rel="noopener noreferrer">Cuaderno de actividades de los tres trimestres</a></p>
<p>&nbsp;</p>
<h2 style="padding-left: 360px"><span style="color: #008080">Departamento de Filosofía:</span></h2>
<p style="padding-left: 420px"><span style="color: #008080"><a style="color: #008080" href="https://blogsaverroes.juntadeandalucia.es/iesmacarena/files/2016/11/valoreseticos1eso_filpend.pdf" target="_blank" rel="noopener noreferrer">Cuaderno de recuperación de Valores Éticos de 1º de ESO</a></span></p>
<p style="padding-left: 420px"><span style="color: #008080"><a style="color: #008080" href="https://blogsaverroes.juntadeandalucia.es/iesmacarena/files/2016/11/valoreseticos3eso_filpend.pdf" target="_blank" rel="noopener noreferrer">Cuaderno de recuperación de Valores Éticos de 3º de ESO</a></span></p>
<p style="padding-left: 420px"><span style="color: #008080"><a style="color: #008080" href="https://blogsaverroes.juntadeandalucia.es/iesmacarena/files/2016/11/ciudadaniaddhh3eso_filpend.pdf" target="_blank" rel="noopener noreferrer">Cuaderno de recuperación de Ciudadanía DDHH&nbsp;de 3º de ESO</a></span></p>
<p style="padding-left: 420px"><span style="color: #008080"><a style="color: #008080" href="https://blogsaverroes.juntadeandalucia.es/iesmacarena/files/2016/11/filosofia1bach_filpend.pdf" target="_blank" rel="noopener noreferrer">Cuaderno de recuperación de Filosofía&nbsp;de 1º de&nbsp;bachillerato</a></span></p>
<h1><span style="color: #008080"><a style="color: #008080" href="http://blogsaverroes.juntadeandalucia.es/iesmacarena/files/2016/11/filosofia1bach_filpend.pdf" target="_blank" rel="noopener noreferrer">&nbsp;</a></span></h1>
<p>&nbsp;</p>
<p>&nbsp;</p>
<p>&nbsp;</p>

<p>Curso 2018 &#8211; 19 &nbsp; Departamento de Biología y Geología: Programa de recuperación. Primero de E.S.O.: Cuaderno de actividades de los tres trimestres. Tercero&nbsp;de E.S.O.: Cuaderno de actividades de los tres trimestres. &nbsp; &nbsp;&#46;&#46;&#46;</p>
