{"id":1213,"date":"2022-09-10T19:46:38","date_gmt":"2022-09-10T18:46:38","guid":{"rendered":"https:\/\/blogsaverroes.juntadeandalucia.es\/iesmanuelromero\/?page_id=1213"},"modified":"2022-09-10T20:25:40","modified_gmt":"2022-09-10T19:25:40","slug":"datos-del-centro","status":"publish","type":"page","link":"https:\/\/blogsaverroes.juntadeandalucia.es\/iesmanuelromero\/datos-del-centro\/","title":{"rendered":"Datos del Centro"},"content":{"rendered":"<p style=\"text-align: left\"><span style=\"font-size: 14pt\"><strong>LOCALIDAD<\/strong><\/span><\/p>\n<p style=\"text-align: left\">Villanueva de la concepci\u00f3n es un municipio de 3288 habitantes. El t\u00e9rmino municipal abarca los siguientes n\u00facleos de poblaci\u00f3n:<\/p>\n<ul style=\"text-align: left\">\n<li>\n<p class=\"western\">Por una parte, la poblaci\u00f3n de Villanueva propiamente dicha, 2.596 habitantes.<\/p>\n<\/li>\n<li>\n<p class=\"western\">Por otro lado, la poblaci\u00f3n de diseminados asciende a 692 habitantes.<\/p>\n<\/li>\n<\/ul>\n<p class=\"western\" style=\"text-align: left\">Es importante resaltar que la poblaci\u00f3n a la que hemos hecho alusi\u00f3n es inferior a la poblaci\u00f3n que realmente presenta, existiendo una poblaci\u00f3n mucho mayor, adem\u00e1s de la circunstancia de contar con una poblaci\u00f3n que, a\u00fan censada en el municipio de Antequera, demanda los servicios de la localidad, debido entre otros factores a la proximidad territorial. Tal es el caso de los siguientes anexos: La Higuera, La Joya, Lomas de Tienda, entre otros.<\/p>\n<p class=\"western\" style=\"text-align: left\">En estos \u00faltimos diez a\u00f1os ha existido un crecimiento significativo de extranjeros principalmente del Reino Unido.<\/p>\n<p class=\"western\" style=\"text-align: left\">La poblaci\u00f3n activa de la localidad asciende aproximadamente a unas 2000 personas y el sector econ\u00f3mico que prevalece es el secundario, pues la localidad cuenta con una industria textil que destaca entre los municipios de la comarca de Antequera.<\/p>\n<p class=\"western\" style=\"text-align: left\">Dentro del sector primario destaca el olivo, el almendro y el cereal como mayores exponentes de la agricultura y el ganado caprino como mayor exponente de la ganader\u00eda. Dentro de esta \u00faltima hemos de resaltar la fabricaci\u00f3n artesanal de queso de cabra en la localidad.<\/p>\n<p class=\"western\" style=\"text-align: left\">La construcci\u00f3n es otro sector que se encuentra representado en la localidad y que concentra a una gran n\u00famero de j\u00f3venes, pero ante la actual situaci\u00f3n de crisis, principalmente en este sector, nos encontramos con multitud de j\u00f3venes desempleados, con escasa cualificaci\u00f3n profesional y sin estudios o con estudios b\u00e1sicos no finalizados (motivado principalmente por un abandono de los mismos, consecuencia de los a\u00f1os dorados de la construcci\u00f3n).<\/p>\n<p class=\"western\" style=\"text-align: left\">Podemos deducir de los datos anteriores que las familias del centro poseen un nivel econ\u00f3mico medio, por lo que se puede concluir que los problemas de convivencia no se pueden achacar a problemas econ\u00f3micos de las familias, al menos de forma general.<\/p>\n<p style=\"text-align: left\">&nbsp;<\/p>\n<p style=\"text-align: left\"><span style=\"font-size: 14pt\"><strong>NUESTRO CENTRO<\/strong><\/span><\/p>\n<p class=\"western\" style=\"text-align: left\">Nuestro centro docente est\u00e1 situado en Villanueva de la Concepci\u00f3n en la provincia de M\u00e1laga. Se encuentra a 38 km de la capital y a 15 de Antequera, y a m\u00e1s de 500 m de altitud sobre el nivel del mar.<\/p>\n<p class=\"western\" style=\"text-align: left\">El Claustro de profesores est\u00e1 formado por 22 profesionales, cada uno especialista en sus materias, adem\u00e1s de la profesora de Religi\u00f3n, para un alumnado que oscila normalmente entre 160 y 180 alumnos\/as, ubicados en dos l\u00edneas desde los niveles de 1\u00ba de E.S.O. hasta 4\u00ba de E.S.O.<\/p>\n<p class=\"western\" style=\"text-align: left\">El IES es de tipo C2. En \u00e9l se imparte la Educaci\u00f3n Secundaria Obligatoria, con el programa de mejora del aprendizaje y rendimiento acad\u00e9mico, contando en la actualidad con 8 unidades repartidas del siguiente modo:<\/p>\n<p class=\"western\" style=\"text-align: left\">1\u00ba ESO = 2 unidades<\/p>\n<p class=\"western\" style=\"text-align: left\">2\u00ba ESO = 2 unidades (incluyendo programa de mejora del aprendizaje y rendimiento acad\u00e9mico)<\/p>\n<p class=\"western\" style=\"text-align: left\">3\u00ba ESO = 2 unidades (incluyendo programa de mejora del aprendizaje y rendimiento acad\u00e9mico)<\/p>\n<p class=\"western\" style=\"text-align: left\">4\u00ba ESO = 2 unidades<\/p>\n<p class=\"western\" style=\"text-align: left\">Nuestras instalaciones corresponden a un edificio moderno ya que se inaugur\u00f3 en octubre de 2002. El Instituto tiene dos plantas (planta baja y primera planta) y consta de las siguientes dependencias: 10 aulas ordinarias, aula de pl\u00e1stica, laboratorio, aula de tecnolog\u00eda, aula de inform\u00e1tica, aula de m\u00fasica, biblioteca, despacho de direcci\u00f3n, despacho de jefatura de estudios, 5 despachos varios, secretar\u00eda, sala de profesores, 5 departamentos o seminarios, pista polideportiva, sala comedor y cocina, entre otras dependencias.<\/p>\n<p class=\"western\" style=\"text-align: left\">Durante el presente curso hay matriculados un total de 163 alumnos\/as.<\/p>\n<p class=\"western\" style=\"text-align: left\">El Claustro lo forman 22 profesores\/as y una profesora de religi\u00f3n de comparte horario con otros centros.<\/p>\n<p class=\"western\" style=\"text-align: left\">El personal no docente (PAS) est\u00e1 formado por:<\/p>\n<p class=\"western\" style=\"text-align: left\">&#8211; una ordenanza<\/p>\n<p class=\"western\" style=\"text-align: left\">&#8211; un puesto de auxiliar administrativo<\/p>\n<p class=\"western\" style=\"text-align: left\">El personal de limpieza pertenece a una empresa externa contratada por la Delegaci\u00f3n Provincial.<\/p>\n<!--themify_builder_content-->\n<div id=\"themify_builder_content-1213\" data-postid=\"1213\" class=\"themify_builder_content themify_builder_content-1213 themify_builder tf_clear\">\n    <\/div>\n<!--\/themify_builder_content-->\n","protected":false},"excerpt":{"rendered":"<p>LOCALIDAD Villanueva de la concepci\u00f3n es un municipio de 3288 habitantes. El t\u00e9rmino municipal abarca los siguientes n\u00facleos de poblaci\u00f3n: Por una parte, la poblaci\u00f3n de Villanueva propiamente dicha, 2.596 habitantes. Por otro lado, la poblaci\u00f3n de diseminados asciende a 692 habitantes. Es importante resaltar que la poblaci\u00f3n a la que hemos hecho alusi\u00f3n es [&hellip;]<\/p>\n","protected":false},"author":15210,"featured_media":0,"parent":0,"menu_order":0,"comment_status":"closed","ping_status":"closed","template":"","meta":{"ngg_post_thumbnail":0,"footnotes":""},"aioseo_notices":[],"post_mailing_queue_ids":[],"_links":{"self":[{"href":"https:\/\/blogsaverroes.juntadeandalucia.es\/iesmanuelromero\/wp-json\/wp\/v2\/pages\/1213"}],"collection":[{"href":"https:\/\/blogsaverroes.juntadeandalucia.es\/iesmanuelromero\/wp-json\/wp\/v2\/pages"}],"about":[{"href":"https:\/\/blogsaverroes.juntadeandalucia.es\/iesmanuelromero\/wp-json\/wp\/v2\/types\/page"}],"author":[{"embeddable":true,"href":"https:\/\/blogsaverroes.juntadeandalucia.es\/iesmanuelromero\/wp-json\/wp\/v2\/users\/15210"}],"replies":[{"embeddable":true,"href":"https:\/\/blogsaverroes.juntadeandalucia.es\/iesmanuelromero\/wp-json\/wp\/v2\/comments?post=1213"}],"version-history":[{"count":9,"href":"https:\/\/blogsaverroes.juntadeandalucia.es\/iesmanuelromero\/wp-json\/wp\/v2\/pages\/1213\/revisions"}],"predecessor-version":[{"id":1261,"href":"https:\/\/blogsaverroes.juntadeandalucia.es\/iesmanuelromero\/wp-json\/wp\/v2\/pages\/1213\/revisions\/1261"}],"wp:attachment":[{"href":"https:\/\/blogsaverroes.juntadeandalucia.es\/iesmanuelromero\/wp-json\/wp\/v2\/media?parent=1213"}],"curies":[{"name":"wp","href":"https:\/\/api.w.org\/{rel}","templated":true}]}}

<p style="text-align: left"><span style="font-size: 14pt"><strong>LOCALIDAD</strong></span></p>
<p style="text-align: left">Villanueva de la concepción es un municipio de 3288 habitantes. El término municipal abarca los siguientes núcleos de población:</p>
<ul style="text-align: left">
<li>
<p class="western">Por una parte, la población de Villanueva propiamente dicha, 2.596 habitantes.</p>
</li>
<li>
<p class="western">Por otro lado, la población de diseminados asciende a 692 habitantes.</p>
</li>
</ul>
<p class="western" style="text-align: left">Es importante resaltar que la población a la que hemos hecho alusión es inferior a la población que realmente presenta, existiendo una población mucho mayor, además de la circunstancia de contar con una población que, aún censada en el municipio de Antequera, demanda los servicios de la localidad, debido entre otros factores a la proximidad territorial. Tal es el caso de los siguientes anexos: La Higuera, La Joya, Lomas de Tienda, entre otros.</p>
<p class="western" style="text-align: left">En estos últimos diez años ha existido un crecimiento significativo de extranjeros principalmente del Reino Unido.</p>
<p class="western" style="text-align: left">La población activa de la localidad asciende aproximadamente a unas 2000 personas y el sector económico que prevalece es el secundario, pues la localidad cuenta con una industria textil que destaca entre los municipios de la comarca de Antequera.</p>
<p class="western" style="text-align: left">Dentro del sector primario destaca el olivo, el almendro y el cereal como mayores exponentes de la agricultura y el ganado caprino como mayor exponente de la ganadería. Dentro de esta última hemos de resaltar la fabricación artesanal de queso de cabra en la localidad.</p>
<p class="western" style="text-align: left">La construcción es otro sector que se encuentra representado en la localidad y que concentra a una gran número de jóvenes, pero ante la actual situación de crisis, principalmente en este sector, nos encontramos con multitud de jóvenes desempleados, con escasa cualificación profesional y sin estudios o con estudios básicos no finalizados (motivado principalmente por un abandono de los mismos, consecuencia de los años dorados de la construcción).</p>
<p class="western" style="text-align: left">Podemos deducir de los datos anteriores que las familias del centro poseen un nivel económico medio, por lo que se puede concluir que los problemas de convivencia no se pueden achacar a problemas económicos de las familias, al menos de forma general.</p>
<p style="text-align: left">&nbsp;</p>
<p style="text-align: left"><span style="font-size: 14pt"><strong>NUESTRO CENTRO</strong></span></p>
<p class="western" style="text-align: left">Nuestro centro docente está situado en Villanueva de la Concepción en la provincia de Málaga. Se encuentra a 38 km de la capital y a 15 de Antequera, y a más de 500 m de altitud sobre el nivel del mar.</p>
<p class="western" style="text-align: left">El Claustro de profesores está formado por 22 profesionales, cada uno especialista en sus materias, además de la profesora de Religión, para un alumnado que oscila normalmente entre 160 y 180 alumnos/as, ubicados en dos líneas desde los niveles de 1º de E.S.O. hasta 4º de E.S.O.</p>
<p class="western" style="text-align: left">El IES es de tipo C2. En él se imparte la Educación Secundaria Obligatoria, con el programa de mejora del aprendizaje y rendimiento académico, contando en la actualidad con 8 unidades repartidas del siguiente modo:</p>
<p class="western" style="text-align: left">1º ESO = 2 unidades</p>
<p class="western" style="text-align: left">2º ESO = 2 unidades (incluyendo programa de mejora del aprendizaje y rendimiento académico)</p>
<p class="western" style="text-align: left">3º ESO = 2 unidades (incluyendo programa de mejora del aprendizaje y rendimiento académico)</p>
<p class="western" style="text-align: left">4º ESO = 2 unidades</p>
<p class="western" style="text-align: left">Nuestras instalaciones corresponden a un edificio moderno ya que se inauguró en octubre de 2002. El Instituto tiene dos plantas (planta baja y primera planta) y consta de las siguientes dependencias: 10 aulas ordinarias, aula de plástica, laboratorio, aula de tecnología, aula de informática, aula de música, biblioteca, despacho de dirección, despacho de jefatura de estudios, 5 despachos varios, secretaría, sala de profesores, 5 departamentos o seminarios, pista polideportiva, sala comedor y cocina, entre otras dependencias.</p>
<p class="western" style="text-align: left">Durante el presente curso hay matriculados un total de 163 alumnos/as.</p>
<p class="western" style="text-align: left">El Claustro lo forman 22 profesores/as y una profesora de religión de comparte horario con otros centros.</p>
<p class="western" style="text-align: left">El personal no docente (PAS) está formado por:</p>
<p class="western" style="text-align: left">&#8211; una ordenanza</p>
<p class="western" style="text-align: left">&#8211; un puesto de auxiliar administrativo</p>
<p class="western" style="text-align: left">El personal de limpieza pertenece a una empresa externa contratada por la Delegación Provincial.</p>
<!--themify_builder_content-->
<div id="themify_builder_content-1213" data-postid="1213" class="themify_builder_content themify_builder_content-1213 themify_builder tf_clear">
    </div>
<!--/themify_builder_content-->

<p>LOCALIDAD Villanueva de la concepción es un municipio de 3288 habitantes. El término municipal abarca los siguientes núcleos de población: Por una parte, la población de Villanueva propiamente dicha, 2.596 habitantes. Por otro lado, la población de diseminados asciende a 692 habitantes. Es importante resaltar que la población a la que hemos hecho alusión es [&hellip;]</p>
