{"id":183,"date":"2015-04-21T10:47:58","date_gmt":"2015-04-21T10:47:58","guid":{"rendered":"http:\/\/www.iesmarazul.es\/?page_id=183"},"modified":"2025-12-06T22:26:21","modified_gmt":"2025-12-06T21:26:21","slug":"geografia-e-historia","status":"publish","type":"page","link":"https:\/\/blogsaverroes.juntadeandalucia.es\/iesmarazul\/geografia-e-historia\/","title":{"rendered":"Ciencias Sociales"},"content":{"rendered":"\r\n<p>En el curso acad\u00e9mico 2025\/2026, el Departamento de Ciencias Sociales est\u00e1 formado por:<\/p>\r\n\r\n\r\n\r\n<ul>\r\n<li>D. Alberto Rodr\u00edguez Zorrilla &#8211; Jefe de Departamento.<\/li>\r\n<li>D. Diego P\u00e9rez Cabello.<\/li>\r\n<li>D. Miguel Juan Rojas Fern\u00e1ndez.<\/li>\r\n<li>Alberto S\u00e1ez Gallegos.<\/li>\r\n<\/ul>\r\n<p>Puede consultarse la Programaci\u00f3n Did\u00e1ctica y Criterios de Evaluaci\u00f3n que el departamento ha establecido para el presente curso:<\/p>\r\n\r\n\r\n\r\n<p class=\"wp-block-pdfemb-pdf-embedder-viewer\" style=\"text-align: center\"><a href=\"https:\/\/blogsaverroes.juntadeandalucia.es\/iesmarazul\/files\/2025\/12\/Geografia-e-Historia.pdf\">Programaci\u00f3n de Geograf\u00eda e Historia 2025\/2026<\/a><\/p>\r\n<p style=\"text-align: center\"><a href=\"https:\/\/blogsaverroes.juntadeandalucia.es\/iesmarazul\/files\/2025\/01\/Programacion-de-EVCE-2024.pdf\">Programaci\u00f3n de EVCE 2024\/2025<\/a><\/p>\r\n<p style=\"text-align: center\"><a href=\"https:\/\/blogsaverroes.juntadeandalucia.es\/iesmarazul\/files\/2025\/01\/Programacion-de-Religion-Catolica-2024.pdf\">Programaci\u00f3n de Religi\u00f3n Cat\u00f3lica 2024\/2025<\/a><\/p>\r\n","protected":false},"excerpt":{"rendered":"<p>En el curso acad\u00e9mico 2025\/2026, el Departamento de Ciencias Sociales est\u00e1 formado por: D. Alberto Rodr\u00edguez Zorrilla &#8211; Jefe de Departamento. D. Diego P\u00e9rez Cabello. D. Miguel Juan Rojas Fern\u00e1ndez. Alberto S\u00e1ez Gallegos. Puede&#46;&#46;&#46;<\/p>\n","protected":false},"author":16923,"featured_media":3983,"parent":0,"menu_order":0,"comment_status":"closed","ping_status":"closed","template":"","meta":{"ngg_post_thumbnail":0,"footnotes":""},"aioseo_notices":[],"_links":{"self":[{"href":"https:\/\/blogsaverroes.juntadeandalucia.es\/iesmarazul\/wp-json\/wp\/v2\/pages\/183"}],"collection":[{"href":"https:\/\/blogsaverroes.juntadeandalucia.es\/iesmarazul\/wp-json\/wp\/v2\/pages"}],"about":[{"href":"https:\/\/blogsaverroes.juntadeandalucia.es\/iesmarazul\/wp-json\/wp\/v2\/types\/page"}],"author":[{"embeddable":true,"href":"https:\/\/blogsaverroes.juntadeandalucia.es\/iesmarazul\/wp-json\/wp\/v2\/users\/16923"}],"replies":[{"embeddable":true,"href":"https:\/\/blogsaverroes.juntadeandalucia.es\/iesmarazul\/wp-json\/wp\/v2\/comments?post=183"}],"version-history":[{"count":15,"href":"https:\/\/blogsaverroes.juntadeandalucia.es\/iesmarazul\/wp-json\/wp\/v2\/pages\/183\/revisions"}],"predecessor-version":[{"id":5833,"href":"https:\/\/blogsaverroes.juntadeandalucia.es\/iesmarazul\/wp-json\/wp\/v2\/pages\/183\/revisions\/5833"}],"wp:featuredmedia":[{"embeddable":true,"href":"https:\/\/blogsaverroes.juntadeandalucia.es\/iesmarazul\/wp-json\/wp\/v2\/media\/3983"}],"wp:attachment":[{"href":"https:\/\/blogsaverroes.juntadeandalucia.es\/iesmarazul\/wp-json\/wp\/v2\/media?parent=183"}],"curies":[{"name":"wp","href":"https:\/\/api.w.org\/{rel}","templated":true}]}}

<p>En el curso académico 2025/2026, el Departamento de Ciencias Sociales está formado por:</p>



<ul>
<li>D. Alberto Rodríguez Zorrilla &#8211; Jefe de Departamento.</li>
<li>D. Diego Pérez Cabello.</li>
<li>D. Miguel Juan Rojas Fernández.</li>
<li>Alberto Sáez Gallegos.</li>
</ul>
<p>Puede consultarse la Programación Didáctica y Criterios de Evaluación que el departamento ha establecido para el presente curso:</p>



<p class="wp-block-pdfemb-pdf-embedder-viewer" style="text-align: center"><a href="https://blogsaverroes.juntadeandalucia.es/iesmarazul/files/2025/12/Geografia-e-Historia.pdf">Programación de Geografía e Historia 2025/2026</a></p>
<p style="text-align: center"><a href="https://blogsaverroes.juntadeandalucia.es/iesmarazul/files/2025/01/Programacion-de-EVCE-2024.pdf">Programación de EVCE 2024/2025</a></p>
<p style="text-align: center"><a href="https://blogsaverroes.juntadeandalucia.es/iesmarazul/files/2025/01/Programacion-de-Religion-Catolica-2024.pdf">Programación de Religión Católica 2024/2025</a></p>

<p>En el curso académico 2025/2026, el Departamento de Ciencias Sociales está formado por: D. Alberto Rodríguez Zorrilla &#8211; Jefe de Departamento. D. Diego Pérez Cabello. D. Miguel Juan Rojas Fernández. Alberto Sáez Gallegos. Puede&#46;&#46;&#46;</p>
