{"id":196,"date":"2015-04-21T10:51:55","date_gmt":"2015-04-21T10:51:55","guid":{"rendered":"http:\/\/www.iesmarazul.es\/?page_id=196"},"modified":"2025-12-06T22:23:04","modified_gmt":"2025-12-06T21:23:04","slug":"tecnologia","status":"publish","type":"page","link":"https:\/\/blogsaverroes.juntadeandalucia.es\/iesmarazul\/tecnologia\/","title":{"rendered":"Matem\u00e1ticas y Tecnolog\u00eda"},"content":{"rendered":"\r\n<p>En el curso acad\u00e9mico 2025\/2026, el Departamento de Matem\u00e1ticas y Tecnolog\u00eda est\u00e1 formado por:<\/p>\r\n\r\n\r\n\r\n\r\n\r\n<ul>\r\n<li>D\u00aa. Lorena Ramos Segura &#8211; Jefa de Departamento<\/li>\r\n<li>D\u00aa. Mar\u00eda Elena Due\u00f1as Alcalde.<\/li>\r\n<li>D. Francisco Manuel Garrido Morales.<\/li>\r\n<li>D. Francisco Jos\u00e9 S\u00e1nchez G\u00f3mez.<\/li>\r\n<li>D. Antonio Rivas Garc\u00eda.<\/li>\r\n<\/ul>\r\n\r\n\r\n\r\n<p>A trav\u00e9s del siguiente enlace puede consultarse la Programaci\u00f3n Did\u00e1ctica y Criterios de Evaluaci\u00f3n que el departamento ha establecido para el presente curso:<\/p>\r\n\r\n\r\n\r\n<p class=\"wp-block-pdfemb-pdf-embedder-viewer\" style=\"text-align: center\"><a href=\"https:\/\/blogsaverroes.juntadeandalucia.es\/iesmarazul\/files\/2025\/12\/Matematicas.pdf\">Programaci\u00f3n de Matem\u00e1ticas 2025\/2026<\/a><\/p>\r\n<p style=\"text-align: center\"><a href=\"https:\/\/blogsaverroes.juntadeandalucia.es\/iesmarazul\/files\/2025\/12\/Matematicas-A.pdf\">Programaci\u00f3n de Matem\u00e1ticas A 2025\/2026<\/a><\/p>\r\n<p style=\"text-align: center\"><a href=\"https:\/\/blogsaverroes.juntadeandalucia.es\/iesmarazul\/files\/2025\/12\/Matematicas-B.pdf\">Programaci\u00f3n de Matem\u00e1ticas B 2025\/2026<\/a><\/p>\r\n<p style=\"text-align: center\"><a href=\"https:\/\/blogsaverroes.juntadeandalucia.es\/iesmarazul\/files\/2025\/12\/TyD.pdf\">Programaci\u00f3n Tecnolog\u00eda y Digitalizaci\u00f3n 2025\/2026<\/a><\/p>\r\n<p style=\"text-align: center\"><a href=\"https:\/\/blogsaverroes.juntadeandalucia.es\/iesmarazul\/files\/2025\/12\/Tecnologia.pdf\">Programaci\u00f3n de Tecnolog\u00eda 2025\/2026<\/a><\/p>\r\n<p style=\"text-align: center\"><a href=\"https:\/\/blogsaverroes.juntadeandalucia.es\/iesmarazul\/files\/2025\/12\/CyR.pdf\">Programaci\u00f3n de Computaci\u00f3n y Rob\u00f3tica 2025\/2026<\/a><\/p>\r\n<p style=\"text-align: center\"><a href=\"https:\/\/blogsaverroes.juntadeandalucia.es\/iesmarazul\/files\/2025\/12\/Digitalizacion.pdf\">Programaci\u00f3n de Digitalizaci\u00f3n 2025\/2026<\/a><\/p>\r\n<p style=\"text-align: center\">&nbsp;<\/p>\r\n<p style=\"text-align: center\">&nbsp;<\/p>\r\n","protected":false},"excerpt":{"rendered":"<p>En el curso acad\u00e9mico 2025\/2026, el Departamento de Matem\u00e1ticas y Tecnolog\u00eda est\u00e1 formado por: D\u00aa. Lorena Ramos Segura &#8211; Jefa de Departamento D\u00aa. Mar\u00eda Elena Due\u00f1as Alcalde. D. Francisco Manuel Garrido Morales. D. Francisco&#46;&#46;&#46;<\/p>\n","protected":false},"author":16923,"featured_media":3977,"parent":0,"menu_order":0,"comment_status":"closed","ping_status":"closed","template":"","meta":{"ngg_post_thumbnail":0,"footnotes":""},"aioseo_notices":[],"_links":{"self":[{"href":"https:\/\/blogsaverroes.juntadeandalucia.es\/iesmarazul\/wp-json\/wp\/v2\/pages\/196"}],"collection":[{"href":"https:\/\/blogsaverroes.juntadeandalucia.es\/iesmarazul\/wp-json\/wp\/v2\/pages"}],"about":[{"href":"https:\/\/blogsaverroes.juntadeandalucia.es\/iesmarazul\/wp-json\/wp\/v2\/types\/page"}],"author":[{"embeddable":true,"href":"https:\/\/blogsaverroes.juntadeandalucia.es\/iesmarazul\/wp-json\/wp\/v2\/users\/16923"}],"replies":[{"embeddable":true,"href":"https:\/\/blogsaverroes.juntadeandalucia.es\/iesmarazul\/wp-json\/wp\/v2\/comments?post=196"}],"version-history":[{"count":16,"href":"https:\/\/blogsaverroes.juntadeandalucia.es\/iesmarazul\/wp-json\/wp\/v2\/pages\/196\/revisions"}],"predecessor-version":[{"id":5831,"href":"https:\/\/blogsaverroes.juntadeandalucia.es\/iesmarazul\/wp-json\/wp\/v2\/pages\/196\/revisions\/5831"}],"wp:featuredmedia":[{"embeddable":true,"href":"https:\/\/blogsaverroes.juntadeandalucia.es\/iesmarazul\/wp-json\/wp\/v2\/media\/3977"}],"wp:attachment":[{"href":"https:\/\/blogsaverroes.juntadeandalucia.es\/iesmarazul\/wp-json\/wp\/v2\/media?parent=196"}],"curies":[{"name":"wp","href":"https:\/\/api.w.org\/{rel}","templated":true}]}}