{"id":3162,"date":"2020-10-08T10:50:34","date_gmt":"2020-10-08T10:50:34","guid":{"rendered":"http:\/\/www.iesmarazul.es\/?page_id=3162"},"modified":"2020-10-08T10:50:34","modified_gmt":"2020-10-08T10:50:34","slug":"asociaciones","status":"publish","type":"page","link":"https:\/\/blogsaverroes.juntadeandalucia.es\/iesmarazul\/asociaciones\/","title":{"rendered":"ASOCIACIONES"},"content":{"rendered":"\n<h2 class=\"wp-block-heading\">Asociaci\u00f3n de Mujeres &#8220;La Aldeilla&#8221; Santa Mar\u00eda del \u00c1guila<\/h2>\n\n\n\n<p>Nuestro centro colabora con esta asociaci\u00f3n desde hace varios cursos. Hemos participado cada a\u00f1o en la jornada de formaci\u00f3n para j\u00f3venes por la Igualdad, que se han realizado en el Cabo de Gata, con actividades enfocadas a hacer reflexionar al alumnado sobre la necesidad de trabajar por el respeto y por una igualdad real.<\/p>\n\n\n\n<p>Adem\u00e1s, esta asociaci\u00f3n es muy activa y organiza actividades constantemente. Con la situaci\u00f3n actual, todas se pueden realizar online, solo basta inscribirse. <\/p>\n\n\n\n<p>Para el pr\u00f3ximo viernes<\/p>\n\n\n\n<figure class=\"wp-block-image size-large\"><img loading=\"lazy\" decoding=\"async\" width=\"1024\" height=\"576\" src=\"https:\/\/blogsaverroes.juntadeandalucia.es\/iesmarazul\/files\/2021\/01\/PHOTO-2020-12-17-10-15-04-1024x576.jpg\" alt=\"\" class=\"wp-image-3242\" srcset=\"https:\/\/blogsaverroes.juntadeandalucia.es\/iesmarazul\/files\/2021\/01\/PHOTO-2020-12-17-10-15-04-1024x576.jpg 1024w, https:\/\/blogsaverroes.juntadeandalucia.es\/iesmarazul\/files\/2021\/01\/PHOTO-2020-12-17-10-15-04-300x169.jpg 300w, https:\/\/blogsaverroes.juntadeandalucia.es\/iesmarazul\/files\/2021\/01\/PHOTO-2020-12-17-10-15-04-768x432.jpg 768w, https:\/\/blogsaverroes.juntadeandalucia.es\/iesmarazul\/files\/2021\/01\/PHOTO-2020-12-17-10-15-04-1080x608.jpg 1080w, https:\/\/blogsaverroes.juntadeandalucia.es\/iesmarazul\/files\/2021\/01\/PHOTO-2020-12-17-10-15-04-980x551.jpg 980w, https:\/\/blogsaverroes.juntadeandalucia.es\/iesmarazul\/files\/2021\/01\/PHOTO-2020-12-17-10-15-04-480x270.jpg 480w, https:\/\/blogsaverroes.juntadeandalucia.es\/iesmarazul\/files\/2021\/01\/PHOTO-2020-12-17-10-15-04.jpg 1280w\" sizes=\"(max-width: 1024px) 100vw, 1024px\" \/><\/figure>\n\n\n\n<p><\/p>\n","protected":false},"excerpt":{"rendered":"<p>Asociaci\u00f3n de Mujeres &#8220;La Aldeilla&#8221; Santa Mar\u00eda del \u00c1guila Nuestro centro colabora con esta asociaci\u00f3n desde hace varios cursos. Hemos participado cada a\u00f1o en la jornada de formaci\u00f3n para j\u00f3venes por la Igualdad, que&#46;&#46;&#46;<\/p>\n","protected":false},"author":16923,"featured_media":0,"parent":0,"menu_order":0,"comment_status":"closed","ping_status":"closed","template":"","meta":{"ngg_post_thumbnail":0,"footnotes":""},"aioseo_notices":[],"_links":{"self":[{"href":"https:\/\/blogsaverroes.juntadeandalucia.es\/iesmarazul\/wp-json\/wp\/v2\/pages\/3162"}],"collection":[{"href":"https:\/\/blogsaverroes.juntadeandalucia.es\/iesmarazul\/wp-json\/wp\/v2\/pages"}],"about":[{"href":"https:\/\/blogsaverroes.juntadeandalucia.es\/iesmarazul\/wp-json\/wp\/v2\/types\/page"}],"author":[{"embeddable":true,"href":"https:\/\/blogsaverroes.juntadeandalucia.es\/iesmarazul\/wp-json\/wp\/v2\/users\/16923"}],"replies":[{"embeddable":true,"href":"https:\/\/blogsaverroes.juntadeandalucia.es\/iesmarazul\/wp-json\/wp\/v2\/comments?post=3162"}],"version-history":[{"count":0,"href":"https:\/\/blogsaverroes.juntadeandalucia.es\/iesmarazul\/wp-json\/wp\/v2\/pages\/3162\/revisions"}],"wp:attachment":[{"href":"https:\/\/blogsaverroes.juntadeandalucia.es\/iesmarazul\/wp-json\/wp\/v2\/media?parent=3162"}],"curies":[{"name":"wp","href":"https:\/\/api.w.org\/{rel}","templated":true}]}}