{"id":5564,"date":"2025-04-02T15:50:36","date_gmt":"2025-04-02T14:50:36","guid":{"rendered":"https:\/\/blogsaverroes.juntadeandalucia.es\/iesmarazul\/?page_id=5564"},"modified":"2025-04-02T15:51:57","modified_gmt":"2025-04-02T14:51:57","slug":"programa-investiga-y-descubre","status":"publish","type":"page","link":"https:\/\/blogsaverroes.juntadeandalucia.es\/iesmarazul\/programa-investiga-y-descubre\/","title":{"rendered":"Programa Investiga y Descubre"},"content":{"rendered":"<p>El Programa \u201cInvestiga y Descubre\u201d. consiste en la realizaci\u00f3n, en horario no lectivo, de proyectos para la estimulaci\u00f3n del aprendizaje y de la iniciativa en el alumnado que destaca por su inter\u00e9s, motivaci\u00f3n y capacidad hacia la realizaci\u00f3n de actividades que supongan una profundizaci\u00f3n con respecto al curr\u00edculo ordinario, en los centros docentes p\u00fablicos dependientes de la Consejer\u00eda de Desarrollo Educativo y Formaci\u00f3n Profesional de la Junta de Andaluc\u00eda.<\/p>\n<p>El desarrollo del Programa \u201cInvestiga y Descubre\u201d implica de una manera especial a los cuatro pilares b\u00e1sicos del Sistema Educativo: el alumnado, sus familias, el profesorado y los centros docentes.<\/p>\n<p>Permite ofrecer experiencias educativas adaptadas a las necesidades que presenta el alumnado altamente motivado para el aprendizaje, as\u00ed como para el alumnado que presenta altas capacidades intelectuales.<\/p>\n<p>Este curso 2024\/2025, el IES Mar Azul oferta este programa educativo de la mano del profesor Marcos Mu\u00f1os, el cual, junto con alumnado de 1\u00ba y 2\u00ba de ESO, est\u00e1 desarrollando el proyecto<strong><em> \u00bfIN?-VISIBLE: Experiencia a trav\u00e9s de la IA.<\/em><\/strong><\/p>\n","protected":false},"excerpt":{"rendered":"<p>El Programa \u201cInvestiga y Descubre\u201d. consiste en la realizaci\u00f3n, en horario no lectivo, de proyectos para la estimulaci\u00f3n del aprendizaje y de la iniciativa en el alumnado que destaca por su inter\u00e9s, motivaci\u00f3n y&#46;&#46;&#46;<\/p>\n","protected":false},"author":15395,"featured_media":0,"parent":0,"menu_order":0,"comment_status":"closed","ping_status":"closed","template":"","meta":{"ngg_post_thumbnail":0,"footnotes":""},"aioseo_notices":[],"_links":{"self":[{"href":"https:\/\/blogsaverroes.juntadeandalucia.es\/iesmarazul\/wp-json\/wp\/v2\/pages\/5564"}],"collection":[{"href":"https:\/\/blogsaverroes.juntadeandalucia.es\/iesmarazul\/wp-json\/wp\/v2\/pages"}],"about":[{"href":"https:\/\/blogsaverroes.juntadeandalucia.es\/iesmarazul\/wp-json\/wp\/v2\/types\/page"}],"author":[{"embeddable":true,"href":"https:\/\/blogsaverroes.juntadeandalucia.es\/iesmarazul\/wp-json\/wp\/v2\/users\/15395"}],"replies":[{"embeddable":true,"href":"https:\/\/blogsaverroes.juntadeandalucia.es\/iesmarazul\/wp-json\/wp\/v2\/comments?post=5564"}],"version-history":[{"count":3,"href":"https:\/\/blogsaverroes.juntadeandalucia.es\/iesmarazul\/wp-json\/wp\/v2\/pages\/5564\/revisions"}],"predecessor-version":[{"id":5567,"href":"https:\/\/blogsaverroes.juntadeandalucia.es\/iesmarazul\/wp-json\/wp\/v2\/pages\/5564\/revisions\/5567"}],"wp:attachment":[{"href":"https:\/\/blogsaverroes.juntadeandalucia.es\/iesmarazul\/wp-json\/wp\/v2\/media?parent=5564"}],"curies":[{"name":"wp","href":"https:\/\/api.w.org\/{rel}","templated":true}]}}