{"id":158,"date":"2015-03-17T07:50:33","date_gmt":"2015-03-17T07:50:33","guid":{"rendered":"http:\/\/blogsaverroes.juntadeandalucia.es\/pre\/ceip\/?page_id=158"},"modified":"2019-02-14T19:35:04","modified_gmt":"2019-02-14T19:35:04","slug":"biologia-y-geologia","status":"publish","type":"page","link":"https:\/\/blogsaverroes.juntadeandalucia.es\/iesmardelsur\/biologia-y-geologia\/","title":{"rendered":"Matem\u00e1ticas"},"content":{"rendered":"<p><img loading=\"lazy\" decoding=\"async\" class=\"aligncenter size-medium wp-image-2135\" src=\"http:\/\/blogsaverroes.juntadeandalucia.es\/temafrontieries\/files\/2015\/03\/matematicas-300x210.jpg\" alt=\"matematicas\" width=\"300\" height=\"210\" srcset=\"https:\/\/blogsaverroes.juntadeandalucia.es\/iesmardelsur\/files\/2015\/03\/matematicas-300x210.jpg 300w, https:\/\/blogsaverroes.juntadeandalucia.es\/iesmardelsur\/files\/2015\/03\/matematicas.jpg 640w\" sizes=\"(max-width: 300px) 100vw, 300px\" \/><\/p>\n<p><strong><span style=\"font-family: sans-serif\"><span style=\"font-size: medium\">Matem\u00e1ticas <\/span><\/span><\/strong><\/p>\n<p><span style=\"font-family: sans-serif\"><span style=\"font-size: medium\">Las matem\u00e1ticas constituyen una forma de mirar e interpretar el mundo que nos rodea, reflejan la capacidad creativa, expresan con precisi\u00f3n conceptos y argumentos, favorecen la capacidad para aprender a aprender y contienen elementos de gran belleza; sin olvidar adem\u00e1s el car\u00e1cter instrumental que las matem\u00e1ticas tienen como base fundamental para la adquisici\u00f3n de nuevos conocimientos en otras disciplinas, especialmente en el proceso cient\u00edfico y tecnol\u00f3gico y como fuerza conductora en el desarrollo de la cultura y las civilizaciones.<\/span><\/span><\/p>\n<p>&nbsp;<\/p>\n<p><strong>Recursos<\/strong><\/p>\n<table style=\"width: 847px\">\n<tbody>\n<tr>\n<td style=\"width: 361.8px;text-align: center\"><strong>Curso<\/strong><\/td>\n<td style=\"width: 444.2px;text-align: center\"><strong>Recurso<\/strong><\/td>\n<\/tr>\n<tr>\n<td style=\"width: 361.8px;text-align: center\">\n<h6>1\u00baESO<\/h6>\n<h6>Matem\u00e1ticas<\/h6>\n<\/td>\n<td style=\"width: 444.2px\"><a href=\"https:\/\/www.geogebra.org\/m\/rvRDxy6V\">Cuaderno digital de actividades para practicar y profundizar<\/a><\/td>\n<\/tr>\n<tr>\n<td style=\"width: 361.8px;text-align: center\">\n<h6>2\u00baESO<\/h6>\n<h6>Matem\u00e1ticas<\/h6>\n<\/td>\n<td style=\"width: 444.2px\"><a href=\"https:\/\/www.geogebra.org\/m\/f28cZkhK\">Cuaderno digital de actividades para practicar y profundizar<\/a><\/td>\n<\/tr>\n<tr>\n<td style=\"width: 361.8px\">\n<h6 style=\"text-align: center\">3\u00baESO<\/h6>\n<h6 style=\"text-align: center\">Matem\u00e1ticas orientadas a las ense\u00f1anzas acad\u00e9micas<\/h6>\n<\/td>\n<td style=\"width: 444.2px\"><a href=\"https:\/\/www.geogebra.org\/m\/nhrss65c\">Cuaderno digital de actividades para practicar y profundizar<\/a><\/td>\n<\/tr>\n<tr>\n<td style=\"width: 361.8px\">\n<h6 style=\"text-align: center\">3\u00baESO<\/h6>\n<h6 style=\"text-align: center\">Matem\u00e1ticas orientadas a las ense\u00f1anzas aplicadas<\/h6>\n<\/td>\n<td style=\"width: 444.2px\">&nbsp;<\/td>\n<\/tr>\n<tr>\n<td style=\"width: 361.8px;text-align: center\">\n<h6>4\u00baESO<\/h6>\n<h6>Matem\u00e1ticas orientadas a las ense\u00f1anzas acad\u00e9micas<\/h6>\n<\/td>\n<td style=\"width: 444.2px\">&nbsp;<a href=\"https:\/\/www.geogebra.org\/m\/FTMbPT49\">Cuaderno digital de actividades para practicar y profundizar<\/a><\/td>\n<\/tr>\n<tr>\n<td style=\"width: 361.8px;text-align: center\">\n<h6>&nbsp;<\/h6>\n<h6>4\u00baESO<\/h6>\n<h6>Matem\u00e1ticas orientadas a las ense\u00f1anzas aplicadas<\/h6>\n<\/td>\n<td style=\"width: 444.2px\">&nbsp;<\/td>\n<\/tr>\n<\/tbody>\n<\/table>\n<p>&nbsp;<\/p>\n","protected":false},"excerpt":{"rendered":"<p>Matem\u00e1ticas Las matem\u00e1ticas constituyen una forma de mirar e interpretar el mundo que nos rodea, reflejan la capacidad creativa, expresan con precisi\u00f3n conceptos y argumentos, favorecen la capacidad para aprender a aprender y contienen&#46;&#46;&#46;<\/p>\n","protected":false},"author":1,"featured_media":0,"parent":0,"menu_order":0,"comment_status":"closed","ping_status":"open","template":"page-cs.php","meta":{"ngg_post_thumbnail":0,"footnotes":"","_mc_calendar":[]},"aioseo_notices":[],"_links":{"self":[{"href":"https:\/\/blogsaverroes.juntadeandalucia.es\/iesmardelsur\/wp-json\/wp\/v2\/pages\/158"}],"collection":[{"href":"https:\/\/blogsaverroes.juntadeandalucia.es\/iesmardelsur\/wp-json\/wp\/v2\/pages"}],"about":[{"href":"https:\/\/blogsaverroes.juntadeandalucia.es\/iesmardelsur\/wp-json\/wp\/v2\/types\/page"}],"author":[{"embeddable":true,"href":"https:\/\/blogsaverroes.juntadeandalucia.es\/iesmardelsur\/wp-json\/wp\/v2\/users\/1"}],"replies":[{"embeddable":true,"href":"https:\/\/blogsaverroes.juntadeandalucia.es\/iesmardelsur\/wp-json\/wp\/v2\/comments?post=158"}],"version-history":[{"count":5,"href":"https:\/\/blogsaverroes.juntadeandalucia.es\/iesmardelsur\/wp-json\/wp\/v2\/pages\/158\/revisions"}],"predecessor-version":[{"id":2523,"href":"https:\/\/blogsaverroes.juntadeandalucia.es\/iesmardelsur\/wp-json\/wp\/v2\/pages\/158\/revisions\/2523"}],"wp:attachment":[{"href":"https:\/\/blogsaverroes.juntadeandalucia.es\/iesmardelsur\/wp-json\/wp\/v2\/media?parent=158"}],"curies":[{"name":"wp","href":"https:\/\/api.w.org\/{rel}","templated":true}]}}