{"id":3079,"date":"2014-03-08T19:35:27","date_gmt":"2014-03-08T18:35:27","guid":{"rendered":"http:\/\/www.institutomarenostrum.es\/?page_id=523"},"modified":"2014-03-08T19:35:27","modified_gmt":"2014-03-08T18:35:27","slug":"departamento-de-formacion-innovacion-y-evaluacion-educativa","status":"publish","type":"page","link":"https:\/\/blogsaverroes.juntadeandalucia.es\/iesmarenostrum\/oferta-educativa\/departamento-de-formacion-innovacion-y-evaluacion-educativa\/","title":{"rendered":"Departamento de formaci\u00f3n, innovaci\u00f3n, y evaluaci\u00f3n educativa"},"content":{"rendered":"<p>Durante este curso 2013\/14 en el IES estamos llevando a cabo <strong>una actividad formativa sobre la utilizaci\u00f3n de tablets en el aula<\/strong>.<\/p>\n<p>En la primea parte, hemos aprendido a utilizar \u00a0&#8216;Explain Everything&#8217; . Una aplicaci\u00f3n para Ipad y Android donde que produce un v\u00eddeo con<\/p>\n<p>nuestra explicaci\u00f3n utilizando texto, im\u00e1genes, flechas, etc en minutos.<\/p>\n<p>Os dejo un v\u00eddeo donde Rosa Liarte explica un ejemplo de su utilizaci\u00f3n &#8230;.<\/p>\n<p><iframe src=\"http:\/\/www.youtube.com\/embed\/Efew1T3eJA8\" height=\"350\" width=\"425\" frameborder=\"0\"><\/iframe><\/p>\n<p>&nbsp;<\/p>\n","protected":false},"excerpt":{"rendered":"<p>Durante este curso 2013\/14 en el IES estamos llevando a cabo una actividad formativa sobre la utilizaci\u00f3n de tablets en el aula. En la primea parte, hemos aprendido a utilizar \u00a0&#8216;Explain Everything&#8217; . Una aplicaci\u00f3n para Ipad y Android donde que produce un v\u00eddeo con nuestra explicaci\u00f3n utilizando texto, im\u00e1genes, flechas, etc en minutos. Os [&hellip;]<\/p>\n","protected":false},"author":966,"featured_media":0,"parent":11,"menu_order":0,"comment_status":"open","ping_status":"open","template":"","meta":{"_et_pb_use_builder":"","_et_pb_old_content":"","_et_gb_content_width":"","ngg_post_thumbnail":0,"footnotes":""},"aioseo_notices":[],"_links":{"self":[{"href":"https:\/\/blogsaverroes.juntadeandalucia.es\/iesmarenostrum\/wp-json\/wp\/v2\/pages\/3079"}],"collection":[{"href":"https:\/\/blogsaverroes.juntadeandalucia.es\/iesmarenostrum\/wp-json\/wp\/v2\/pages"}],"about":[{"href":"https:\/\/blogsaverroes.juntadeandalucia.es\/iesmarenostrum\/wp-json\/wp\/v2\/types\/page"}],"author":[{"embeddable":true,"href":"https:\/\/blogsaverroes.juntadeandalucia.es\/iesmarenostrum\/wp-json\/wp\/v2\/users\/966"}],"replies":[{"embeddable":true,"href":"https:\/\/blogsaverroes.juntadeandalucia.es\/iesmarenostrum\/wp-json\/wp\/v2\/comments?post=3079"}],"version-history":[{"count":0,"href":"https:\/\/blogsaverroes.juntadeandalucia.es\/iesmarenostrum\/wp-json\/wp\/v2\/pages\/3079\/revisions"}],"up":[{"embeddable":true,"href":"https:\/\/blogsaverroes.juntadeandalucia.es\/iesmarenostrum\/wp-json\/wp\/v2\/pages\/11"}],"wp:attachment":[{"href":"https:\/\/blogsaverroes.juntadeandalucia.es\/iesmarenostrum\/wp-json\/wp\/v2\/media?parent=3079"}],"curies":[{"name":"wp","href":"https:\/\/api.w.org\/{rel}","templated":true}]}}