{"id":2452,"date":"2018-01-17T10:02:12","date_gmt":"2018-01-17T10:02:12","guid":{"rendered":"https:\/\/blogsaverroes.juntadeandalucia.es\/iesmargaritasalas\/?page_id=2452"},"modified":"2023-01-17T12:36:52","modified_gmt":"2023-01-17T12:36:52","slug":"area-socio-linguistica","status":"publish","type":"page","link":"https:\/\/blogsaverroes.juntadeandalucia.es\/iesmargaritasalas\/area-socio-linguistica\/","title":{"rendered":"\u00c1rea Socio-Ling\u00fc\u00edstica"},"content":{"rendered":"<p>CULTURA CL\u00c1SICA<\/p>\n<p>FILOSOF\u00cdA<\/p>\n<p>FRANC\u00c9S<\/p>\n<p>GEOGRAF\u00cdA E HISTORIA<\/p>\n<p>INGL\u00c9S<\/p>\n<p>LENGUA CASTELLANA Y LITERATURA<\/p>\n","protected":false},"excerpt":{"rendered":"<p>CULTURA CL\u00c1SICA FILOSOF\u00cdA FRANC\u00c9S GEOGRAF\u00cdA E HISTORIA INGL\u00c9S LENGUA CASTELLANA Y LITERATURA<\/p>\n","protected":false},"author":5450,"featured_media":0,"parent":0,"menu_order":0,"comment_status":"closed","ping_status":"closed","template":"","meta":{"ngg_post_thumbnail":0,"footnotes":"","_mc_calendar":[]},"aioseo_notices":[],"_links":{"self":[{"href":"https:\/\/blogsaverroes.juntadeandalucia.es\/iesmargaritasalas\/wp-json\/wp\/v2\/pages\/2452"}],"collection":[{"href":"https:\/\/blogsaverroes.juntadeandalucia.es\/iesmargaritasalas\/wp-json\/wp\/v2\/pages"}],"about":[{"href":"https:\/\/blogsaverroes.juntadeandalucia.es\/iesmargaritasalas\/wp-json\/wp\/v2\/types\/page"}],"author":[{"embeddable":true,"href":"https:\/\/blogsaverroes.juntadeandalucia.es\/iesmargaritasalas\/wp-json\/wp\/v2\/users\/5450"}],"replies":[{"embeddable":true,"href":"https:\/\/blogsaverroes.juntadeandalucia.es\/iesmargaritasalas\/wp-json\/wp\/v2\/comments?post=2452"}],"version-history":[{"count":5,"href":"https:\/\/blogsaverroes.juntadeandalucia.es\/iesmargaritasalas\/wp-json\/wp\/v2\/pages\/2452\/revisions"}],"predecessor-version":[{"id":5076,"href":"https:\/\/blogsaverroes.juntadeandalucia.es\/iesmargaritasalas\/wp-json\/wp\/v2\/pages\/2452\/revisions\/5076"}],"wp:attachment":[{"href":"https:\/\/blogsaverroes.juntadeandalucia.es\/iesmargaritasalas\/wp-json\/wp\/v2\/media?parent=2452"}],"curies":[{"name":"wp","href":"https:\/\/api.w.org\/{rel}","templated":true}]}}