{"id":11006,"date":"2023-06-16T11:23:58","date_gmt":"2023-06-16T10:23:58","guid":{"rendered":"https:\/\/blogsaverroes.juntadeandalucia.es\/iesmarquesdecomares\/?page_id=11006"},"modified":"2023-06-16T12:08:11","modified_gmt":"2023-06-16T11:08:11","slug":"filosofia-3","status":"publish","type":"page","link":"https:\/\/blogsaverroes.juntadeandalucia.es\/iesmarquesdecomares\/filosofia-3\/","title":{"rendered":"Filosof\u00eda"},"content":{"rendered":"\t\t<div data-elementor-type=\"wp-page\" data-elementor-id=\"11006\" class=\"elementor elementor-11006\">\n\t\t\t\t\t\t<section class=\"elementor-section elementor-top-section elementor-element elementor-element-6694495e elementor-section-content-middle elementor-section-boxed elementor-section-height-default elementor-section-height-default\" data-id=\"6694495e\" data-element_type=\"section\">\n\t\t\t\t\t\t<div class=\"elementor-container elementor-column-gap-no\">\n\t\t\t\t\t<div class=\"elementor-column elementor-col-100 elementor-top-column elementor-element elementor-element-46e18a87\" data-id=\"46e18a87\" data-element_type=\"column\">\n\t\t\t<div class=\"elementor-widget-wrap elementor-element-populated\">\n\t\t\t\t\t\t<div class=\"elementor-element elementor-element-63d32c38 elementor-widget elementor-widget-heading\" data-id=\"63d32c38\" data-element_type=\"widget\" data-widget_type=\"heading.default\">\n\t\t\t\t<div class=\"elementor-widget-container\">\n\t\t\t\t\t<h4 class=\"elementor-heading-title elementor-size-default\">Educaci\u00f3n Secundaria Obligatoria<\/h4>\t\t\t\t<\/div>\n\t\t\t\t<\/div>\n\t\t\t\t<div class=\"elementor-element elementor-element-2d67bc6f elementor-widget elementor-widget-heading\" data-id=\"2d67bc6f\" data-element_type=\"widget\" data-widget_type=\"heading.default\">\n\t\t\t\t<div class=\"elementor-widget-container\">\n\t\t\t\t\t<h5 class=\"elementor-heading-title elementor-size-default\">Seleccionando la materia, acceder\u00e1s a la informaci\u00f3n ofrecida en el BOJA. Para m\u00e1s informaci\u00f3n, consulta a tus profesores de Filosof\u00eda<\/h5>\t\t\t\t<\/div>\n\t\t\t\t<\/div>\n\t\t\t\t<section class=\"elementor-section elementor-inner-section elementor-element elementor-element-4bb378aa elementor-section-content-middle elementor-section-boxed elementor-section-height-default elementor-section-height-default\" data-id=\"4bb378aa\" data-element_type=\"section\">\n\t\t\t\t\t\t<div class=\"elementor-container elementor-column-gap-default\">\n\t\t\t\t\t<div class=\"elementor-column elementor-col-50 elementor-inner-column elementor-element elementor-element-79b6f05e\" data-id=\"79b6f05e\" data-element_type=\"column\">\n\t\t\t<div class=\"elementor-widget-wrap elementor-element-populated\">\n\t\t\t\t\t\t<div class=\"elementor-element elementor-element-8f4d6fe elementor-widget elementor-widget-heading\" data-id=\"8f4d6fe\" data-element_type=\"widget\" data-widget_type=\"heading.default\">\n\t\t\t\t<div class=\"elementor-widget-container\">\n\t\t\t\t\t<h2 class=\"elementor-heading-title elementor-size-default\">1\u00ba ESO<\/h2>\t\t\t\t<\/div>\n\t\t\t\t<\/div>\n\t\t\t\t<div class=\"elementor-element elementor-element-9d2fba7 elementor-widget elementor-widget-text-editor\" data-id=\"9d2fba7\" data-element_type=\"widget\" data-widget_type=\"text-editor.default\">\n\t\t\t\t<div class=\"elementor-widget-container\">\n\t\t\t\t\t\t\t\t\t<p><a href=\"https:\/\/drive.google.com\/file\/d\/10NwFz8AI0_un1J9ZTwKlz7Z6gKj7XGbV\/view?usp=sharing\">Oratoria y Debate (2 h)<\/a><\/p>\t\t\t\t\t\t\t\t<\/div>\n\t\t\t\t<\/div>\n\t\t\t\t\t<\/div>\n\t\t<\/div>\n\t\t\t\t<div class=\"elementor-column elementor-col-50 elementor-inner-column elementor-element elementor-element-4a3ccbfd\" data-id=\"4a3ccbfd\" data-element_type=\"column\">\n\t\t\t<div class=\"elementor-widget-wrap elementor-element-populated\">\n\t\t\t\t\t\t<div class=\"elementor-element elementor-element-6ab8394 elementor-widget elementor-widget-heading\" data-id=\"6ab8394\" data-element_type=\"widget\" data-widget_type=\"heading.default\">\n\t\t\t\t<div class=\"elementor-widget-container\">\n\t\t\t\t\t<h2 class=\"elementor-heading-title elementor-size-default\">2\u00ba ESO<\/h2>\t\t\t\t<\/div>\n\t\t\t\t<\/div>\n\t\t\t\t<div class=\"elementor-element elementor-element-0436226 elementor-widget elementor-widget-text-editor\" data-id=\"0436226\" data-element_type=\"widget\" data-widget_type=\"text-editor.default\">\n\t\t\t\t<div class=\"elementor-widget-container\">\n\t\t\t\t\t\t\t\t\t<p><a href=\"https:\/\/drive.google.com\/file\/d\/10NwFz8AI0_un1J9ZTwKlz7Z6gKj7XGbV\/view?usp=sharing\">Oratoria y Debate (2 h)<\/a><\/p><p><a href=\"https:\/\/drive.google.com\/file\/d\/1wigmdARLl6eNA4ZPMRPxa6VxxtlDkbCa\/view?usp=sharing\">Educaci\u00f3n en Valores C\u00edvicos y \u00c9ticos (1 h)<\/a><\/p>\t\t\t\t\t\t\t\t<\/div>\n\t\t\t\t<\/div>\n\t\t\t\t\t<\/div>\n\t\t<\/div>\n\t\t\t\t\t<\/div>\n\t\t<\/section>\n\t\t\t\t<section class=\"elementor-section elementor-inner-section elementor-element elementor-element-c715e87 elementor-section-content-middle elementor-section-boxed elementor-section-height-default elementor-section-height-default\" data-id=\"c715e87\" data-element_type=\"section\">\n\t\t\t\t\t\t<div class=\"elementor-container elementor-column-gap-default\">\n\t\t\t\t\t<div class=\"elementor-column elementor-col-50 elementor-inner-column elementor-element elementor-element-3232cf7\" data-id=\"3232cf7\" data-element_type=\"column\">\n\t\t\t<div class=\"elementor-widget-wrap elementor-element-populated\">\n\t\t\t\t\t\t<div class=\"elementor-element elementor-element-5cbc8d5 elementor-widget elementor-widget-heading\" data-id=\"5cbc8d5\" data-element_type=\"widget\" data-widget_type=\"heading.default\">\n\t\t\t\t<div class=\"elementor-widget-container\">\n\t\t\t\t\t<h2 class=\"elementor-heading-title elementor-size-default\">3\u00ba ESO<\/h2>\t\t\t\t<\/div>\n\t\t\t\t<\/div>\n\t\t\t\t<div class=\"elementor-element elementor-element-ea28910 elementor-widget elementor-widget-text-editor\" data-id=\"ea28910\" data-element_type=\"widget\" data-widget_type=\"text-editor.default\">\n\t\t\t\t<div class=\"elementor-widget-container\">\n\t\t\t\t\t\t\t\t\t<p><a href=\"https:\/\/drive.google.com\/file\/d\/10NwFz8AI0_un1J9ZTwKlz7Z6gKj7XGbV\/view?usp=sharing\">Oratoria y Debate (2 h)<\/a><\/p><p><a href=\"https:\/\/drive.google.com\/file\/d\/1vStFDieu5ygvCfUYiZ6873Q1eI0C9jU4\/view?usp=sharing\">Filosof\u00eda y Argumentaci\u00f3n (2 h)<\/a><\/p>\t\t\t\t\t\t\t\t<\/div>\n\t\t\t\t<\/div>\n\t\t\t\t\t<\/div>\n\t\t<\/div>\n\t\t\t\t<div class=\"elementor-column elementor-col-50 elementor-inner-column elementor-element elementor-element-311a2b0\" data-id=\"311a2b0\" data-element_type=\"column\">\n\t\t\t<div class=\"elementor-widget-wrap elementor-element-populated\">\n\t\t\t\t\t\t<div class=\"elementor-element elementor-element-56b3688 elementor-widget elementor-widget-heading\" data-id=\"56b3688\" data-element_type=\"widget\" data-widget_type=\"heading.default\">\n\t\t\t\t<div class=\"elementor-widget-container\">\n\t\t\t\t\t<h2 class=\"elementor-heading-title elementor-size-default\">4\u00ba ESO<\/h2>\t\t\t\t<\/div>\n\t\t\t\t<\/div>\n\t\t\t\t<div class=\"elementor-element elementor-element-e98f2ef elementor-widget elementor-widget-text-editor\" data-id=\"e98f2ef\" data-element_type=\"widget\" data-widget_type=\"text-editor.default\">\n\t\t\t\t<div class=\"elementor-widget-container\">\n\t\t\t\t\t\t\t\t\t<p><a href=\"https:\/\/drive.google.com\/file\/d\/1j699ZW-Fp3qiGtPECdfJBabQ58MZpULb\/view?usp=sharing\">Aprendizaje Social y Emocional (2 h)<\/a><\/p><p><a href=\"https:\/\/drive.google.com\/file\/d\/1x_N7EDPjFFd220G7FqE3bRjOgu7J3XyC\/view?usp=sharing\">Filosof\u00eda (2 h)<\/a><\/p>\t\t\t\t\t\t\t\t<\/div>\n\t\t\t\t<\/div>\n\t\t\t\t\t<\/div>\n\t\t<\/div>\n\t\t\t\t\t<\/div>\n\t\t<\/section>\n\t\t\t\t\t<\/div>\n\t\t<\/div>\n\t\t\t\t\t<\/div>\n\t\t<\/section>\n\t\t\t\t<section class=\"elementor-section elementor-top-section elementor-element elementor-element-80882d8 elementor-section-content-middle elementor-section-boxed elementor-section-height-default elementor-section-height-default\" data-id=\"80882d8\" data-element_type=\"section\">\n\t\t\t\t\t\t<div class=\"elementor-container elementor-column-gap-no\">\n\t\t\t\t\t<div class=\"elementor-column elementor-col-100 elementor-top-column elementor-element elementor-element-b956ce2\" data-id=\"b956ce2\" data-element_type=\"column\">\n\t\t\t<div class=\"elementor-widget-wrap elementor-element-populated\">\n\t\t\t\t\t\t<div class=\"elementor-element elementor-element-34a82a1 elementor-widget elementor-widget-heading\" data-id=\"34a82a1\" data-element_type=\"widget\" data-widget_type=\"heading.default\">\n\t\t\t\t<div class=\"elementor-widget-container\">\n\t\t\t\t\t<h4 class=\"elementor-heading-title elementor-size-default\">Bachillerato<\/h4>\t\t\t\t<\/div>\n\t\t\t\t<\/div>\n\t\t\t\t<div class=\"elementor-element elementor-element-ca97c88 elementor-widget elementor-widget-heading\" data-id=\"ca97c88\" data-element_type=\"widget\" data-widget_type=\"heading.default\">\n\t\t\t\t<div class=\"elementor-widget-container\">\n\t\t\t\t\t<h5 class=\"elementor-heading-title elementor-size-default\">Seleccionando la materia, acceder\u00e1s a la informaci\u00f3n ofrecida en el BOJA. Para m\u00e1s informaci\u00f3n, consulta a tus profesores de Filosof\u00eda<\/h5>\t\t\t\t<\/div>\n\t\t\t\t<\/div>\n\t\t\t\t<div class=\"elementor-element elementor-element-339bdf5 elementor-widget elementor-widget-heading\" data-id=\"339bdf5\" data-element_type=\"widget\" data-widget_type=\"heading.default\">\n\t\t\t\t<div class=\"elementor-widget-container\">\n\t\t\t\t\t<h4 class=\"elementor-heading-title elementor-size-default\">1\u00ba Curso<\/h4>\t\t\t\t<\/div>\n\t\t\t\t<\/div>\n\t\t\t\t<section class=\"elementor-section elementor-inner-section elementor-element elementor-element-1c4635c elementor-section-content-middle elementor-section-boxed elementor-section-height-default elementor-section-height-default\" data-id=\"1c4635c\" data-element_type=\"section\">\n\t\t\t\t\t\t<div class=\"elementor-container elementor-column-gap-default\">\n\t\t\t\t\t<div class=\"elementor-column elementor-col-33 elementor-inner-column elementor-element elementor-element-3f889bd\" data-id=\"3f889bd\" data-element_type=\"column\">\n\t\t\t<div class=\"elementor-widget-wrap elementor-element-populated\">\n\t\t\t\t\t\t<div class=\"elementor-element elementor-element-7b7eb6b elementor-widget elementor-widget-heading\" data-id=\"7b7eb6b\" data-element_type=\"widget\" data-widget_type=\"heading.default\">\n\t\t\t\t<div class=\"elementor-widget-container\">\n\t\t\t\t\t<h2 class=\"elementor-heading-title elementor-size-default\">Modalidad de Artes Pl\u00e1sticas, Imagen y Dise\u00f1o<\/h2>\t\t\t\t<\/div>\n\t\t\t\t<\/div>\n\t\t\t\t<div class=\"elementor-element elementor-element-31cb1ce elementor-widget elementor-widget-text-editor\" data-id=\"31cb1ce\" data-element_type=\"widget\" data-widget_type=\"text-editor.default\">\n\t\t\t\t<div class=\"elementor-widget-container\">\n\t\t\t\t\t\t\t\t\t<p><strong><a href=\"https:\/\/drive.google.com\/file\/d\/1sxIgWh5NjX7AnzTyvNsBx3QnoDEGVELL\/view?usp=sharing\">Filosof\u00eda (3 h)<\/a><\/strong><\/p>\t\t\t\t\t\t\t\t<\/div>\n\t\t\t\t<\/div>\n\t\t\t\t<div class=\"elementor-element elementor-element-33fb398 elementor-widget elementor-widget-text-editor\" data-id=\"33fb398\" data-element_type=\"widget\" data-widget_type=\"text-editor.default\">\n\t\t\t\t<div class=\"elementor-widget-container\">\n\t\t\t\t\t\t\t\t\t<h6>Materias propias de Comunidad<\/h6><p><a href=\"https:\/\/drive.google.com\/file\/d\/1t1VYvcvhhdr_Ye5C3BHEz59qMql07Qag\/view?usp=sharing\">Antropolog\u00eda y Sociolog\u00eda (2 h)<\/a><\/p><p><a href=\"https:\/\/drive.google.com\/file\/d\/1zXFe1lbBPWqc8n20iMf7u1nJbiTuVdQf\/view?usp=sharing\">Educaci\u00f3n para la Convivencia Democr\u00e1tica I (2 h)<\/a><\/p><p>Aula de Debate (2 h)<\/p><p>\u00a0<\/p>\t\t\t\t\t\t\t\t<\/div>\n\t\t\t\t<\/div>\n\t\t\t\t\t<\/div>\n\t\t<\/div>\n\t\t\t\t<div class=\"elementor-column elementor-col-33 elementor-inner-column elementor-element elementor-element-e6dd755\" data-id=\"e6dd755\" data-element_type=\"column\">\n\t\t\t<div class=\"elementor-widget-wrap elementor-element-populated\">\n\t\t\t\t\t\t<div class=\"elementor-element elementor-element-5da3451 elementor-widget elementor-widget-heading\" data-id=\"5da3451\" data-element_type=\"widget\" data-widget_type=\"heading.default\">\n\t\t\t\t<div class=\"elementor-widget-container\">\n\t\t\t\t\t<h2 class=\"elementor-heading-title elementor-size-default\">Modalidad de Ciencias e Ingenier\u00eda<\/h2>\t\t\t\t<\/div>\n\t\t\t\t<\/div>\n\t\t\t\t<div class=\"elementor-element elementor-element-6049c46 elementor-widget elementor-widget-text-editor\" data-id=\"6049c46\" data-element_type=\"widget\" data-widget_type=\"text-editor.default\">\n\t\t\t\t<div class=\"elementor-widget-container\">\n\t\t\t\t\t\t\t\t\t<p><strong><a href=\"https:\/\/drive.google.com\/file\/d\/1sxIgWh5NjX7AnzTyvNsBx3QnoDEGVELL\/view?usp=sharing\">Filosof\u00eda (3 h)<\/a><\/strong><\/p>\t\t\t\t\t\t\t\t<\/div>\n\t\t\t\t<\/div>\n\t\t\t\t<div class=\"elementor-element elementor-element-91f0e80 elementor-widget elementor-widget-text-editor\" data-id=\"91f0e80\" data-element_type=\"widget\" data-widget_type=\"text-editor.default\">\n\t\t\t\t<div class=\"elementor-widget-container\">\n\t\t\t\t\t\t\t\t\t<h6>Materias propias de Comunidad<\/h6><p><a href=\"https:\/\/drive.google.com\/file\/d\/1t1VYvcvhhdr_Ye5C3BHEz59qMql07Qag\/view?usp=sharing\">Antropolog\u00eda y Sociolog\u00eda (2 h)<\/a><\/p><p><a href=\"https:\/\/drive.google.com\/file\/d\/1zXFe1lbBPWqc8n20iMf7u1nJbiTuVdQf\/view?usp=sharing\">Educaci\u00f3n para la Convivencia Democr\u00e1tica I (2 h)<\/a><\/p><p>Aula de Debate (2 h)<\/p><p>\u00a0<\/p>\t\t\t\t\t\t\t\t<\/div>\n\t\t\t\t<\/div>\n\t\t\t\t\t<\/div>\n\t\t<\/div>\n\t\t\t\t<div class=\"elementor-column elementor-col-33 elementor-inner-column elementor-element elementor-element-0a1790d\" data-id=\"0a1790d\" data-element_type=\"column\">\n\t\t\t<div class=\"elementor-widget-wrap elementor-element-populated\">\n\t\t\t\t\t\t<div class=\"elementor-element elementor-element-70a3140 elementor-widget elementor-widget-heading\" data-id=\"70a3140\" data-element_type=\"widget\" data-widget_type=\"heading.default\">\n\t\t\t\t<div class=\"elementor-widget-container\">\n\t\t\t\t\t<h2 class=\"elementor-heading-title elementor-size-default\">Modalidad de\nHumanidades y\nCiencias Sociales<\/h2>\t\t\t\t<\/div>\n\t\t\t\t<\/div>\n\t\t\t\t<div class=\"elementor-element elementor-element-97ac3d8 elementor-widget elementor-widget-text-editor\" data-id=\"97ac3d8\" data-element_type=\"widget\" data-widget_type=\"text-editor.default\">\n\t\t\t\t<div class=\"elementor-widget-container\">\n\t\t\t\t\t\t\t\t\t<p><strong><a href=\"https:\/\/drive.google.com\/file\/d\/1sxIgWh5NjX7AnzTyvNsBx3QnoDEGVELL\/view?usp=sharing\">Filosof\u00eda (3 h)<\/a><\/strong><\/p>\t\t\t\t\t\t\t\t<\/div>\n\t\t\t\t<\/div>\n\t\t\t\t<div class=\"elementor-element elementor-element-3f8ab03 elementor-widget elementor-widget-text-editor\" data-id=\"3f8ab03\" data-element_type=\"widget\" data-widget_type=\"text-editor.default\">\n\t\t\t\t<div class=\"elementor-widget-container\">\n\t\t\t\t\t\t\t\t\t<h6>Materias propias de Comunidad<\/h6><p><a href=\"https:\/\/drive.google.com\/file\/d\/1t1VYvcvhhdr_Ye5C3BHEz59qMql07Qag\/view?usp=sharing\">Antropolog\u00eda y Sociolog\u00eda (2 h)<\/a><\/p><p><a href=\"https:\/\/drive.google.com\/file\/d\/1zXFe1lbBPWqc8n20iMf7u1nJbiTuVdQf\/view?usp=sharing\">Educaci\u00f3n para la Convivencia Democr\u00e1tica I (2 h)<\/a><\/p><p>Aula de Debate (2 h)<\/p><p>\u00a0<\/p>\t\t\t\t\t\t\t\t<\/div>\n\t\t\t\t<\/div>\n\t\t\t\t\t<\/div>\n\t\t<\/div>\n\t\t\t\t\t<\/div>\n\t\t<\/section>\n\t\t\t\t<div class=\"elementor-element elementor-element-15e9acf elementor-widget elementor-widget-heading\" data-id=\"15e9acf\" data-element_type=\"widget\" data-widget_type=\"heading.default\">\n\t\t\t\t<div class=\"elementor-widget-container\">\n\t\t\t\t\t<h4 class=\"elementor-heading-title elementor-size-default\">2\u00ba Curso<\/h4>\t\t\t\t<\/div>\n\t\t\t\t<\/div>\n\t\t\t\t<section class=\"elementor-section elementor-inner-section elementor-element elementor-element-87ff04a elementor-section-content-middle elementor-section-boxed elementor-section-height-default elementor-section-height-default\" data-id=\"87ff04a\" data-element_type=\"section\">\n\t\t\t\t\t\t<div class=\"elementor-container elementor-column-gap-default\">\n\t\t\t\t\t<div class=\"elementor-column elementor-col-33 elementor-inner-column elementor-element elementor-element-9c67241\" data-id=\"9c67241\" data-element_type=\"column\">\n\t\t\t<div class=\"elementor-widget-wrap elementor-element-populated\">\n\t\t\t\t\t\t<div class=\"elementor-element elementor-element-34d08e5 elementor-widget elementor-widget-heading\" data-id=\"34d08e5\" data-element_type=\"widget\" data-widget_type=\"heading.default\">\n\t\t\t\t<div class=\"elementor-widget-container\">\n\t\t\t\t\t<h2 class=\"elementor-heading-title elementor-size-default\">Modalidad de Artes Pl\u00e1sticas, Imagen y Dise\u00f1o<\/h2>\t\t\t\t<\/div>\n\t\t\t\t<\/div>\n\t\t\t\t<div class=\"elementor-element elementor-element-779765b elementor-widget elementor-widget-text-editor\" data-id=\"779765b\" data-element_type=\"widget\" data-widget_type=\"text-editor.default\">\n\t\t\t\t<div class=\"elementor-widget-container\">\n\t\t\t\t\t\t\t\t\t<p><strong><a href=\"https:\/\/drive.google.com\/file\/d\/1c9ZXlUL7Lnd3SwfSGcGsBr0mjqHkUDB4\/view?usp=sharing\">Historia de la Filosof\u00eda (3 h)<\/a><\/strong><\/p>\t\t\t\t\t\t\t\t<\/div>\n\t\t\t\t<\/div>\n\t\t\t\t<div class=\"elementor-element elementor-element-b8b809f elementor-widget elementor-widget-text-editor\" data-id=\"b8b809f\" data-element_type=\"widget\" data-widget_type=\"text-editor.default\">\n\t\t\t\t<div class=\"elementor-widget-container\">\n\t\t\t\t\t\t\t\t\t<h6>Materias propias de Comunidad<\/h6><p><a href=\"https:\/\/drive.google.com\/file\/d\/1zXFe1lbBPWqc8n20iMf7u1nJbiTuVdQf\/view?usp=sharing\">Educaci\u00f3n para la Convivencia Democr\u00e1tica II (2 h)<\/a><\/p><p><a href=\"https:\/\/drive.google.com\/file\/d\/1YsYdRftLD6lLIJ5hHHtyPMd77id2e9QR\/view?usp=sharing\">Psicolog\u00eda (2 h)<\/a><\/p>\t\t\t\t\t\t\t\t<\/div>\n\t\t\t\t<\/div>\n\t\t\t\t\t<\/div>\n\t\t<\/div>\n\t\t\t\t<div class=\"elementor-column elementor-col-33 elementor-inner-column elementor-element elementor-element-afa36ec\" data-id=\"afa36ec\" data-element_type=\"column\">\n\t\t\t<div class=\"elementor-widget-wrap elementor-element-populated\">\n\t\t\t\t\t\t<div class=\"elementor-element elementor-element-e87c83f elementor-widget elementor-widget-heading\" data-id=\"e87c83f\" data-element_type=\"widget\" data-widget_type=\"heading.default\">\n\t\t\t\t<div class=\"elementor-widget-container\">\n\t\t\t\t\t<h2 class=\"elementor-heading-title elementor-size-default\">Modalidad de Ciencias e Ingenier\u00eda<\/h2>\t\t\t\t<\/div>\n\t\t\t\t<\/div>\n\t\t\t\t<div class=\"elementor-element elementor-element-750421a elementor-widget elementor-widget-text-editor\" data-id=\"750421a\" data-element_type=\"widget\" data-widget_type=\"text-editor.default\">\n\t\t\t\t<div class=\"elementor-widget-container\">\n\t\t\t\t\t\t\t\t\t<p><strong><a href=\"https:\/\/drive.google.com\/file\/d\/1c9ZXlUL7Lnd3SwfSGcGsBr0mjqHkUDB4\/view?usp=sharing\">Historia de la Filosof\u00eda (3 h)<\/a><\/strong><\/p>\t\t\t\t\t\t\t\t<\/div>\n\t\t\t\t<\/div>\n\t\t\t\t<div class=\"elementor-element elementor-element-012ae7d elementor-widget elementor-widget-text-editor\" data-id=\"012ae7d\" data-element_type=\"widget\" data-widget_type=\"text-editor.default\">\n\t\t\t\t<div class=\"elementor-widget-container\">\n\t\t\t\t\t\t\t\t\t<h6>Materias propias de Comunidad<\/h6><p><a href=\"https:\/\/drive.google.com\/file\/d\/1zXFe1lbBPWqc8n20iMf7u1nJbiTuVdQf\/view?usp=sharing\">Educaci\u00f3n para la Convivencia Democr\u00e1tica II (2 h)<\/a><\/p><p><a href=\"https:\/\/drive.google.com\/file\/d\/1YsYdRftLD6lLIJ5hHHtyPMd77id2e9QR\/view?usp=sharing\">Psicolog\u00eda (2 h)<\/a><\/p>\t\t\t\t\t\t\t\t<\/div>\n\t\t\t\t<\/div>\n\t\t\t\t\t<\/div>\n\t\t<\/div>\n\t\t\t\t<div class=\"elementor-column elementor-col-33 elementor-inner-column elementor-element elementor-element-390313a\" data-id=\"390313a\" data-element_type=\"column\">\n\t\t\t<div class=\"elementor-widget-wrap elementor-element-populated\">\n\t\t\t\t\t\t<div class=\"elementor-element elementor-element-45c057e elementor-widget elementor-widget-heading\" data-id=\"45c057e\" data-element_type=\"widget\" data-widget_type=\"heading.default\">\n\t\t\t\t<div class=\"elementor-widget-container\">\n\t\t\t\t\t<h2 class=\"elementor-heading-title elementor-size-default\">Modalidad de\nHumanidades y\nCiencias Sociales<\/h2>\t\t\t\t<\/div>\n\t\t\t\t<\/div>\n\t\t\t\t<div class=\"elementor-element elementor-element-41c19a5 elementor-widget elementor-widget-text-editor\" data-id=\"41c19a5\" data-element_type=\"widget\" data-widget_type=\"text-editor.default\">\n\t\t\t\t<div class=\"elementor-widget-container\">\n\t\t\t\t\t\t\t\t\t<p><strong><a href=\"https:\/\/drive.google.com\/file\/d\/1c9ZXlUL7Lnd3SwfSGcGsBr0mjqHkUDB4\/view?usp=sharing\">Historia de la Filosof\u00eda (3 h)<\/a><\/strong><\/p>\t\t\t\t\t\t\t\t<\/div>\n\t\t\t\t<\/div>\n\t\t\t\t<div class=\"elementor-element elementor-element-7406538 elementor-widget elementor-widget-text-editor\" data-id=\"7406538\" data-element_type=\"widget\" data-widget_type=\"text-editor.default\">\n\t\t\t\t<div class=\"elementor-widget-container\">\n\t\t\t\t\t\t\t\t\t<h6>Materias propias de Comunidad<\/h6><p><a href=\"https:\/\/drive.google.com\/file\/d\/1zXFe1lbBPWqc8n20iMf7u1nJbiTuVdQf\/view?usp=sharing\">Educaci\u00f3n para la Convivencia Democr\u00e1tica II (2 h)<\/a><\/p><p><a href=\"https:\/\/drive.google.com\/file\/d\/1YsYdRftLD6lLIJ5hHHtyPMd77id2e9QR\/view?usp=sharing\">Psicolog\u00eda (2 h)<\/a><\/p>\t\t\t\t\t\t\t\t<\/div>\n\t\t\t\t<\/div>\n\t\t\t\t\t<\/div>\n\t\t<\/div>\n\t\t\t\t\t<\/div>\n\t\t<\/section>\n\t\t\t\t\t<\/div>\n\t\t<\/div>\n\t\t\t\t\t<\/div>\n\t\t<\/section>\n\t\t\t\t<\/div>\n\t\t","protected":false},"excerpt":{"rendered":"<p>Educaci\u00f3n Secundaria Obligatoria Seleccionando la materia, acceder\u00e1s a la informaci\u00f3n ofrecida en el BOJA. Para m\u00e1s informaci\u00f3n, consulta a tus profesores de Filosof\u00eda 1\u00ba ESO Oratoria y Debate (2 h) 2\u00ba ESO Oratoria y&#46;&#46;&#46;<\/p>\n","protected":false},"author":8171,"featured_media":0,"parent":0,"menu_order":0,"comment_status":"closed","ping_status":"closed","template":"","meta":{"ngg_post_thumbnail":0,"footnotes":""},"aioseo_notices":[],"_links":{"self":[{"href":"https:\/\/blogsaverroes.juntadeandalucia.es\/iesmarquesdecomares\/wp-json\/wp\/v2\/pages\/11006"}],"collection":[{"href":"https:\/\/blogsaverroes.juntadeandalucia.es\/iesmarquesdecomares\/wp-json\/wp\/v2\/pages"}],"about":[{"href":"https:\/\/blogsaverroes.juntadeandalucia.es\/iesmarquesdecomares\/wp-json\/wp\/v2\/types\/page"}],"author":[{"embeddable":true,"href":"https:\/\/blogsaverroes.juntadeandalucia.es\/iesmarquesdecomares\/wp-json\/wp\/v2\/users\/8171"}],"replies":[{"embeddable":true,"href":"https:\/\/blogsaverroes.juntadeandalucia.es\/iesmarquesdecomares\/wp-json\/wp\/v2\/comments?post=11006"}],"version-history":[{"count":19,"href":"https:\/\/blogsaverroes.juntadeandalucia.es\/iesmarquesdecomares\/wp-json\/wp\/v2\/pages\/11006\/revisions"}],"predecessor-version":[{"id":11028,"href":"https:\/\/blogsaverroes.juntadeandalucia.es\/iesmarquesdecomares\/wp-json\/wp\/v2\/pages\/11006\/revisions\/11028"}],"wp:attachment":[{"href":"https:\/\/blogsaverroes.juntadeandalucia.es\/iesmarquesdecomares\/wp-json\/wp\/v2\/media?parent=11006"}],"curies":[{"name":"wp","href":"https:\/\/api.w.org\/{rel}","templated":true}]}}