{"id":13336,"date":"2024-11-03T19:49:37","date_gmt":"2024-11-03T18:49:37","guid":{"rendered":"https:\/\/blogsaverroes.juntadeandalucia.es\/iesmarquesdecomares\/?page_id=13336"},"modified":"2024-11-03T19:52:24","modified_gmt":"2024-11-03T18:52:24","slug":"proa","status":"publish","type":"page","link":"https:\/\/blogsaverroes.juntadeandalucia.es\/iesmarquesdecomares\/planes-y-programas\/proa\/","title":{"rendered":"PROA"},"content":{"rendered":"\t\t<div data-elementor-type=\"wp-page\" data-elementor-id=\"13336\" class=\"elementor elementor-13336\">\n\t\t\t\t\t\t<section class=\"elementor-section elementor-top-section elementor-element elementor-element-fe13a7f elementor-section-boxed elementor-section-height-default elementor-section-height-default\" data-id=\"fe13a7f\" data-element_type=\"section\">\n\t\t\t\t\t\t<div class=\"elementor-container elementor-column-gap-default\">\n\t\t\t\t\t<div class=\"elementor-column elementor-col-100 elementor-top-column elementor-element elementor-element-1f7e8eb\" data-id=\"1f7e8eb\" data-element_type=\"column\">\n\t\t\t<div class=\"elementor-widget-wrap elementor-element-populated\">\n\t\t\t\t\t\t<div class=\"elementor-element elementor-element-cd8c64b elementor-widget elementor-widget-image\" data-id=\"cd8c64b\" data-element_type=\"widget\" data-widget_type=\"image.default\">\n\t\t\t\t<div class=\"elementor-widget-container\">\n\t\t\t\t\t\t\t\t\t\t\t\t\t\t\t<img fetchpriority=\"high\" decoding=\"async\" width=\"462\" height=\"140\" src=\"https:\/\/blogsaverroes.juntadeandalucia.es\/iesmarquesdecomares\/files\/2024\/11\/Screenshot_3.jpg\" class=\"attachment-large size-large wp-image-13337\" alt=\"\" srcset=\"https:\/\/blogsaverroes.juntadeandalucia.es\/iesmarquesdecomares\/files\/2024\/11\/Screenshot_3.jpg 462w, https:\/\/blogsaverroes.juntadeandalucia.es\/iesmarquesdecomares\/files\/2024\/11\/Screenshot_3-300x91.jpg 300w\" sizes=\"(max-width: 462px) 100vw, 462px\" \/>\t\t\t\t\t\t\t\t\t\t\t\t\t\t\t<\/div>\n\t\t\t\t<\/div>\n\t\t\t\t\t<\/div>\n\t\t<\/div>\n\t\t\t\t\t<\/div>\n\t\t<\/section>\n\t\t\t\t<section class=\"elementor-section elementor-top-section elementor-element elementor-element-9e8c960 elementor-section-boxed elementor-section-height-default elementor-section-height-default\" data-id=\"9e8c960\" data-element_type=\"section\">\n\t\t\t\t\t\t<div class=\"elementor-container elementor-column-gap-default\">\n\t\t\t\t\t<div class=\"elementor-column elementor-col-100 elementor-top-column elementor-element elementor-element-3f8acd6\" data-id=\"3f8acd6\" data-element_type=\"column\">\n\t\t\t<div class=\"elementor-widget-wrap elementor-element-populated\">\n\t\t\t\t\t\t<div class=\"elementor-element elementor-element-b9cc683 elementor-widget elementor-widget-heading\" data-id=\"b9cc683\" data-element_type=\"widget\" data-widget_type=\"heading.default\">\n\t\t\t\t<div class=\"elementor-widget-container\">\n\t\t\t\t\t<h2 class=\"elementor-heading-title elementor-size-default\">Programa de Refuerzo, Orientaci\u00f3n y Apoyo<\/h2>\t\t\t\t<\/div>\n\t\t\t\t<\/div>\n\t\t\t\t\t<\/div>\n\t\t<\/div>\n\t\t\t\t\t<\/div>\n\t\t<\/section>\n\t\t\t\t<section class=\"elementor-section elementor-top-section elementor-element elementor-element-ca1ade3 elementor-section-boxed elementor-section-height-default elementor-section-height-default\" data-id=\"ca1ade3\" data-element_type=\"section\">\n\t\t\t\t\t\t<div class=\"elementor-container elementor-column-gap-default\">\n\t\t\t\t\t<div class=\"elementor-column elementor-col-100 elementor-top-column elementor-element elementor-element-f53e310\" data-id=\"f53e310\" data-element_type=\"column\">\n\t\t\t<div class=\"elementor-widget-wrap elementor-element-populated\">\n\t\t\t\t\t\t<div class=\"elementor-element elementor-element-2c1a85b elementor-widget elementor-widget-text-editor\" data-id=\"2c1a85b\" data-element_type=\"widget\" data-widget_type=\"text-editor.default\">\n\t\t\t\t<div class=\"elementor-widget-container\">\n\t\t\t\t\t\t\t\t\t<p>Nos complace informarles que nuestro instituto participa en el Programa de Refuerzo, Orientaci\u00f3n y Apoyo (PROA), promovido por la Consejer\u00eda de Educaci\u00f3n de la Junta de Andaluc\u00eda y cofinanciado por el Fondo Social Europeo. Este programa tiene como objetivo fundamental proporcionar apoyo adicional a estudiantes que puedan beneficiarse de un refuerzo educativo para mejorar su rendimiento y adquirir competencias clave para su desarrollo acad\u00e9mico y personal.<\/p><p>El PROA est\u00e1 dise\u00f1ado para:<\/p><ul><li><strong>Refuerzo Acad\u00e9mico<\/strong>: Apoyar a aquellos alumnos que necesitan mejorar en \u00e1reas fundamentales como matem\u00e1ticas, lengua y otras asignaturas b\u00e1sicas.<\/li><li><strong>Orientaci\u00f3n y Desarrollo Personal<\/strong>: Promover la motivaci\u00f3n, la autoestima y la autonom\u00eda de los estudiantes, fomentando su confianza y habilidades para el aprendizaje.<\/li><li><strong>Apoyo y Acompa\u00f1amiento<\/strong>: Ofrecer herramientas y estrategias que faciliten el aprendizaje y potencien el rendimiento acad\u00e9mico en un ambiente de apoyo y comprensi\u00f3n.<\/li><\/ul><p>Las actividades del PROA se desarrollar\u00e1n fuera del horario lectivo, en sesiones planificadas que permitir\u00e1n a los alumnos trabajar de manera personalizada con profesionales cualificados. A trav\u00e9s de estas acciones, buscamos contribuir a reducir las barreras que puedan estar afectando el \u00e9xito acad\u00e9mico de nuestro alumnado, asegur\u00e1ndonos de que todos tengan la oportunidad de alcanzar su m\u00e1ximo potencial.<\/p><p>Para m\u00e1s informaci\u00f3n o para resolver cualquier duda, les animamos a ponerse en contacto con la coordinaci\u00f3n del programa en nuestro instituto en el email (ja.ramos.infante.pro@iesmarquesdecomares.org)<\/p><p>\u00a1Agradecemos su colaboraci\u00f3n y estamos aqu\u00ed para apoyar el \u00e9xito de sus hijos en su formaci\u00f3n!<\/p>\t\t\t\t\t\t\t\t<\/div>\n\t\t\t\t<\/div>\n\t\t\t\t\t<\/div>\n\t\t<\/div>\n\t\t\t\t\t<\/div>\n\t\t<\/section>\n\t\t\t\t<section class=\"elementor-section elementor-top-section elementor-element elementor-element-42a6690 elementor-section-boxed elementor-section-height-default elementor-section-height-default\" data-id=\"42a6690\" data-element_type=\"section\">\n\t\t\t\t\t\t<div class=\"elementor-container elementor-column-gap-default\">\n\t\t\t\t\t<div class=\"elementor-column elementor-col-100 elementor-top-column elementor-element elementor-element-eb521da\" data-id=\"eb521da\" data-element_type=\"column\">\n\t\t\t<div class=\"elementor-widget-wrap elementor-element-populated\">\n\t\t\t\t\t\t<div class=\"elementor-element elementor-element-efdf8cf elementor-widget elementor-widget-image\" data-id=\"efdf8cf\" data-element_type=\"widget\" data-widget_type=\"image.default\">\n\t\t\t\t<div class=\"elementor-widget-container\">\n\t\t\t\t\t\t\t\t\t\t\t\t\t\t\t<img decoding=\"async\" width=\"695\" height=\"73\" src=\"https:\/\/blogsaverroes.juntadeandalucia.es\/iesmarquesdecomares\/files\/2024\/11\/Screenshot_4.jpg\" class=\"attachment-large size-large wp-image-13339\" alt=\"\" srcset=\"https:\/\/blogsaverroes.juntadeandalucia.es\/iesmarquesdecomares\/files\/2024\/11\/Screenshot_4.jpg 695w, https:\/\/blogsaverroes.juntadeandalucia.es\/iesmarquesdecomares\/files\/2024\/11\/Screenshot_4-300x32.jpg 300w\" sizes=\"(max-width: 695px) 100vw, 695px\" \/>\t\t\t\t\t\t\t\t\t\t\t\t\t\t\t<\/div>\n\t\t\t\t<\/div>\n\t\t\t\t\t<\/div>\n\t\t<\/div>\n\t\t\t\t\t<\/div>\n\t\t<\/section>\n\t\t\t\t<\/div>\n\t\t","protected":false},"excerpt":{"rendered":"<p>Programa de Refuerzo, Orientaci\u00f3n y Apoyo Nos complace informarles que nuestro instituto participa en el Programa de Refuerzo, Orientaci\u00f3n y Apoyo (PROA), promovido por la Consejer\u00eda de Educaci\u00f3n de la Junta de Andaluc\u00eda y&#46;&#46;&#46;<\/p>\n","protected":false},"author":8171,"featured_media":0,"parent":6108,"menu_order":0,"comment_status":"closed","ping_status":"closed","template":"","meta":{"ngg_post_thumbnail":0,"footnotes":""},"aioseo_notices":[],"_links":{"self":[{"href":"https:\/\/blogsaverroes.juntadeandalucia.es\/iesmarquesdecomares\/wp-json\/wp\/v2\/pages\/13336"}],"collection":[{"href":"https:\/\/blogsaverroes.juntadeandalucia.es\/iesmarquesdecomares\/wp-json\/wp\/v2\/pages"}],"about":[{"href":"https:\/\/blogsaverroes.juntadeandalucia.es\/iesmarquesdecomares\/wp-json\/wp\/v2\/types\/page"}],"author":[{"embeddable":true,"href":"https:\/\/blogsaverroes.juntadeandalucia.es\/iesmarquesdecomares\/wp-json\/wp\/v2\/users\/8171"}],"replies":[{"embeddable":true,"href":"https:\/\/blogsaverroes.juntadeandalucia.es\/iesmarquesdecomares\/wp-json\/wp\/v2\/comments?post=13336"}],"version-history":[{"count":4,"href":"https:\/\/blogsaverroes.juntadeandalucia.es\/iesmarquesdecomares\/wp-json\/wp\/v2\/pages\/13336\/revisions"}],"predecessor-version":[{"id":13345,"href":"https:\/\/blogsaverroes.juntadeandalucia.es\/iesmarquesdecomares\/wp-json\/wp\/v2\/pages\/13336\/revisions\/13345"}],"up":[{"embeddable":true,"href":"https:\/\/blogsaverroes.juntadeandalucia.es\/iesmarquesdecomares\/wp-json\/wp\/v2\/pages\/6108"}],"wp:attachment":[{"href":"https:\/\/blogsaverroes.juntadeandalucia.es\/iesmarquesdecomares\/wp-json\/wp\/v2\/media?parent=13336"}],"curies":[{"name":"wp","href":"https:\/\/api.w.org\/{rel}","templated":true}]}}