{"id":2447,"date":"2019-12-01T22:36:04","date_gmt":"2019-12-01T21:36:04","guid":{"rendered":"https:\/\/blogsaverroes.juntadeandalucia.es\/iesmarquesdecomares\/?page_id=2447"},"modified":"2019-12-01T22:41:43","modified_gmt":"2019-12-01T21:41:43","slug":"localidad","status":"publish","type":"page","link":"https:\/\/blogsaverroes.juntadeandalucia.es\/iesmarquesdecomares\/localidad\/","title":{"rendered":"Localidad"},"content":{"rendered":"<div><strong><a href=\"https:\/\/blogsaverroes.juntadeandalucia.es\/iesmarquesdecomares\/files\/2019\/12\/foto-aerea-grande-de-lucena.jpg\"><img fetchpriority=\"high\" decoding=\"async\" class=\"size-medium wp-image-2448 alignleft\" src=\"https:\/\/blogsaverroes.juntadeandalucia.es\/iesmarquesdecomares\/files\/2019\/12\/foto-aerea-grande-de-lucena-300x202.jpg\" alt=\"vista a\u00e9rea de Lucena\" width=\"300\" height=\"202\" srcset=\"https:\/\/blogsaverroes.juntadeandalucia.es\/iesmarquesdecomares\/files\/2019\/12\/foto-aerea-grande-de-lucena-300x202.jpg 300w, https:\/\/blogsaverroes.juntadeandalucia.es\/iesmarquesdecomares\/files\/2019\/12\/foto-aerea-grande-de-lucena-24x16.jpg 24w, https:\/\/blogsaverroes.juntadeandalucia.es\/iesmarquesdecomares\/files\/2019\/12\/foto-aerea-grande-de-lucena-36x24.jpg 36w, https:\/\/blogsaverroes.juntadeandalucia.es\/iesmarquesdecomares\/files\/2019\/12\/foto-aerea-grande-de-lucena-48x32.jpg 48w, https:\/\/blogsaverroes.juntadeandalucia.es\/iesmarquesdecomares\/files\/2019\/12\/foto-aerea-grande-de-lucena.jpg 660w\" sizes=\"(max-width: 300px) 100vw, 300px\" \/><\/a>Lucena&nbsp;<\/strong>es una importante localidad que se encuentra situada en el sur de la provincia de C\u00f3rdoba, casi a medio camino entre C\u00f3rdoba y M\u00e1laga y cercana a los l\u00edmites provinciales de Sevilla y Granada. Esta ubicaci\u00f3n ha favorecido la ocupaci\u00f3n de estas tierras desde los tiempos prehist\u00f3ricos y ha mantenido su importancia durante \u00e9pocas posteriores, seg\u00fan puede deducirse del patrimonio art\u00edstico-monumental que a\u00fan se conserva.<\/div>\n<div>La localidad tiene su origen en la Alta Edad Media, denomin\u00e1ndose&nbsp;al-Yusana. En la \u00e9poca isl\u00e1mica estuvo integrada administrativamente dentro el Califato, en la cora de Cabra y desde el siglo XI, en el reino nazar\u00ed de Granada. Fue llamada la&nbsp;Perla&nbsp;de Sefarad&nbsp;por ge\u00f3grafos e historiadores medievales y durante el califato cordob\u00e9s form\u00f3 una rep\u00fablica jud\u00eda independiente, a cuyo asilo se acog\u00edan jud\u00edos que se ve\u00edan obligados a huir de territorios musulmanes. El dominio de los almor\u00e1vides, entre el 1090 y el 1148, supuso para Lucena su \u00e9poca de mayor esplendor durante el periodo musulm\u00e1n. Despu\u00e9s, la llegada de los almohades con su conocida intolerancia religiosa, trajo consigo la destrucci\u00f3n de la aljama y la huida de la mayor\u00eda de los jud\u00edos a Toledo. En 1240, la ciudad fue conquistada por Fernando III, manteni\u00e9ndose como villa fronteriza &nbsp;bajo la jurisdicci\u00f3n del los Alcaides de los Donceles, se\u00f1ores de la familia Fern\u00e1ndez de C\u00f3rdoba, hasta la conquista de Granada, en 1492. Durante la Edad Moderna, un descendiente de dicha familia, Diego Fern\u00e1ndez de C\u00f3rdoba, recibir\u00eda el t\u00edtulo de Marqu\u00e9s de Comares a principios del siglo XVI. &nbsp;A partir de esta centuria, se produce una r\u00e1pida recuperaci\u00f3n basada en la paz cristiana y en la agricultura a la que muy pronto se la a\u00f1ade tambi\u00e9n la industria. En el siglo XIX, la ciudad contaba con una extraordinaria producci\u00f3n de cereales y aceitunas, y f\u00e1bricas de alfarer\u00eda, muebles, loza vidriada y bronce.<\/div>\n<div>\n<div>En el \u00faltimo tercio del siglo XX tuvo un despegue econ\u00f3mico que la llev\u00f3 a convertirse en una de los principales centros industriales de Andaluc\u00eda. La econom\u00eda de Lucena se fundamenta en el cultivo del olivo (segunda productora de Espa\u00f1a, tras Martos, en la provincia de Ja\u00e9n) y en una importante producci\u00f3n de vino de la Denominaci\u00f3n de Origen de Montilla-Moriles. Adem\u00e1s, cuenta con una importante industria del bronce, hoy m\u00e1s mermada, de la madera, llegando a ser una de las primeras productora de Espa\u00f1a, si olvidar la industria dedicada al fr\u00edo industrial.<a href=\"https:\/\/blogsaverroes.juntadeandalucia.es\/iesmarquesdecomares\/files\/2019\/12\/Iglesia_San_Mateo.jpg\"><img decoding=\"async\" class=\"size-medium wp-image-2449 alignright\" src=\"https:\/\/blogsaverroes.juntadeandalucia.es\/iesmarquesdecomares\/files\/2019\/12\/Iglesia_San_Mateo-300x225.jpg\" alt=\"Iglesia de San Mateo\" width=\"300\" height=\"225\" srcset=\"https:\/\/blogsaverroes.juntadeandalucia.es\/iesmarquesdecomares\/files\/2019\/12\/Iglesia_San_Mateo-300x225.jpg 300w, https:\/\/blogsaverroes.juntadeandalucia.es\/iesmarquesdecomares\/files\/2019\/12\/Iglesia_San_Mateo-768x576.jpg 768w, https:\/\/blogsaverroes.juntadeandalucia.es\/iesmarquesdecomares\/files\/2019\/12\/Iglesia_San_Mateo.jpg 1024w, https:\/\/blogsaverroes.juntadeandalucia.es\/iesmarquesdecomares\/files\/2019\/12\/Iglesia_San_Mateo-24x18.jpg 24w, https:\/\/blogsaverroes.juntadeandalucia.es\/iesmarquesdecomares\/files\/2019\/12\/Iglesia_San_Mateo-36x27.jpg 36w, https:\/\/blogsaverroes.juntadeandalucia.es\/iesmarquesdecomares\/files\/2019\/12\/Iglesia_San_Mateo-48x36.jpg 48w\" sizes=\"(max-width: 300px) 100vw, 300px\" \/><\/a><\/div>\n<div>Cuanta con una poblaci\u00f3n de 40.308 habitantes, seg\u00fan los datos del Instituto Nacional de Estad\u00edstica de 2010, repartidos entre el n\u00facleo principal y las pedan\u00edas de Jauja, Las Navas del Selpillar y otros peque\u00f1os asentamientos urbanos como Campo de Aras, Las Erillas, Cristo Marroqu\u00ed, etc.<\/div>\n<div>Entre la diversidad educativa que ofrece Lucena, se cuenta con el&nbsp;I.E.S. \u201cMarqu\u00e9s de Comares\u201d,&nbsp;fundado en 1952 como Centro de Ense\u00f1anza Media y Profesional. Desde entonces ha venido formando a generaciones de lucentinos, bien&nbsp; como Instituto Laboral como era conocido popularmente; bien como Instituto Nacional de Bachillerato, o simplemente como Instituto de Bachillerato, como se denomin\u00f3 a final de la d\u00e9cada de 1970. Bajo cualquiera de las denominaciones anteriores, ha sido y contin\u00faa &nbsp;siendo, un lugar de referencia important\u00edsimo para los lucentinos, dado el elevado n\u00famero de estudiantes que ha acogido desde su fundaci\u00f3n.<\/div>\n<\/div>\n","protected":false},"excerpt":{"rendered":"<p>Lucena&nbsp;es una importante localidad que se encuentra situada en el sur de la provincia de C\u00f3rdoba, casi a medio camino entre C\u00f3rdoba y M\u00e1laga y cercana a los l\u00edmites provinciales de Sevilla y Granada.&#46;&#46;&#46;<\/p>\n","protected":false},"author":7792,"featured_media":0,"parent":0,"menu_order":0,"comment_status":"closed","ping_status":"closed","template":"","meta":{"ngg_post_thumbnail":0,"footnotes":""},"aioseo_notices":[],"_links":{"self":[{"href":"https:\/\/blogsaverroes.juntadeandalucia.es\/iesmarquesdecomares\/wp-json\/wp\/v2\/pages\/2447"}],"collection":[{"href":"https:\/\/blogsaverroes.juntadeandalucia.es\/iesmarquesdecomares\/wp-json\/wp\/v2\/pages"}],"about":[{"href":"https:\/\/blogsaverroes.juntadeandalucia.es\/iesmarquesdecomares\/wp-json\/wp\/v2\/types\/page"}],"author":[{"embeddable":true,"href":"https:\/\/blogsaverroes.juntadeandalucia.es\/iesmarquesdecomares\/wp-json\/wp\/v2\/users\/7792"}],"replies":[{"embeddable":true,"href":"https:\/\/blogsaverroes.juntadeandalucia.es\/iesmarquesdecomares\/wp-json\/wp\/v2\/comments?post=2447"}],"version-history":[{"count":1,"href":"https:\/\/blogsaverroes.juntadeandalucia.es\/iesmarquesdecomares\/wp-json\/wp\/v2\/pages\/2447\/revisions"}],"predecessor-version":[{"id":2450,"href":"https:\/\/blogsaverroes.juntadeandalucia.es\/iesmarquesdecomares\/wp-json\/wp\/v2\/pages\/2447\/revisions\/2450"}],"wp:attachment":[{"href":"https:\/\/blogsaverroes.juntadeandalucia.es\/iesmarquesdecomares\/wp-json\/wp\/v2\/media?parent=2447"}],"curies":[{"name":"wp","href":"https:\/\/api.w.org\/{rel}","templated":true}]}}