{"id":4106,"date":"2021-03-14T07:22:27","date_gmt":"2021-03-14T06:22:27","guid":{"rendered":"https:\/\/blogsaverroes.juntadeandalucia.es\/iesmarquesdecomares\/?page_id=4106"},"modified":"2024-02-07T18:32:57","modified_gmt":"2024-02-07T17:32:57","slug":"comares-en-el-recuerdo","status":"publish","type":"page","link":"https:\/\/blogsaverroes.juntadeandalucia.es\/iesmarquesdecomares\/comares-en-el-recuerdo\/","title":{"rendered":"Comares en el recuerdo"},"content":{"rendered":"<p>Hemos creado un punto donde la comunidad educativa del IES Marqu\u00e9s de Comares pueda rememorar lo que se ha vivido en nuestro querido centro a trav\u00e9s de im\u00e1genes y v\u00eddeos en sus 72 a\u00f1os de historia.<\/p>\n<p><a href=\"https:\/\/forms.gle\/WVY3z6Sx7npcAbvb8\" target=\"_blank\" rel=\"noopener noreferrer\"><img decoding=\"async\" class=\"aligncenter size-medium wp-image-11792\" src=\"https:\/\/blogsaverroes.juntadeandalucia.es\/iesmarquesdecomares\/files\/2024\/02\/EventBusiness-Proposal-Professional-Docs-Banner-in-Dark-Brown-White-Photocentric-Style-300x90.png\" alt=\"\" width=\"300\" height=\"90\" srcset=\"https:\/\/blogsaverroes.juntadeandalucia.es\/iesmarquesdecomares\/files\/2024\/02\/EventBusiness-Proposal-Professional-Docs-Banner-in-Dark-Brown-White-Photocentric-Style-300x90.png 300w, https:\/\/blogsaverroes.juntadeandalucia.es\/iesmarquesdecomares\/files\/2024\/02\/EventBusiness-Proposal-Professional-Docs-Banner-in-Dark-Brown-White-Photocentric-Style-1024x307.png 1024w, https:\/\/blogsaverroes.juntadeandalucia.es\/iesmarquesdecomares\/files\/2024\/02\/EventBusiness-Proposal-Professional-Docs-Banner-in-Dark-Brown-White-Photocentric-Style-768x230.png 768w, https:\/\/blogsaverroes.juntadeandalucia.es\/iesmarquesdecomares\/files\/2024\/02\/EventBusiness-Proposal-Professional-Docs-Banner-in-Dark-Brown-White-Photocentric-Style-1536x461.png 1536w, https:\/\/blogsaverroes.juntadeandalucia.es\/iesmarquesdecomares\/files\/2024\/02\/EventBusiness-Proposal-Professional-Docs-Banner-in-Dark-Brown-White-Photocentric-Style.png 2000w\" sizes=\"(max-width: 300px) 100vw, 300px\" \/><\/a><\/p>\n<p>Esperamos que os gusten.<\/p>\n<p style=\"text-align: center\">&nbsp;<\/p>\n<table style=\"border-collapse: collapse;width: 100%\">\n<tbody>\n<tr>\n<td style=\"width: 50%;text-align: center\"><a href=\"https:\/\/drive.google.com\/file\/d\/1IhQ1LXBy6qXoPUJMmHCTtT6eJsWrZg86\/view?usp=sharing\" target=\"_blank\" rel=\"noopener noreferrer\"><img fetchpriority=\"high\" decoding=\"async\" class=\"aligncenter size-medium wp-image-4397\" src=\"https:\/\/blogsaverroes.juntadeandalucia.es\/iesmarquesdecomares\/files\/2021\/03\/Screenshot_5-219x300.png\" alt=\"40 aniversario\" width=\"219\" height=\"300\" srcset=\"https:\/\/blogsaverroes.juntadeandalucia.es\/iesmarquesdecomares\/files\/2021\/03\/Screenshot_5-219x300.png 219w, https:\/\/blogsaverroes.juntadeandalucia.es\/iesmarquesdecomares\/files\/2021\/03\/Screenshot_5.png 573w\" sizes=\"(max-width: 219px) 100vw, 219px\" \/><\/a><\/td>\n<td style=\"width: 50%;text-align: center\"><a href=\"https:\/\/drive.google.com\/file\/d\/1_3tGvhYLev420A6zBz_W6BxJrc38duJu\/view?usp=sharing\"><img decoding=\"async\" class=\"aligncenter size-medium wp-image-4546\" src=\"https:\/\/blogsaverroes.juntadeandalucia.es\/iesmarquesdecomares\/files\/2021\/04\/Screenshot_6-212x300.png\" alt=\"\" width=\"212\" height=\"300\" srcset=\"https:\/\/blogsaverroes.juntadeandalucia.es\/iesmarquesdecomares\/files\/2021\/04\/Screenshot_6-212x300.png 212w, https:\/\/blogsaverroes.juntadeandalucia.es\/iesmarquesdecomares\/files\/2021\/04\/Screenshot_6.png 582w\" sizes=\"(max-width: 212px) 100vw, 212px\" \/><\/a><\/td>\n<\/tr>\n<\/tbody>\n<\/table>\n<table style=\"border-collapse: collapse;width: 100%\">\n<tbody>\n<tr>\n<td style=\"width: 50%;text-align: center\">&nbsp;<\/p>\n<p><img loading=\"lazy\" decoding=\"async\" class=\"aligncenter wp-image-11723 size-medium\" src=\"https:\/\/blogsaverroes.juntadeandalucia.es\/iesmarquesdecomares\/files\/2024\/01\/Screenshot_9-300x120.jpg\" alt=\"\" width=\"300\" height=\"120\" srcset=\"https:\/\/blogsaverroes.juntadeandalucia.es\/iesmarquesdecomares\/files\/2024\/01\/Screenshot_9-300x120.jpg 300w, https:\/\/blogsaverroes.juntadeandalucia.es\/iesmarquesdecomares\/files\/2024\/01\/Screenshot_9.jpg 708w\" sizes=\"(max-width: 300px) 100vw, 300px\" \/><\/p>\n<p><a href=\"https:\/\/drive.google.com\/file\/d\/1B1-12RpDc7DJJmI8JzqDlG52Ae1rdj4I\/view?usp=sharing\">A\u00f1o I. N\u00fam 2<\/a> \u00b7 <a href=\"https:\/\/drive.google.com\/file\/d\/1xMYeoHtCKUyHvqLhqlue_neB7exoq3Z3\/view?usp=sharing\">A\u00f1o II. N\u00fam 3<\/a> \u00b7 <a href=\"https:\/\/drive.google.com\/file\/d\/1O0rj0UjKGt3CVAlsPCb0ASCsXf08lks-\/view?usp=sharing\">A\u00f1o III. N\u00fam 4<\/a> \u00b7 <a href=\"https:\/\/drive.google.com\/file\/d\/1TUNRBSHQ42kIP1oR0E8XGSBdpw820HTZ\/view?usp=sharing\">A\u00f1o IV. N\u00fam 5<\/a> \u00b7 <a href=\"https:\/\/drive.google.com\/file\/d\/1oMiLWq5qyni-mpkmNjWwzB25FVqbb1EI\/view?usp=sharing\">A\u00f1o IV. N\u00fam 6<\/a><\/td>\n<td style=\"width: 50%\">&nbsp;<\/td>\n<\/tr>\n<\/tbody>\n<\/table>\n<p style=\"text-align: center\"><a href=\"https:\/\/drive.google.com\/drive\/folders\/12sLsCtey4fHAxx9pVWSar4TiwYOLg1w0?usp=sharing\" target=\"_blank\" rel=\"noopener noreferrer\">GALER\u00cdA DE IM\u00c1GENES Y V\u00cdDEOS<\/a><\/p>\n<p style=\"text-align: center\"><a href=\"https:\/\/forms.gle\/WVY3z6Sx7npcAbvb8\" target=\"_blank\" rel=\"noopener noreferrer\"><img decoding=\"async\" class=\"aligncenter size-medium wp-image-11792\" src=\"https:\/\/blogsaverroes.juntadeandalucia.es\/iesmarquesdecomares\/files\/2024\/02\/EventBusiness-Proposal-Professional-Docs-Banner-in-Dark-Brown-White-Photocentric-Style-300x90.png\" alt=\"\" width=\"300\" height=\"90\" srcset=\"https:\/\/blogsaverroes.juntadeandalucia.es\/iesmarquesdecomares\/files\/2024\/02\/EventBusiness-Proposal-Professional-Docs-Banner-in-Dark-Brown-White-Photocentric-Style-300x90.png 300w, https:\/\/blogsaverroes.juntadeandalucia.es\/iesmarquesdecomares\/files\/2024\/02\/EventBusiness-Proposal-Professional-Docs-Banner-in-Dark-Brown-White-Photocentric-Style-1024x307.png 1024w, https:\/\/blogsaverroes.juntadeandalucia.es\/iesmarquesdecomares\/files\/2024\/02\/EventBusiness-Proposal-Professional-Docs-Banner-in-Dark-Brown-White-Photocentric-Style-768x230.png 768w, https:\/\/blogsaverroes.juntadeandalucia.es\/iesmarquesdecomares\/files\/2024\/02\/EventBusiness-Proposal-Professional-Docs-Banner-in-Dark-Brown-White-Photocentric-Style-1536x461.png 1536w, https:\/\/blogsaverroes.juntadeandalucia.es\/iesmarquesdecomares\/files\/2024\/02\/EventBusiness-Proposal-Professional-Docs-Banner-in-Dark-Brown-White-Photocentric-Style.png 2000w\" sizes=\"(max-width: 300px) 100vw, 300px\" \/><\/a><\/p>\n<p style=\"text-align: center\"><div class=\"h5p-iframe-wrapper\"><iframe id=\"h5p-iframe-2\" class=\"h5p-iframe\" data-content-id=\"2\" style=\"height:1px\" src=\"about:blank\" frameBorder=\"0\" scrolling=\"no\" title=\"Historia del IES Marqu\u00e9s de Comares\"><\/iframe><\/div><\/p>\n","protected":false},"excerpt":{"rendered":"<p>Hemos creado un punto donde la comunidad educativa del IES Marqu\u00e9s de Comares pueda rememorar lo que se ha vivido en nuestro querido centro a trav\u00e9s de im\u00e1genes y v\u00eddeos en sus 72 a\u00f1os&#46;&#46;&#46;<\/p>\n","protected":false},"author":8171,"featured_media":0,"parent":0,"menu_order":0,"comment_status":"closed","ping_status":"closed","template":"","meta":{"ngg_post_thumbnail":0,"footnotes":""},"aioseo_notices":[],"_links":{"self":[{"href":"https:\/\/blogsaverroes.juntadeandalucia.es\/iesmarquesdecomares\/wp-json\/wp\/v2\/pages\/4106"}],"collection":[{"href":"https:\/\/blogsaverroes.juntadeandalucia.es\/iesmarquesdecomares\/wp-json\/wp\/v2\/pages"}],"about":[{"href":"https:\/\/blogsaverroes.juntadeandalucia.es\/iesmarquesdecomares\/wp-json\/wp\/v2\/types\/page"}],"author":[{"embeddable":true,"href":"https:\/\/blogsaverroes.juntadeandalucia.es\/iesmarquesdecomares\/wp-json\/wp\/v2\/users\/8171"}],"replies":[{"embeddable":true,"href":"https:\/\/blogsaverroes.juntadeandalucia.es\/iesmarquesdecomares\/wp-json\/wp\/v2\/comments?post=4106"}],"version-history":[{"count":11,"href":"https:\/\/blogsaverroes.juntadeandalucia.es\/iesmarquesdecomares\/wp-json\/wp\/v2\/pages\/4106\/revisions"}],"predecessor-version":[{"id":11794,"href":"https:\/\/blogsaverroes.juntadeandalucia.es\/iesmarquesdecomares\/wp-json\/wp\/v2\/pages\/4106\/revisions\/11794"}],"wp:attachment":[{"href":"https:\/\/blogsaverroes.juntadeandalucia.es\/iesmarquesdecomares\/wp-json\/wp\/v2\/media?parent=4106"}],"curies":[{"name":"wp","href":"https:\/\/api.w.org\/{rel}","templated":true}]}}