{"id":44,"date":"2015-03-13T08:42:15","date_gmt":"2015-03-13T08:42:15","guid":{"rendered":"http:\/\/blogsaverroes.juntadeandalucia.es\/pre\/ceip\/?page_id=44"},"modified":"2024-02-04T18:01:54","modified_gmt":"2024-02-04T17:01:54","slug":"planes-y-proyectos","status":"publish","type":"page","link":"https:\/\/blogsaverroes.juntadeandalucia.es\/iesmarquesdecomares\/planes-y-proyectos\/","title":{"rendered":"Planes y Programas"},"content":{"rendered":"<p>En este curso <strong>2023\/24<\/strong>, en nuestro centro se desarrollar\u00e1 los siguientes <strong>Planes y Programas<\/strong> promovidos desde la Consejer\u00eda de Educaci\u00f3n.<\/p>\n<p><strong>Planes y\/o Programas.<\/strong><\/p>\n<ul>\n<li><strong>Biblioteca<\/strong>. Coordinadora: D\u00f1a. Mar\u00eda del Carmen Florido.<\/li>\n<li><b>Programa CIMA:<\/b> Coordinador: D. Salvador Algar.\n<ul>\n<li>\u00c1mbito: Promoci\u00f3n de H\u00e1bitos de Vida Saludable: D\u00f1a. Mar\u00eda del Carmen Ayala Henares.<\/li>\n<li>\u00c1mbito: Aldea, Educaci\u00f3n Ambiental para la sostenibilidad: D. Rafael Fern\u00e1ndez.<\/li>\n<li>\u00c1mbito: Comunicaci\u00f3n y Alfabetizaci\u00f3n Medi\u00e1tica e Informacional: D\u00f1a. Alba Mar\u00eda Lanzas.<\/li>\n<li>\u00c1mbito: STEAM: D. Adolfo Jos\u00e9 Pedraza.<\/li>\n<li>\u00c1mbito: Arte y Cultura: D\u00f1a. Luc\u00eda S\u00e1nchez.<\/li>\n<\/ul>\n<\/li>\n<\/ul>\n<p><a href=\"https:\/\/blogsaverroes.juntadeandalucia.es\/iesmarquesdecomares\/files\/2024\/02\/diagram.png\"><img fetchpriority=\"high\" decoding=\"async\" class=\"aligncenter size-large wp-image-11771\" src=\"https:\/\/blogsaverroes.juntadeandalucia.es\/iesmarquesdecomares\/files\/2024\/02\/diagram-1024x139.png\" alt=\"\" width=\"1024\" height=\"139\" srcset=\"https:\/\/blogsaverroes.juntadeandalucia.es\/iesmarquesdecomares\/files\/2024\/02\/diagram-1024x139.png 1024w, https:\/\/blogsaverroes.juntadeandalucia.es\/iesmarquesdecomares\/files\/2024\/02\/diagram-300x41.png 300w, https:\/\/blogsaverroes.juntadeandalucia.es\/iesmarquesdecomares\/files\/2024\/02\/diagram-768x104.png 768w, https:\/\/blogsaverroes.juntadeandalucia.es\/iesmarquesdecomares\/files\/2024\/02\/diagram-1536x209.png 1536w, https:\/\/blogsaverroes.juntadeandalucia.es\/iesmarquesdecomares\/files\/2024\/02\/diagram-2048x278.png 2048w\" sizes=\"(max-width: 1024px) 100vw, 1024px\" \/><\/a><\/p>\n<ul>\n<li><strong>Plan de igualdad de g\u00e9nero en educaci\u00f3n.<\/strong> Coordinadora: D\u00f1a. Mar\u00eda Josefa Cantero.<\/li>\n<li><strong>Programa de centro biling\u00fce &#8211; Ingl\u00e9s.<\/strong> Coordinador: D. Rafael Cano.<\/li>\n<li><strong>Plan de apertura de centros docentes<\/strong>. Coordinador: D. Alberto Lamarca.<\/li>\n<li><strong>Plan de Salud Laboral y P.R.L.<\/strong> Coordinador: D. Rafael Cabrera.<\/li>\n<li><strong>Organizaci\u00f3n y Funcionamiento de las Bibliotecas Escolares.<\/strong> Coordinador: D\u00f1a. Mar\u00eda del Carmen Florido.<\/li>\n<li><strong>Erasmus+(FP) &#8211; 2022-1-ES01-KA121-VET-00065946 &#8211; Proyectos acreditados de movilidad de estudiantes y personal de Formaci\u00f3n Profesional (FP).<\/strong> Coordinador: D. Joaqu\u00edn Molina.<\/li>\n<li><strong>Erasmus+(FP) &#8211; 2023-1-ES01-KA121-VET-000137036 &#8211; Proyectos acreditados de movilidad de estudiantes y personal de Formaci\u00f3n Profesional (FP).<\/strong> Coordinador: D. Joaqu\u00edn Molina.<\/li>\n<li><strong>Convivencia Escolar.<\/strong> Coordinadora: D\u00f1a. Mar\u00eda del Carmen Florido.<\/li>\n<li><strong>M\u00e1s Deporte<\/strong>. Coordinador: D. Juan Luis S\u00e1ez.<\/li>\n<li><strong>M\u00e1s Equidad.<\/strong> Coordinadora: D\u00f1a. Sara Ortiz.<\/li>\n<li><strong>Pr\u00e1cticum Grado Maestro.<\/strong> Coordinador: D. Jos\u00e9 Fernando Lavela.<\/li>\n<li><strong>Pr\u00e1cticum M\u00e1ster Secundaria.<\/strong> Coordinador. D. Jos\u00e9 Fernando Lavela.<\/li>\n<li><strong>Prevenci\u00f3n de la Violencia de G\u00e9nero.<\/strong> Coordinadora: D\u00f1a. Mar\u00eda Josefa Cantero.<\/li>\n<li><strong>Recurso ConRed Andaluc\u00eda.<\/strong> Coordinador: D. Sergio Jodral.<\/li>\n<li><strong>Red Andaluza Escuela: \u00abEspacio de Paz\u00bb.<\/strong> Coordinador: D. Rafael Carlos Mu\u00f1oz.<\/li>\n<li><strong>Transformaci\u00f3n Digital Educativa<\/strong>. Coordinador: D. Alberto Lamarca.<\/li>\n<\/ul>\n<p>&nbsp;<\/p>\n<p>En el curso 2022\/23, en nuestro centro se desarrollaron los siguientes <strong>Planes y Programas<\/strong> promovidos desde la Consejer\u00eda de Educaci\u00f3n.<\/p>\n<p><strong>Planes y\/o Programas.<\/strong><\/p>\n<ul>\n<li><strong>Biblioteca<\/strong>. Coordinadora: D\u00f1a. Mar\u00eda del Carmen Florido.<\/li>\n<li><strong>Forma Joven<\/strong>. Coordinadora: D\u00f1a. Mar\u00eda del Carmen Ayala.<\/li>\n<li><strong>Gimkana matem\u00e1tica<\/strong>. Coordinador: D. Jos\u00e9 Fernando Lavela.<\/li>\n<li><strong>Escuelas Deportivas<\/strong>. Coordinador: D. Juan Luis S\u00e1ez.<\/li>\n<li><strong>Escuela Espacio de Paz<\/strong>. Coordinador: D. Rafael Carlos Mu\u00f1oz.<\/li>\n<li><strong>Plan de apertura de centros<\/strong>. Coordinador: D. Alberto Lamarca.<\/li>\n<li><strong>Plan de Igualdad<\/strong>. Coordinadora: D. Antonio Ruiz.<\/li>\n<li><strong>Plan de Autoprotecci\u00f3n<\/strong>. Coordinador: D. Rafael Cabrera.<\/li>\n<li><strong>Biling\u00fcismo<\/strong>. Coordinador: D. Rafael Cano.<\/li>\n<li><strong>TDE<\/strong>. Coordinador: D. Alberto Lamarca.<\/li>\n<li><strong>Aldea B. Educaci\u00f3n ambiental para la sostenibilidad<\/strong>. Coordinador: D. Rafael Fern\u00e1ndez.<\/li>\n<li><strong>Erasmus+<\/strong>. Coordinador: D. Joaqu\u00edn Molina.<\/li>\n<\/ul>\n<p>&nbsp;<\/p>\n","protected":false},"excerpt":{"rendered":"<p>En este curso 2023\/24, en nuestro centro se desarrollar\u00e1 los siguientes Planes y Programas promovidos desde la Consejer\u00eda de Educaci\u00f3n. Planes y\/o Programas. Biblioteca. Coordinadora: D\u00f1a. Mar\u00eda del Carmen Florido. Programa CIMA: Coordinador: D.&#46;&#46;&#46;<\/p>\n","protected":false},"author":1,"featured_media":0,"parent":0,"menu_order":0,"comment_status":"open","ping_status":"closed","template":"page-templates\/child-menu.php","meta":{"ngg_post_thumbnail":0,"footnotes":""},"aioseo_notices":[],"_links":{"self":[{"href":"https:\/\/blogsaverroes.juntadeandalucia.es\/iesmarquesdecomares\/wp-json\/wp\/v2\/pages\/44"}],"collection":[{"href":"https:\/\/blogsaverroes.juntadeandalucia.es\/iesmarquesdecomares\/wp-json\/wp\/v2\/pages"}],"about":[{"href":"https:\/\/blogsaverroes.juntadeandalucia.es\/iesmarquesdecomares\/wp-json\/wp\/v2\/types\/page"}],"author":[{"embeddable":true,"href":"https:\/\/blogsaverroes.juntadeandalucia.es\/iesmarquesdecomares\/wp-json\/wp\/v2\/users\/1"}],"replies":[{"embeddable":true,"href":"https:\/\/blogsaverroes.juntadeandalucia.es\/iesmarquesdecomares\/wp-json\/wp\/v2\/comments?post=44"}],"version-history":[{"count":10,"href":"https:\/\/blogsaverroes.juntadeandalucia.es\/iesmarquesdecomares\/wp-json\/wp\/v2\/pages\/44\/revisions"}],"predecessor-version":[{"id":11772,"href":"https:\/\/blogsaverroes.juntadeandalucia.es\/iesmarquesdecomares\/wp-json\/wp\/v2\/pages\/44\/revisions\/11772"}],"wp:attachment":[{"href":"https:\/\/blogsaverroes.juntadeandalucia.es\/iesmarquesdecomares\/wp-json\/wp\/v2\/media?parent=44"}],"curies":[{"name":"wp","href":"https:\/\/api.w.org\/{rel}","templated":true}]}}

<p>En este curso <strong>2023/24</strong>, en nuestro centro se desarrollará los siguientes <strong>Planes y Programas</strong> promovidos desde la Consejería de Educación.</p>
<p><strong>Planes y/o Programas.</strong></p>
<ul>
<li><strong>Biblioteca</strong>. Coordinadora: Dña. María del Carmen Florido.</li>
<li><b>Programa CIMA:</b> Coordinador: D. Salvador Algar.
<ul>
<li>Ámbito: Promoción de Hábitos de Vida Saludable: Dña. María del Carmen Ayala Henares.</li>
<li>Ámbito: Aldea, Educación Ambiental para la sostenibilidad: D. Rafael Fernández.</li>
<li>Ámbito: Comunicación y Alfabetización Mediática e Informacional: Dña. Alba María Lanzas.</li>
<li>Ámbito: STEAM: D. Adolfo José Pedraza.</li>
<li>Ámbito: Arte y Cultura: Dña. Lucía Sánchez.</li>
</ul>
</li>
</ul>
<p><a href="https://blogsaverroes.juntadeandalucia.es/iesmarquesdecomares/files/2024/02/diagram.png"><img fetchpriority="high" decoding="async" class="aligncenter size-large wp-image-11771" src="https://blogsaverroes.juntadeandalucia.es/iesmarquesdecomares/files/2024/02/diagram-1024x139.png" alt="" width="1024" height="139" srcset="https://blogsaverroes.juntadeandalucia.es/iesmarquesdecomares/files/2024/02/diagram-1024x139.png 1024w, https://blogsaverroes.juntadeandalucia.es/iesmarquesdecomares/files/2024/02/diagram-300x41.png 300w, https://blogsaverroes.juntadeandalucia.es/iesmarquesdecomares/files/2024/02/diagram-768x104.png 768w, https://blogsaverroes.juntadeandalucia.es/iesmarquesdecomares/files/2024/02/diagram-1536x209.png 1536w, https://blogsaverroes.juntadeandalucia.es/iesmarquesdecomares/files/2024/02/diagram-2048x278.png 2048w" sizes="(max-width: 1024px) 100vw, 1024px" /></a></p>
<ul>
<li><strong>Plan de igualdad de género en educación.</strong> Coordinadora: Dña. María Josefa Cantero.</li>
<li><strong>Programa de centro bilingüe &#8211; Inglés.</strong> Coordinador: D. Rafael Cano.</li>
<li><strong>Plan de apertura de centros docentes</strong>. Coordinador: D. Alberto Lamarca.</li>
<li><strong>Plan de Salud Laboral y P.R.L.</strong> Coordinador: D. Rafael Cabrera.</li>
<li><strong>Organización y Funcionamiento de las Bibliotecas Escolares.</strong> Coordinador: Dña. María del Carmen Florido.</li>
<li><strong>Erasmus+(FP) &#8211; 2022-1-ES01-KA121-VET-00065946 &#8211; Proyectos acreditados de movilidad de estudiantes y personal de Formación Profesional (FP).</strong> Coordinador: D. Joaquín Molina.</li>
<li><strong>Erasmus+(FP) &#8211; 2023-1-ES01-KA121-VET-000137036 &#8211; Proyectos acreditados de movilidad de estudiantes y personal de Formación Profesional (FP).</strong> Coordinador: D. Joaquín Molina.</li>
<li><strong>Convivencia Escolar.</strong> Coordinadora: Dña. María del Carmen Florido.</li>
<li><strong>Más Deporte</strong>. Coordinador: D. Juan Luis Sáez.</li>
<li><strong>Más Equidad.</strong> Coordinadora: Dña. Sara Ortiz.</li>
<li><strong>Prácticum Grado Maestro.</strong> Coordinador: D. José Fernando Lavela.</li>
<li><strong>Prácticum Máster Secundaria.</strong> Coordinador. D. José Fernando Lavela.</li>
<li><strong>Prevención de la Violencia de Género.</strong> Coordinadora: Dña. María Josefa Cantero.</li>
<li><strong>Recurso ConRed Andalucía.</strong> Coordinador: D. Sergio Jodral.</li>
<li><strong>Red Andaluza Escuela: «Espacio de Paz».</strong> Coordinador: D. Rafael Carlos Muñoz.</li>
<li><strong>Transformación Digital Educativa</strong>. Coordinador: D. Alberto Lamarca.</li>
</ul>
<p>&nbsp;</p>
<p>En el curso 2022/23, en nuestro centro se desarrollaron los siguientes <strong>Planes y Programas</strong> promovidos desde la Consejería de Educación.</p>
<p><strong>Planes y/o Programas.</strong></p>
<ul>
<li><strong>Biblioteca</strong>. Coordinadora: Dña. María del Carmen Florido.</li>
<li><strong>Forma Joven</strong>. Coordinadora: Dña. María del Carmen Ayala.</li>
<li><strong>Gimkana matemática</strong>. Coordinador: D. José Fernando Lavela.</li>
<li><strong>Escuelas Deportivas</strong>. Coordinador: D. Juan Luis Sáez.</li>
<li><strong>Escuela Espacio de Paz</strong>. Coordinador: D. Rafael Carlos Muñoz.</li>
<li><strong>Plan de apertura de centros</strong>. Coordinador: D. Alberto Lamarca.</li>
<li><strong>Plan de Igualdad</strong>. Coordinadora: D. Antonio Ruiz.</li>
<li><strong>Plan de Autoprotección</strong>. Coordinador: D. Rafael Cabrera.</li>
<li><strong>Bilingüismo</strong>. Coordinador: D. Rafael Cano.</li>
<li><strong>TDE</strong>. Coordinador: D. Alberto Lamarca.</li>
<li><strong>Aldea B. Educación ambiental para la sostenibilidad</strong>. Coordinador: D. Rafael Fernández.</li>
<li><strong>Erasmus+</strong>. Coordinador: D. Joaquín Molina.</li>
</ul>
<p>&nbsp;</p>

<p>En este curso 2023/24, en nuestro centro se desarrollará los siguientes Planes y Programas promovidos desde la Consejería de Educación. Planes y/o Programas. Biblioteca. Coordinadora: Dña. María del Carmen Florido. Programa CIMA: Coordinador: D.&#46;&#46;&#46;</p>
