{"id":49,"date":"2015-03-13T08:47:05","date_gmt":"2015-03-13T08:47:05","guid":{"rendered":"http:\/\/blogsaverroes.juntadeandalucia.es\/pre\/ceip\/?page_id=49"},"modified":"2025-09-14T19:51:22","modified_gmt":"2025-09-14T18:51:22","slug":"proyecto-educativo","status":"publish","type":"page","link":"https:\/\/blogsaverroes.juntadeandalucia.es\/iesmarquesdecomares\/proyecto-educativo\/","title":{"rendered":"Proyecto Educativo"},"content":{"rendered":"<p>Un centro se define en gran medida por su <strong>Proyecto Educativo<\/strong>. En \u00e9l se plasma el modelo educativo y la concreci\u00f3n de la normativa que un centro realiza respecto a las ense\u00f1anzas que imparte. Aspectos tales como las finales educativas, objetivos, atenci\u00f3n a la diversidad, etc.<\/p>\n<p style=\"text-align: left\">Que la web de un centro informe de su Proyecto Educativo es una apuesta clara por la <strong>transparencia<\/strong>.<\/p>\n<ul>\n<li><a href=\"https:\/\/drive.google.com\/file\/d\/1R0KJ83jflESfKdiltcVrvtLfUvJOKv0U\/view?usp=sharing\" target=\"_blank\" rel=\"noopener noreferrer\">Plan de convivencia<\/a>.<\/li>\n<li><a href=\"https:\/\/drive.google.com\/file\/d\/1CuMif-NtwMypgKSRDn4WOks3f3zXsGHI\/view?usp=sharing\" target=\"_blank\" rel=\"noopener noreferrer\">Proyecto educativo<\/a>.<\/li>\n<li><a href=\"https:\/\/drive.google.com\/file\/d\/1R09zILzMHXFfcKyNQRkF9cdQRz06UQEz\/view?usp=sharing\" target=\"_blank\" rel=\"noopener noreferrer\">Reglamento de organizaci\u00f3n y funcionamiento<\/a>.<\/li>\n<li>Programaciones did\u00e1cticas<\/li>\n<\/ul>\n","protected":false},"excerpt":{"rendered":"<p>Un centro se define en gran medida por su Proyecto Educativo. En \u00e9l se plasma el modelo educativo y la concreci\u00f3n de la normativa que un centro realiza respecto a las ense\u00f1anzas que imparte.&#46;&#46;&#46;<\/p>\n","protected":false},"author":1,"featured_media":0,"parent":0,"menu_order":0,"comment_status":"open","ping_status":"open","template":"page-templates\/child-menu.php","meta":{"ngg_post_thumbnail":0,"footnotes":""},"aioseo_notices":[],"_links":{"self":[{"href":"https:\/\/blogsaverroes.juntadeandalucia.es\/iesmarquesdecomares\/wp-json\/wp\/v2\/pages\/49"}],"collection":[{"href":"https:\/\/blogsaverroes.juntadeandalucia.es\/iesmarquesdecomares\/wp-json\/wp\/v2\/pages"}],"about":[{"href":"https:\/\/blogsaverroes.juntadeandalucia.es\/iesmarquesdecomares\/wp-json\/wp\/v2\/types\/page"}],"author":[{"embeddable":true,"href":"https:\/\/blogsaverroes.juntadeandalucia.es\/iesmarquesdecomares\/wp-json\/wp\/v2\/users\/1"}],"replies":[{"embeddable":true,"href":"https:\/\/blogsaverroes.juntadeandalucia.es\/iesmarquesdecomares\/wp-json\/wp\/v2\/comments?post=49"}],"version-history":[{"count":19,"href":"https:\/\/blogsaverroes.juntadeandalucia.es\/iesmarquesdecomares\/wp-json\/wp\/v2\/pages\/49\/revisions"}],"predecessor-version":[{"id":14475,"href":"https:\/\/blogsaverroes.juntadeandalucia.es\/iesmarquesdecomares\/wp-json\/wp\/v2\/pages\/49\/revisions\/14475"}],"wp:attachment":[{"href":"https:\/\/blogsaverroes.juntadeandalucia.es\/iesmarquesdecomares\/wp-json\/wp\/v2\/media?parent=49"}],"curies":[{"name":"wp","href":"https:\/\/api.w.org\/{rel}","templated":true}]}}

<p>Un centro se define en gran medida por su <strong>Proyecto Educativo</strong>. En él se plasma el modelo educativo y la concreción de la normativa que un centro realiza respecto a las enseñanzas que imparte. Aspectos tales como las finales educativas, objetivos, atención a la diversidad, etc.</p>
<p style="text-align: left">Que la web de un centro informe de su Proyecto Educativo es una apuesta clara por la <strong>transparencia</strong>.</p>
<ul>
<li><a href="https://drive.google.com/file/d/1R0KJ83jflESfKdiltcVrvtLfUvJOKv0U/view?usp=sharing" target="_blank" rel="noopener noreferrer">Plan de convivencia</a>.</li>
<li><a href="https://drive.google.com/file/d/1CuMif-NtwMypgKSRDn4WOks3f3zXsGHI/view?usp=sharing" target="_blank" rel="noopener noreferrer">Proyecto educativo</a>.</li>
<li><a href="https://drive.google.com/file/d/1R09zILzMHXFfcKyNQRkF9cdQRz06UQEz/view?usp=sharing" target="_blank" rel="noopener noreferrer">Reglamento de organización y funcionamiento</a>.</li>
<li>Programaciones didácticas</li>
</ul>

<p>Un centro se define en gran medida por su Proyecto Educativo. En él se plasma el modelo educativo y la concreción de la normativa que un centro realiza respecto a las enseñanzas que imparte.&#46;&#46;&#46;</p>
