{"id":5866,"date":"2021-11-24T21:23:51","date_gmt":"2021-11-24T20:23:51","guid":{"rendered":"https:\/\/blogsaverroes.juntadeandalucia.es\/iesmarquesdecomares\/?page_id=5866"},"modified":"2026-03-15T20:46:19","modified_gmt":"2026-03-15T19:46:19","slug":"programa-acredita","status":"publish","type":"page","link":"https:\/\/blogsaverroes.juntadeandalucia.es\/iesmarquesdecomares\/programa-acredita\/","title":{"rendered":"Programa Acredita"},"content":{"rendered":"<p>El programa&nbsp;<b>Acredita<\/b>&nbsp;convalida las competencias profesionales adquiridas con experiencia laboral demostrable o v\u00edas no formales de formaci\u00f3n, siempre y cuando exista una oficialidad en cualquiera de las dos formas.<\/p>\n<p>&nbsp;<\/p>\n<p style=\"text-align: center\"><a href=\"https:\/\/www.juntadeandalucia.es\/educacion\/portals\/web\/iacp\/convocatorias\" target=\"_blank\" rel=\"noopener noreferrer\"><img decoding=\"async\" class=\"alignnone wp-image-5870 size-full\" src=\"https:\/\/blogsaverroes.juntadeandalucia.es\/iesmarquesdecomares\/files\/2021\/11\/layout_set_logo.png\" alt=\"\" width=\"560\" height=\"87\" srcset=\"https:\/\/blogsaverroes.juntadeandalucia.es\/iesmarquesdecomares\/files\/2021\/11\/layout_set_logo.png 560w, https:\/\/blogsaverroes.juntadeandalucia.es\/iesmarquesdecomares\/files\/2021\/11\/layout_set_logo-300x47.png 300w\" sizes=\"(max-width: 560px) 100vw, 560px\" \/><\/a><\/p>\n<p style=\"text-align: center\"><img fetchpriority=\"high\" decoding=\"async\" class=\"aligncenter size-full wp-image-13391\" src=\"https:\/\/blogsaverroes.juntadeandalucia.es\/iesmarquesdecomares\/files\/2024\/11\/Screenshot_5-removebg-preview-1.png\" alt=\"\" width=\"989\" height=\"105\" srcset=\"https:\/\/blogsaverroes.juntadeandalucia.es\/iesmarquesdecomares\/files\/2024\/11\/Screenshot_5-removebg-preview-1.png 989w, https:\/\/blogsaverroes.juntadeandalucia.es\/iesmarquesdecomares\/files\/2024\/11\/Screenshot_5-removebg-preview-1-300x32.png 300w, https:\/\/blogsaverroes.juntadeandalucia.es\/iesmarquesdecomares\/files\/2024\/11\/Screenshot_5-removebg-preview-1-768x82.png 768w, https:\/\/blogsaverroes.juntadeandalucia.es\/iesmarquesdecomares\/files\/2024\/11\/Screenshot_5-removebg-preview-1-980x105.png 980w\" sizes=\"(max-width: 989px) 100vw, 989px\" \/><\/p>\n<p style=\"text-align: center\">Procedimiento financiado por el Ministerio de Educaci\u00f3n, Formaci\u00f3n Profesional y Deportes<br \/>\ny la Uni\u00f3n Europea-NextGenerationEU, en el marco del Plan de Recuperaci\u00f3n, Transformaci\u00f3n y Resiliencia.<\/p>\n<p><a href=\"https:\/\/blogsaverroes.juntadeandalucia.es\/iesmarquesdecomares\/files\/2024\/04\/Diptico-Acredita-C20I1-PRTR.pdf\">D\u00edptico Acredita -C20I1 PRTR<\/a><\/p>\n<p><a href=\"https:\/\/blogsaverroes.juntadeandalucia.es\/iesmarquesdecomares\/programa-acredita\/infografia-2\/\" rel=\"attachment wp-att-15009\">infografia<\/a><\/p>\n<p><a href=\"https:\/\/blogsaverroes.juntadeandalucia.es\/iesmarquesdecomares\/programa-acredita\/triptico-3\/\" rel=\"attachment wp-att-15010\">triptico<\/a><\/p>\n<p><a href=\"https:\/\/blogsaverroes.juntadeandalucia.es\/iesmarquesdecomares\/programa-acredita\/diptico-2\/\" rel=\"attachment wp-att-15011\">diptico<\/a><a href=\"https:\/\/blogsaverroes.juntadeandalucia.es\/iesmarquesdecomares\/programa-acredita\/infografia\/\" rel=\"attachment wp-att-15007\"><img decoding=\"async\" class=\"aligncenter size-large wp-image-15007\" src=\"https:\/\/blogsaverroes.juntadeandalucia.es\/iesmarquesdecomares\/files\/2026\/03\/infografia-732x1024.jpg\" alt=\"\" width=\"732\" height=\"1024\" srcset=\"https:\/\/blogsaverroes.juntadeandalucia.es\/iesmarquesdecomares\/files\/2026\/03\/infografia-732x1024.jpg 732w, https:\/\/blogsaverroes.juntadeandalucia.es\/iesmarquesdecomares\/files\/2026\/03\/infografia-215x300.jpg 215w, https:\/\/blogsaverroes.juntadeandalucia.es\/iesmarquesdecomares\/files\/2026\/03\/infografia-768x1074.jpg 768w, https:\/\/blogsaverroes.juntadeandalucia.es\/iesmarquesdecomares\/files\/2026\/03\/infografia.jpg 799w\" sizes=\"(max-width: 732px) 100vw, 732px\" \/><\/a> <a href=\"https:\/\/blogsaverroes.juntadeandalucia.es\/iesmarquesdecomares\/programa-acredita\/diptico\/\" rel=\"attachment wp-att-15008\"><img loading=\"lazy\" decoding=\"async\" class=\"aligncenter size-large wp-image-15008\" src=\"https:\/\/blogsaverroes.juntadeandalucia.es\/iesmarquesdecomares\/files\/2026\/03\/diptico.jpg\" alt=\"\" width=\"394\" height=\"570\" srcset=\"https:\/\/blogsaverroes.juntadeandalucia.es\/iesmarquesdecomares\/files\/2026\/03\/diptico.jpg 394w, https:\/\/blogsaverroes.juntadeandalucia.es\/iesmarquesdecomares\/files\/2026\/03\/diptico-207x300.jpg 207w\" sizes=\"(max-width: 394px) 100vw, 394px\" \/><\/a><\/p>\n","protected":false},"excerpt":{"rendered":"<p>El programa&nbsp;Acredita&nbsp;convalida las competencias profesionales adquiridas con experiencia laboral demostrable o v\u00edas no formales de formaci\u00f3n, siempre y cuando exista una oficialidad en cualquiera de las dos formas. &nbsp; Procedimiento financiado por el Ministerio&#46;&#46;&#46;<\/p>\n","protected":false},"author":8171,"featured_media":0,"parent":0,"menu_order":0,"comment_status":"closed","ping_status":"closed","template":"","meta":{"ngg_post_thumbnail":0,"footnotes":""},"aioseo_notices":[],"_links":{"self":[{"href":"https:\/\/blogsaverroes.juntadeandalucia.es\/iesmarquesdecomares\/wp-json\/wp\/v2\/pages\/5866"}],"collection":[{"href":"https:\/\/blogsaverroes.juntadeandalucia.es\/iesmarquesdecomares\/wp-json\/wp\/v2\/pages"}],"about":[{"href":"https:\/\/blogsaverroes.juntadeandalucia.es\/iesmarquesdecomares\/wp-json\/wp\/v2\/types\/page"}],"author":[{"embeddable":true,"href":"https:\/\/blogsaverroes.juntadeandalucia.es\/iesmarquesdecomares\/wp-json\/wp\/v2\/users\/8171"}],"replies":[{"embeddable":true,"href":"https:\/\/blogsaverroes.juntadeandalucia.es\/iesmarquesdecomares\/wp-json\/wp\/v2\/comments?post=5866"}],"version-history":[{"count":8,"href":"https:\/\/blogsaverroes.juntadeandalucia.es\/iesmarquesdecomares\/wp-json\/wp\/v2\/pages\/5866\/revisions"}],"predecessor-version":[{"id":15012,"href":"https:\/\/blogsaverroes.juntadeandalucia.es\/iesmarquesdecomares\/wp-json\/wp\/v2\/pages\/5866\/revisions\/15012"}],"wp:attachment":[{"href":"https:\/\/blogsaverroes.juntadeandalucia.es\/iesmarquesdecomares\/wp-json\/wp\/v2\/media?parent=5866"}],"curies":[{"name":"wp","href":"https:\/\/api.w.org\/{rel}","templated":true}]}}

<p>El programa&nbsp;<b>Acredita</b>&nbsp;convalida las competencias profesionales adquiridas con experiencia laboral demostrable o vías no formales de formación, siempre y cuando exista una oficialidad en cualquiera de las dos formas.</p>
<p>&nbsp;</p>
<p style="text-align: center"><a href="https://www.juntadeandalucia.es/educacion/portals/web/iacp/convocatorias" target="_blank" rel="noopener noreferrer"><img decoding="async" class="alignnone wp-image-5870 size-full" src="https://blogsaverroes.juntadeandalucia.es/iesmarquesdecomares/files/2021/11/layout_set_logo.png" alt="" width="560" height="87" srcset="https://blogsaverroes.juntadeandalucia.es/iesmarquesdecomares/files/2021/11/layout_set_logo.png 560w, https://blogsaverroes.juntadeandalucia.es/iesmarquesdecomares/files/2021/11/layout_set_logo-300x47.png 300w" sizes="(max-width: 560px) 100vw, 560px" /></a></p>
<p style="text-align: center"><img fetchpriority="high" decoding="async" class="aligncenter size-full wp-image-13391" src="https://blogsaverroes.juntadeandalucia.es/iesmarquesdecomares/files/2024/11/Screenshot_5-removebg-preview-1.png" alt="" width="989" height="105" srcset="https://blogsaverroes.juntadeandalucia.es/iesmarquesdecomares/files/2024/11/Screenshot_5-removebg-preview-1.png 989w, https://blogsaverroes.juntadeandalucia.es/iesmarquesdecomares/files/2024/11/Screenshot_5-removebg-preview-1-300x32.png 300w, https://blogsaverroes.juntadeandalucia.es/iesmarquesdecomares/files/2024/11/Screenshot_5-removebg-preview-1-768x82.png 768w, https://blogsaverroes.juntadeandalucia.es/iesmarquesdecomares/files/2024/11/Screenshot_5-removebg-preview-1-980x105.png 980w" sizes="(max-width: 989px) 100vw, 989px" /></p>
<p style="text-align: center">Procedimiento financiado por el Ministerio de Educación, Formación Profesional y Deportes<br />
y la Unión Europea-NextGenerationEU, en el marco del Plan de Recuperación, Transformación y Resiliencia.</p>
<p><a href="https://blogsaverroes.juntadeandalucia.es/iesmarquesdecomares/files/2024/04/Diptico-Acredita-C20I1-PRTR.pdf">Díptico Acredita -C20I1 PRTR</a></p>
<p><a href="https://blogsaverroes.juntadeandalucia.es/iesmarquesdecomares/programa-acredita/infografia-2/" rel="attachment wp-att-15009">infografia</a></p>
<p><a href="https://blogsaverroes.juntadeandalucia.es/iesmarquesdecomares/programa-acredita/triptico-3/" rel="attachment wp-att-15010">triptico</a></p>
<p><a href="https://blogsaverroes.juntadeandalucia.es/iesmarquesdecomares/programa-acredita/diptico-2/" rel="attachment wp-att-15011">diptico</a><a href="https://blogsaverroes.juntadeandalucia.es/iesmarquesdecomares/programa-acredita/infografia/" rel="attachment wp-att-15007"><img decoding="async" class="aligncenter size-large wp-image-15007" src="https://blogsaverroes.juntadeandalucia.es/iesmarquesdecomares/files/2026/03/infografia-732x1024.jpg" alt="" width="732" height="1024" srcset="https://blogsaverroes.juntadeandalucia.es/iesmarquesdecomares/files/2026/03/infografia-732x1024.jpg 732w, https://blogsaverroes.juntadeandalucia.es/iesmarquesdecomares/files/2026/03/infografia-215x300.jpg 215w, https://blogsaverroes.juntadeandalucia.es/iesmarquesdecomares/files/2026/03/infografia-768x1074.jpg 768w, https://blogsaverroes.juntadeandalucia.es/iesmarquesdecomares/files/2026/03/infografia.jpg 799w" sizes="(max-width: 732px) 100vw, 732px" /></a> <a href="https://blogsaverroes.juntadeandalucia.es/iesmarquesdecomares/programa-acredita/diptico/" rel="attachment wp-att-15008"><img loading="lazy" decoding="async" class="aligncenter size-large wp-image-15008" src="https://blogsaverroes.juntadeandalucia.es/iesmarquesdecomares/files/2026/03/diptico.jpg" alt="" width="394" height="570" srcset="https://blogsaverroes.juntadeandalucia.es/iesmarquesdecomares/files/2026/03/diptico.jpg 394w, https://blogsaverroes.juntadeandalucia.es/iesmarquesdecomares/files/2026/03/diptico-207x300.jpg 207w" sizes="(max-width: 394px) 100vw, 394px" /></a></p>

<p>El programa&nbsp;Acredita&nbsp;convalida las competencias profesionales adquiridas con experiencia laboral demostrable o vías no formales de formación, siempre y cuando exista una oficialidad en cualquiera de las dos formas. &nbsp; Procedimiento financiado por el Ministerio&#46;&#46;&#46;</p>
