{"id":330,"date":"2015-03-18T07:11:43","date_gmt":"2015-03-18T07:11:43","guid":{"rendered":"http:\/\/blogsaverroes.juntadeandalucia.es\/pre\/ceip\/?page_id=330"},"modified":"2020-12-06T12:07:43","modified_gmt":"2020-12-06T12:07:43","slug":"bibliop","status":"publish","type":"page","link":"https:\/\/blogsaverroes.juntadeandalucia.es\/iesmartinaldehuela\/biblioteca\/bibliop\/","title":{"rendered":"Cat\u00e1logo"},"content":{"rendered":"<p style=\"text-align: left\"><img loading=\"lazy\" decoding=\"async\" class=\"alignnone size-medium wp-image-551\" src=\"http:\/\/blogsaverroes.juntadeandalucia.es\/temahuemanies\/files\/2014\/12\/libros1-300x246.png\" alt=\"libros1\" width=\"300\" height=\"246\" srcset=\"https:\/\/blogsaverroes.juntadeandalucia.es\/iesmartinaldehuela\/files\/2014\/12\/libros1-300x246.png 300w, https:\/\/blogsaverroes.juntadeandalucia.es\/iesmartinaldehuela\/files\/2014\/12\/libros1.png 640w\" sizes=\"(max-width: 300px) 100vw, 300px\" \/>&nbsp; &nbsp; &nbsp; &nbsp; &nbsp; &nbsp; &nbsp; &nbsp; &nbsp; &nbsp; &nbsp; &nbsp; &nbsp; &nbsp; &nbsp;&nbsp; &nbsp;&nbsp;&nbsp; <a href=\"https:\/\/beiesmartinaldehuela.blogspot.com\/\"><img loading=\"lazy\" decoding=\"async\" class=\"alignnone wp-image-2491 \" src=\"https:\/\/blogsaverroes.juntadeandalucia.es\/iesmartinaldehuela\/files\/2020\/05\/Biblioteca_MA-300x235.png\" alt=\"\" width=\"318\" height=\"249\" srcset=\"https:\/\/blogsaverroes.juntadeandalucia.es\/iesmartinaldehuela\/files\/2020\/05\/Biblioteca_MA-300x235.png 300w, https:\/\/blogsaverroes.juntadeandalucia.es\/iesmartinaldehuela\/files\/2020\/05\/Biblioteca_MA-24x19.png 24w, https:\/\/blogsaverroes.juntadeandalucia.es\/iesmartinaldehuela\/files\/2020\/05\/Biblioteca_MA-36x28.png 36w, https:\/\/blogsaverroes.juntadeandalucia.es\/iesmartinaldehuela\/files\/2020\/05\/Biblioteca_MA-48x38.png 48w, https:\/\/blogsaverroes.juntadeandalucia.es\/iesmartinaldehuela\/files\/2020\/05\/Biblioteca_MA.png 427w\" sizes=\"(max-width: 318px) 100vw, 318px\" \/><\/a><\/p>\n<h3 class=\"post-title entry-title\"><a href=\"https:\/\/beiesmartinaldehuela.blogspot.com\/2020\/04\/feliz-dia-del-libro.html\"><span style=\"color: #ff0000\">\u00a1Feliz D\u00eda del Libro!<\/span><\/a><\/h3>\n<div class=\"post-header\">\n<div class=\"post-header-line-1\">&nbsp;<\/div>\n<\/div>\n<div id=\"post-body-3885934849915982083\" class=\"post-body entry-content\">\n<p>Hola a todos:<\/p>\n<div>\n<div>A pesar de que debido a la epidemia de coronavirus la biblioteca permanece cerrada, desde nuestro confinamiento hemos querido celebrar el D\u00eda del Libro recomendando los t\u00edtulos que m\u00e1s nos gustan. Este a\u00f1o no tenemos Feria del Libro ni \u00abLibro amigo invisible\u00bb pero seguimos con las mismas ganas de leer de siempre, o a\u00fan m\u00e1s si cabe.<\/div>\n<div>\u00a1Muchas gracias a todos los que han colaborado envi\u00e1ndonos sus fotos lectoras!<\/div>\n<div>&nbsp;<\/div>\n<div>Aqu\u00ed ten\u00e9is el resultado:<\/div>\n<\/div>\n<\/div>\n<div>&nbsp;<\/div>\n<div><a href=\"https:\/\/blogsaverroes.juntadeandalucia.es\/iesmartinaldehuela\/files\/2020\/05\/Feliz-d\u00eda-del-libro-2020-red.jpg\"><img loading=\"lazy\" decoding=\"async\" class=\"wp-image-2489 aligncenter\" src=\"https:\/\/blogsaverroes.juntadeandalucia.es\/iesmartinaldehuela\/files\/2020\/05\/Feliz-d\u00eda-del-libro-2020-red-212x300.jpg\" alt=\"\" width=\"397\" height=\"562\" srcset=\"https:\/\/blogsaverroes.juntadeandalucia.es\/iesmartinaldehuela\/files\/2020\/05\/Feliz-d\u00eda-del-libro-2020-red-212x300.jpg 212w, https:\/\/blogsaverroes.juntadeandalucia.es\/iesmartinaldehuela\/files\/2020\/05\/Feliz-d\u00eda-del-libro-2020-red-768x1086.jpg 768w, https:\/\/blogsaverroes.juntadeandalucia.es\/iesmartinaldehuela\/files\/2020\/05\/Feliz-d\u00eda-del-libro-2020-red-724x1024.jpg 724w, https:\/\/blogsaverroes.juntadeandalucia.es\/iesmartinaldehuela\/files\/2020\/05\/Feliz-d\u00eda-del-libro-2020-red-17x24.jpg 17w, https:\/\/blogsaverroes.juntadeandalucia.es\/iesmartinaldehuela\/files\/2020\/05\/Feliz-d\u00eda-del-libro-2020-red-25x36.jpg 25w, https:\/\/blogsaverroes.juntadeandalucia.es\/iesmartinaldehuela\/files\/2020\/05\/Feliz-d\u00eda-del-libro-2020-red-34x48.jpg 34w, https:\/\/blogsaverroes.juntadeandalucia.es\/iesmartinaldehuela\/files\/2020\/05\/Feliz-d\u00eda-del-libro-2020-red.jpg 1131w\" sizes=\"(max-width: 397px) 100vw, 397px\" \/><\/a><\/div>\n<div>&nbsp;<\/div>\n<div>&nbsp;<\/div>\n<div>&nbsp;<\/div>\n<div>&nbsp;<\/div>\n<div>&nbsp;<\/div>\n<div>&nbsp;<\/div>\n<div>&nbsp;<\/div>\n<div>&nbsp;<\/div>\n<div>&nbsp;<\/div>\n","protected":false},"excerpt":{"rendered":"<p>&nbsp; &nbsp; &nbsp; &nbsp; &nbsp; &nbsp; &nbsp; &nbsp; &nbsp; &nbsp; &nbsp; &nbsp; &nbsp; &nbsp; &nbsp;&nbsp; &nbsp;&nbsp;&nbsp; \u00a1Feliz D\u00eda del Libro! &nbsp; Hola a todos: A pesar de que debido a la epidemia de coronavirus&#46;&#46;&#46;<\/p>\n","protected":false},"author":1,"featured_media":0,"parent":113,"menu_order":0,"comment_status":"open","ping_status":"open","template":"page-templates\/child-menu.php","meta":{"ngg_post_thumbnail":0,"footnotes":"","_mc_calendar":[]},"aioseo_notices":[],"_links":{"self":[{"href":"https:\/\/blogsaverroes.juntadeandalucia.es\/iesmartinaldehuela\/wp-json\/wp\/v2\/pages\/330"}],"collection":[{"href":"https:\/\/blogsaverroes.juntadeandalucia.es\/iesmartinaldehuela\/wp-json\/wp\/v2\/pages"}],"about":[{"href":"https:\/\/blogsaverroes.juntadeandalucia.es\/iesmartinaldehuela\/wp-json\/wp\/v2\/types\/page"}],"author":[{"embeddable":true,"href":"https:\/\/blogsaverroes.juntadeandalucia.es\/iesmartinaldehuela\/wp-json\/wp\/v2\/users\/1"}],"replies":[{"embeddable":true,"href":"https:\/\/blogsaverroes.juntadeandalucia.es\/iesmartinaldehuela\/wp-json\/wp\/v2\/comments?post=330"}],"version-history":[{"count":8,"href":"https:\/\/blogsaverroes.juntadeandalucia.es\/iesmartinaldehuela\/wp-json\/wp\/v2\/pages\/330\/revisions"}],"predecessor-version":[{"id":2543,"href":"https:\/\/blogsaverroes.juntadeandalucia.es\/iesmartinaldehuela\/wp-json\/wp\/v2\/pages\/330\/revisions\/2543"}],"up":[{"embeddable":true,"href":"https:\/\/blogsaverroes.juntadeandalucia.es\/iesmartinaldehuela\/wp-json\/wp\/v2\/pages\/113"}],"wp:attachment":[{"href":"https:\/\/blogsaverroes.juntadeandalucia.es\/iesmartinaldehuela\/wp-json\/wp\/v2\/media?parent=330"}],"curies":[{"name":"wp","href":"https:\/\/api.w.org\/{rel}","templated":true}]}}

Catálogo

<p style="text-align: left"><img loading="lazy" decoding="async" class="alignnone size-medium wp-image-551" src="http://blogsaverroes.juntadeandalucia.es/temahuemanies/files/2014/12/libros1-300x246.png" alt="libros1" width="300" height="246" srcset="https://blogsaverroes.juntadeandalucia.es/iesmartinaldehuela/files/2014/12/libros1-300x246.png 300w, https://blogsaverroes.juntadeandalucia.es/iesmartinaldehuela/files/2014/12/libros1.png 640w" sizes="(max-width: 300px) 100vw, 300px" />&nbsp; &nbsp; &nbsp; &nbsp; &nbsp; &nbsp; &nbsp; &nbsp; &nbsp; &nbsp; &nbsp; &nbsp; &nbsp; &nbsp; &nbsp;&nbsp; &nbsp;&nbsp;&nbsp; <a href="https://beiesmartinaldehuela.blogspot.com/"><img loading="lazy" decoding="async" class="alignnone wp-image-2491 " src="https://blogsaverroes.juntadeandalucia.es/iesmartinaldehuela/files/2020/05/Biblioteca_MA-300x235.png" alt="" width="318" height="249" srcset="https://blogsaverroes.juntadeandalucia.es/iesmartinaldehuela/files/2020/05/Biblioteca_MA-300x235.png 300w, https://blogsaverroes.juntadeandalucia.es/iesmartinaldehuela/files/2020/05/Biblioteca_MA-24x19.png 24w, https://blogsaverroes.juntadeandalucia.es/iesmartinaldehuela/files/2020/05/Biblioteca_MA-36x28.png 36w, https://blogsaverroes.juntadeandalucia.es/iesmartinaldehuela/files/2020/05/Biblioteca_MA-48x38.png 48w, https://blogsaverroes.juntadeandalucia.es/iesmartinaldehuela/files/2020/05/Biblioteca_MA.png 427w" sizes="(max-width: 318px) 100vw, 318px" /></a></p>
<h3 class="post-title entry-title"><a href="https://beiesmartinaldehuela.blogspot.com/2020/04/feliz-dia-del-libro.html"><span style="color: #ff0000">¡Feliz Día del Libro!</span></a></h3>
<div class="post-header">
<div class="post-header-line-1">&nbsp;</div>
</div>
<div id="post-body-3885934849915982083" class="post-body entry-content">
<p>Hola a todos:</p>
<div>
<div>A pesar de que debido a la epidemia de coronavirus la biblioteca permanece cerrada, desde nuestro confinamiento hemos querido celebrar el Día del Libro recomendando los títulos que más nos gustan. Este año no tenemos Feria del Libro ni «Libro amigo invisible» pero seguimos con las mismas ganas de leer de siempre, o aún más si cabe.</div>
<div>¡Muchas gracias a todos los que han colaborado enviándonos sus fotos lectoras!</div>
<div>&nbsp;</div>
<div>Aquí tenéis el resultado:</div>
</div>
</div>
<div>&nbsp;</div>
<div><a href="https://blogsaverroes.juntadeandalucia.es/iesmartinaldehuela/files/2020/05/Feliz-día-del-libro-2020-red.jpg"><img loading="lazy" decoding="async" class="wp-image-2489 aligncenter" src="https://blogsaverroes.juntadeandalucia.es/iesmartinaldehuela/files/2020/05/Feliz-día-del-libro-2020-red-212x300.jpg" alt="" width="397" height="562" srcset="https://blogsaverroes.juntadeandalucia.es/iesmartinaldehuela/files/2020/05/Feliz-día-del-libro-2020-red-212x300.jpg 212w, https://blogsaverroes.juntadeandalucia.es/iesmartinaldehuela/files/2020/05/Feliz-día-del-libro-2020-red-768x1086.jpg 768w, https://blogsaverroes.juntadeandalucia.es/iesmartinaldehuela/files/2020/05/Feliz-día-del-libro-2020-red-724x1024.jpg 724w, https://blogsaverroes.juntadeandalucia.es/iesmartinaldehuela/files/2020/05/Feliz-día-del-libro-2020-red-17x24.jpg 17w, https://blogsaverroes.juntadeandalucia.es/iesmartinaldehuela/files/2020/05/Feliz-día-del-libro-2020-red-25x36.jpg 25w, https://blogsaverroes.juntadeandalucia.es/iesmartinaldehuela/files/2020/05/Feliz-día-del-libro-2020-red-34x48.jpg 34w, https://blogsaverroes.juntadeandalucia.es/iesmartinaldehuela/files/2020/05/Feliz-día-del-libro-2020-red.jpg 1131w" sizes="(max-width: 397px) 100vw, 397px" /></a></div>
<div>&nbsp;</div>
<div>&nbsp;</div>
<div>&nbsp;</div>
<div>&nbsp;</div>
<div>&nbsp;</div>
<div>&nbsp;</div>
<div>&nbsp;</div>
<div>&nbsp;</div>
<div>&nbsp;</div>

<p>&nbsp; &nbsp; &nbsp; &nbsp; &nbsp; &nbsp; &nbsp; &nbsp; &nbsp; &nbsp; &nbsp; &nbsp; &nbsp; &nbsp; &nbsp;&nbsp; &nbsp;&nbsp;&nbsp; ¡Feliz Día del Libro! &nbsp; Hola a todos: A pesar de que debido a la epidemia de coronavirus&#46;&#46;&#46;</p>
