{"id":42,"date":"2015-03-13T08:40:47","date_gmt":"2015-03-13T08:40:47","guid":{"rendered":"http:\/\/blogsaverroes.juntadeandalucia.es\/pre\/ceip\/?page_id=42"},"modified":"2023-07-04T16:14:28","modified_gmt":"2023-07-04T16:14:28","slug":"equipo-directivo","status":"publish","type":"page","link":"https:\/\/blogsaverroes.juntadeandalucia.es\/iesmartinaldehuela\/equipo-directivo\/","title":{"rendered":"Equipo directivo"},"content":{"rendered":"<p><a href=\"https:\/\/blogsaverroes.juntadeandalucia.es\/iesmartinaldehuela\/files\/2020\/12\/Anagrama_MA_nombre.jpg\"><img loading=\"lazy\" decoding=\"async\" class=\"alignnone wp-image-2546\" src=\"https:\/\/blogsaverroes.juntadeandalucia.es\/iesmartinaldehuela\/files\/2020\/12\/Anagrama_MA_nombre.jpg\" alt=\"\" width=\"329\" height=\"134\" srcset=\"https:\/\/blogsaverroes.juntadeandalucia.es\/iesmartinaldehuela\/files\/2020\/12\/Anagrama_MA_nombre.jpg 243w, https:\/\/blogsaverroes.juntadeandalucia.es\/iesmartinaldehuela\/files\/2020\/12\/Anagrama_MA_nombre-24x10.jpg 24w, https:\/\/blogsaverroes.juntadeandalucia.es\/iesmartinaldehuela\/files\/2020\/12\/Anagrama_MA_nombre-36x15.jpg 36w, https:\/\/blogsaverroes.juntadeandalucia.es\/iesmartinaldehuela\/files\/2020\/12\/Anagrama_MA_nombre-48x20.jpg 48w\" sizes=\"(max-width: 329px) 100vw, 329px\" \/><\/a><\/p>\n<hr>\n<table style=\"border-collapse: collapse;width: 100%;height: 111px\">\n<tbody>\n<tr style=\"height: 34px\">\n<td style=\"width: 22.1716%;height: 30px;text-align: left\"><span style=\"color: #000000\"><strong>Director:<\/strong><\/span><\/td>\n<td style=\"width: 26.1199%;height: 30px;text-align: left\"><span style=\"color: #000080\"><strong>Jos\u00e9 Manuel Gonz\u00e1lez Rivera<\/strong> <\/span><\/td>\n<td style=\"width: 51.7084%;height: 30px;text-align: left\"><span style=\"color: #008080\"> <strong>jmgonzalez@iesmartinaldehuela.com<\/strong><\/span><\/td>\n<\/tr>\n<tr style=\"height: 51px\">\n<td style=\"width: 22.1716%;height: 29px;text-align: left\"><span style=\"color: #000000\"><strong>Vicedirectora:<br \/>\n<\/strong><\/span><\/td>\n<td style=\"width: 26.1199%;height: 29px;text-align: left\"><span style=\"color: #000080\"><strong>Mar\u00eda Teresa Villalobos&nbsp; Cantos<\/strong><\/span><\/td>\n<td style=\"width: 51.7084%;height: 29px;text-align: left\"><span style=\"color: #008080\"><strong>mtvillalobos@iesmartinaldehuela.com<\/strong><\/span><\/td>\n<\/tr>\n<tr style=\"height: 10px\">\n<td style=\"width: 22.1716%;height: 10px;text-align: left\"><span style=\"color: #000000\"><strong>Secretario: <\/strong><\/span><\/td>\n<td style=\"width: 26.1199%;height: 10px;text-align: left\"><span style=\"color: #000080\"><strong> Carlos Mart\u00ednez Guerrero<\/strong><\/span><\/td>\n<td style=\"width: 51.7084%;height: 10px;text-align: left\"><span style=\"color: #008080\"><strong>cmartinez@iesmartinaldehuela.com<\/strong><\/span><\/td>\n<\/tr>\n<tr style=\"height: 32px\">\n<td style=\"width: 22.1716%;height: 32px;text-align: left\"><span style=\"color: #000000\"><strong>Jefe de estudios:&nbsp;<br \/>\n<\/strong><\/span><\/td>\n<td style=\"width: 26.1199%;height: 32px;text-align: left\"><span style=\"color: #000080\"><strong>Jos\u00e9 Manuel Bravo Salazar<\/strong><\/span><\/td>\n<td style=\"width: 51.7084%;height: 32px;text-align: left\"><span style=\"color: #008080\"><strong>jmbravo@iesmartinaldehuela.com<\/strong><\/span><\/td>\n<\/tr>\n<tr style=\"height: 10px\">\n<td style=\"width: 22.1716%;height: 10px;text-align: left\"><span style=\"color: #000000\"><strong>Jefa de estudios adjunto:&nbsp; <\/strong><\/span><\/td>\n<td style=\"width: 26.1199%;height: 10px;text-align: left\"><span style=\"color: #000080\"><strong>Irene M. Guerrero Gonz\u00e1lez<br \/>\n<\/strong><\/span><\/td>\n<td style=\"width: 51.7084%;height: 10px;text-align: left\"><span style=\"color: #008080\"><strong>im.guerrero@iesmartinaldehuela.com<\/strong><\/span><\/td>\n<\/tr>\n<\/tbody>\n<\/table>\n<p>&nbsp;<\/p>\n","protected":false},"excerpt":{"rendered":"<p>Director: Jos\u00e9 Manuel Gonz\u00e1lez Rivera jmgonzalez@iesmartinaldehuela.com Vicedirectora: Mar\u00eda Teresa Villalobos&nbsp; Cantos mtvillalobos@iesmartinaldehuela.com Secretario: Carlos Mart\u00ednez Guerrero cmartinez@iesmartinaldehuela.com Jefe de estudios:&nbsp; Jos\u00e9 Manuel Bravo Salazar jmbravo@iesmartinaldehuela.com Jefa de estudios adjunto:&nbsp; Irene M. Guerrero Gonz\u00e1lez im.guerrero@iesmartinaldehuela.com&#46;&#46;&#46;<\/p>\n","protected":false},"author":1,"featured_media":0,"parent":0,"menu_order":0,"comment_status":"open","ping_status":"open","template":"page-templates\/child-menu.php","meta":{"ngg_post_thumbnail":0,"footnotes":"","_mc_calendar":[]},"aioseo_notices":[],"_links":{"self":[{"href":"https:\/\/blogsaverroes.juntadeandalucia.es\/iesmartinaldehuela\/wp-json\/wp\/v2\/pages\/42"}],"collection":[{"href":"https:\/\/blogsaverroes.juntadeandalucia.es\/iesmartinaldehuela\/wp-json\/wp\/v2\/pages"}],"about":[{"href":"https:\/\/blogsaverroes.juntadeandalucia.es\/iesmartinaldehuela\/wp-json\/wp\/v2\/types\/page"}],"author":[{"embeddable":true,"href":"https:\/\/blogsaverroes.juntadeandalucia.es\/iesmartinaldehuela\/wp-json\/wp\/v2\/users\/1"}],"replies":[{"embeddable":true,"href":"https:\/\/blogsaverroes.juntadeandalucia.es\/iesmartinaldehuela\/wp-json\/wp\/v2\/comments?post=42"}],"version-history":[{"count":14,"href":"https:\/\/blogsaverroes.juntadeandalucia.es\/iesmartinaldehuela\/wp-json\/wp\/v2\/pages\/42\/revisions"}],"predecessor-version":[{"id":2784,"href":"https:\/\/blogsaverroes.juntadeandalucia.es\/iesmartinaldehuela\/wp-json\/wp\/v2\/pages\/42\/revisions\/2784"}],"wp:attachment":[{"href":"https:\/\/blogsaverroes.juntadeandalucia.es\/iesmartinaldehuela\/wp-json\/wp\/v2\/media?parent=42"}],"curies":[{"name":"wp","href":"https:\/\/api.w.org\/{rel}","templated":true}]}}