{"id":82,"date":"2015-03-16T06:59:55","date_gmt":"2015-03-16T06:59:55","guid":{"rendered":"http:\/\/blogsaverroes.juntadeandalucia.es\/pre\/ceip\/?page_id=82"},"modified":"2022-04-25T16:08:50","modified_gmt":"2022-04-25T16:08:50","slug":"horarios","status":"publish","type":"page","link":"https:\/\/blogsaverroes.juntadeandalucia.es\/iesmartinaldehuela\/horarios\/","title":{"rendered":"Horarios"},"content":{"rendered":"<p><img loading=\"lazy\" decoding=\"async\" class=\"alignnone size-medium wp-image-1675\" src=\"http:\/\/blogsaverroes.juntadeandalucia.es\/temahuemanies\/files\/2015\/03\/horario2-300x211.jpg\" alt=\"horario2\" width=\"300\" height=\"211\" srcset=\"https:\/\/blogsaverroes.juntadeandalucia.es\/iesmartinaldehuela\/files\/2015\/03\/horario2-300x211.jpg 300w, https:\/\/blogsaverroes.juntadeandalucia.es\/iesmartinaldehuela\/files\/2015\/03\/horario2.jpg 640w\" sizes=\"(max-width: 300px) 100vw, 300px\" \/><\/p>\n<p>&nbsp;<\/p>\n<h4><strong><span style=\"color: #0000ff\">Horarios<\/span>:&nbsp; &nbsp; <\/strong>El horario normal de funcionamiento del Centro es de ma\u00f1ana de 8:15h a 14:45h<\/h4>\n<p>&nbsp;<\/p>\n<h4><strong><span style=\"color: #0000ff\">Directiva:<\/span>&nbsp;<\/strong><\/h4>\n<h4><strong>Para cualquier persona que quiera o necesite ser atendida por el Director, Vicedirectora, Jefes de Estudios o Secretario, por favor, pidan cita a trav\u00e9s del <a href=\"https:\/\/docs.google.com\/forms\/d\/e\/1FAIpQLSdtbibicbnkwJPkfxNWdkV_J-1Po9zLe9FVubNPkuqU4r5-jQ\/viewform\">formulario de cita previa<\/a>. De esta forma se aseguran que ser\u00e1n atendidos con el tiempo debido.<\/strong><\/h4>\n<p>&nbsp;<\/p>\n<h4><span style=\"color: #0000ff\"><strong>Secretar\u00cda: <\/strong><\/span><\/h4>\n<h4><strong>El horario de Secretar\u00eda de atenci\u00f3n al p\u00fablico ser\u00e1 de lunes a viernes de 10:00h a 13:00h. Para hacer cualquier consulta administrativa, solicitud de certificados, etc&#8230;, es conveniente que no se desplacen al centro y lo hagan a trav\u00e9s del <a href=\"https:\/\/docs.google.com\/forms\/d\/e\/1FAIpQLSdtbibicbnkwJPkfxNWdkV_J-1Po9zLe9FVubNPkuqU4r5-jQ\/viewform\">formulario para tr\u00e1mites administrativos<\/a>.<br \/>\n<\/strong><\/h4>\n<h4><strong>&nbsp;<\/strong><\/h4>\n<p>&nbsp;<\/p>\n","protected":false},"excerpt":{"rendered":"<p>&nbsp; Horarios:&nbsp; &nbsp; El horario normal de funcionamiento del Centro es de ma\u00f1ana de 8:15h a 14:45h &nbsp; Directiva:&nbsp; Para cualquier persona que quiera o necesite ser atendida por el Director, Vicedirectora, Jefes de&#46;&#46;&#46;<\/p>\n","protected":false},"author":1,"featured_media":0,"parent":0,"menu_order":0,"comment_status":"open","ping_status":"open","template":"page-templates\/child-menu.php","meta":{"ngg_post_thumbnail":0,"footnotes":"","_mc_calendar":[]},"aioseo_notices":[],"_links":{"self":[{"href":"https:\/\/blogsaverroes.juntadeandalucia.es\/iesmartinaldehuela\/wp-json\/wp\/v2\/pages\/82"}],"collection":[{"href":"https:\/\/blogsaverroes.juntadeandalucia.es\/iesmartinaldehuela\/wp-json\/wp\/v2\/pages"}],"about":[{"href":"https:\/\/blogsaverroes.juntadeandalucia.es\/iesmartinaldehuela\/wp-json\/wp\/v2\/types\/page"}],"author":[{"embeddable":true,"href":"https:\/\/blogsaverroes.juntadeandalucia.es\/iesmartinaldehuela\/wp-json\/wp\/v2\/users\/1"}],"replies":[{"embeddable":true,"href":"https:\/\/blogsaverroes.juntadeandalucia.es\/iesmartinaldehuela\/wp-json\/wp\/v2\/comments?post=82"}],"version-history":[{"count":6,"href":"https:\/\/blogsaverroes.juntadeandalucia.es\/iesmartinaldehuela\/wp-json\/wp\/v2\/pages\/82\/revisions"}],"predecessor-version":[{"id":2619,"href":"https:\/\/blogsaverroes.juntadeandalucia.es\/iesmartinaldehuela\/wp-json\/wp\/v2\/pages\/82\/revisions\/2619"}],"wp:attachment":[{"href":"https:\/\/blogsaverroes.juntadeandalucia.es\/iesmartinaldehuela\/wp-json\/wp\/v2\/media?parent=82"}],"curies":[{"name":"wp","href":"https:\/\/api.w.org\/{rel}","templated":true}]}}