{"id":3467,"date":"2018-11-07T19:45:05","date_gmt":"2018-11-07T18:45:05","guid":{"rendered":"https:\/\/blogsaverroes.juntadeandalucia.es\/iesmartiricos\/?page_id=3467"},"modified":"2018-11-28T23:34:55","modified_gmt":"2018-11-28T22:34:55","slug":"biblioteca-2","status":"publish","type":"page","link":"https:\/\/blogsaverroes.juntadeandalucia.es\/iesmartiricos\/biblioteca-2\/","title":{"rendered":"Biblioteca"},"content":{"rendered":"<h2 align=\"center\"><b>BIBLIOTECA M.\u00aa TERESA BOBADILLA<\/b><\/h2>\n<p style=\"text-align: center\" align=\"justify\"><strong>IES Nuestra Se\u00f1ora de la Victoria (Martiricos)<\/strong><\/p>\n<p align=\"justify\">Desde la antig\u00fcedad en Mesopotamia, las Bibliotecas o \u201cCajas de Libros\u201d como las llamaban los griegos, han estado presentes en nuestra vida. Son espacios destinados al saber, a saciar la curiosidad y a entretener a todo aquel que se acerca con tiempo y toma un libro en su mano.<\/p>\n<p align=\"justify\">Nosotros, en este centro, tenemos la Biblioteca de Martiricos. Nuestro centro, catalogado como Instituto Hist\u00f3rico en el curso 2017-2018, cuenta con un gran fondo bibliogr\u00e1fico de todas la materias de estudio que data de aquellos a\u00f1os en que este centro era el Instituto Provincial Masculino de M\u00e1laga.<\/p>\n<p align=\"justify\">Nuestras joyas bibliogr\u00e1ficas son expuestas durante la Noche en Blanco. Son ejemplares \u00fanicos, antiguos, curiosidades que guardamos con cari\u00f1o en el Archivo Hist\u00f3rico del Centro.<\/p>\n<p align=\"justify\">Pero, aunque nos sentimos muy orgullosos de nuestro pasado, la Biblioteca se adaptada a los nuevos tiempos y a las necesidades de nuestro alumnado. Estamos en un proceso de evoluci\u00f3n constante y nos adaptamos a los gustos del alumnado revisando y actualizando los fondos anualmente.<\/p>\n<p align=\"justify\">Queremos que la Biblioteca forme parte de la vida diaria del centro y para ello, colabora en la celebraci\u00f3n de las actividades y efem\u00e9rides celebradas en el instituto a lo largo del curso y organiza diferentes concursos, charlas y exposiciones.<\/p>\n<p align=\"justify\">\u00bfTe animas y te pasas un rato? \u00a1Te esperamos!<\/p>\n<p>&nbsp;<\/p>\n<p>&nbsp;<\/p>\n","protected":false},"excerpt":{"rendered":"<p>BIBLIOTECA M.\u00aa TERESA BOBADILLA IES Nuestra Se\u00f1ora de la Victoria (Martiricos) Desde la antig\u00fcedad en Mesopotamia, las Bibliotecas o \u201cCajas de Libros\u201d como las llamaban los griegos, han estado presentes en nuestra vida. Son&#46;&#46;&#46;<\/p>\n","protected":false},"author":5036,"featured_media":3039,"parent":0,"menu_order":0,"comment_status":"closed","ping_status":"closed","template":"","meta":{"ngg_post_thumbnail":0,"footnotes":"","_mc_calendar":[]},"aioseo_notices":[],"_links":{"self":[{"href":"https:\/\/blogsaverroes.juntadeandalucia.es\/iesmartiricos\/wp-json\/wp\/v2\/pages\/3467"}],"collection":[{"href":"https:\/\/blogsaverroes.juntadeandalucia.es\/iesmartiricos\/wp-json\/wp\/v2\/pages"}],"about":[{"href":"https:\/\/blogsaverroes.juntadeandalucia.es\/iesmartiricos\/wp-json\/wp\/v2\/types\/page"}],"author":[{"embeddable":true,"href":"https:\/\/blogsaverroes.juntadeandalucia.es\/iesmartiricos\/wp-json\/wp\/v2\/users\/5036"}],"replies":[{"embeddable":true,"href":"https:\/\/blogsaverroes.juntadeandalucia.es\/iesmartiricos\/wp-json\/wp\/v2\/comments?post=3467"}],"version-history":[{"count":3,"href":"https:\/\/blogsaverroes.juntadeandalucia.es\/iesmartiricos\/wp-json\/wp\/v2\/pages\/3467\/revisions"}],"predecessor-version":[{"id":3586,"href":"https:\/\/blogsaverroes.juntadeandalucia.es\/iesmartiricos\/wp-json\/wp\/v2\/pages\/3467\/revisions\/3586"}],"wp:featuredmedia":[{"embeddable":true,"href":"https:\/\/blogsaverroes.juntadeandalucia.es\/iesmartiricos\/wp-json\/wp\/v2\/media\/3039"}],"wp:attachment":[{"href":"https:\/\/blogsaverroes.juntadeandalucia.es\/iesmartiricos\/wp-json\/wp\/v2\/media?parent=3467"}],"curies":[{"name":"wp","href":"https:\/\/api.w.org\/{rel}","templated":true}]}}