{"id":424,"date":"2015-03-20T07:05:20","date_gmt":"2015-03-20T07:05:20","guid":{"rendered":"http:\/\/blogsaverroes.juntadeandalucia.es\/pre\/ceip\/?page_id=424"},"modified":"2025-10-30T18:03:32","modified_gmt":"2025-10-30T17:03:32","slug":"fisica-quimica","status":"publish","type":"page","link":"https:\/\/blogsaverroes.juntadeandalucia.es\/iesmartiricos\/fisica-quimica\/","title":{"rendered":"F\u00edsica y Qu\u00edmica"},"content":{"rendered":"<p><span style=\"color: #000000\"><strong><span style=\"font-family: Times New Roman,serif\"><span style=\"font-size: medium\">Miembros del Departamento<\/span><\/span><\/strong><\/span><\/p>\n<table style=\"width: 786px\">\n<tbody>\n<tr>\n<td style=\"padding-left: 30px;width: 386.617px\"><span style=\"color: #000000\"><span style=\"font-family: Times New Roman,serif\"><span style=\"font-size: medium\">D. Andr\u00e9s Jim\u00e9nez S\u00e1nchez (F\u00edsica y Qu\u00edmica P.E.S.)<\/span><\/span><\/span><\/td>\n<td style=\"width: 377.383px\"><span style=\"color: #000000\">Correo:<\/span> <a href=\"mailto:p_andresjimenez@iesmartiricos.es\">p_andresjimenez@iesmartiricos.es<\/a><\/td>\n<\/tr>\n<tr>\n<td style=\"padding-left: 30px;width: 386.617px\"><span style=\"color: #000000\"><span style=\"font-family: Times New Roman,serif\"><span style=\"font-size: medium\">D.\u00aa Beatriz M\u00e9rida Garc\u00eda (F\u00edsica y Qu\u00edmica P.E.S.)<\/span><\/span><\/span><\/td>\n<td style=\"width: 377.383px\">Correo: <a href=\"mailto:p_beatrizmerida@iesmartiricos.es\">p_beatrizmerida@iesmartiricos.es<\/a><\/td>\n<\/tr>\n<tr>\n<td style=\"padding-left: 30px;width: 386.617px\">D. Jorge Torres Ruiz<span style=\"color: #000000\"><span style=\"font-family: Times New Roman,serif\"><span style=\"font-size: medium\"><br \/>\n<\/span><\/span><\/span><\/td>\n<td style=\"width: 377.383px\"><span style=\"color: #000000\">Correo: <a href=\"mailto:p_jorgetorresruiz@iesmartiricos.es\">p_jorgetorresruiz@iesmartiricos.es<\/a><br \/>\n<\/span><\/td>\n<\/tr>\n<tr>\n<td style=\"padding-left: 30px;width: 386.617px\"><span style=\"color: #000000\"><span style=\"font-family: Times New Roman,serif\"><span style=\"font-size: medium\">D. Palacios G\u00f3mez (F\u00edsica y Qu\u00edmica P.E.S.)<\/span><\/span><\/span><\/td>\n<td style=\"width: 377.383px\"><span style=\"color: #000000\">Correo: <a href=\"mailto:p_diegopalacios@iesmartiricos.es\">p_diegopalacios@iesmartiricos.es<\/a><\/span><\/td>\n<\/tr>\n<\/tbody>\n<\/table>\n<p><strong><span style=\"color: #000000\"><span style=\"font-family: Times New Roman,serif\"><span style=\"font-size: medium\">Jefe\/a del Departamento<\/span><\/span><\/span><\/strong><\/p>\n<p style=\"padding-left: 30px\"><span style=\"color: #000000\">D. Andr\u00e9s Jim\u00e9nez S\u00e1nchez <\/span><\/p>\n<p><span style=\"color: #000000\"><strong>Enlaces de inter\u00e9s. Programaciones<br \/>\n<\/strong><\/span><\/p>\n<p style=\"padding-left: 40px\"><a href=\"https:\/\/blogsaverroes.juntadeandalucia.es\/iesmartiricos\/files\/2025\/10\/2526ESO_FisicaQuimica.pdf\">2526ESO_FisicaQuimica<\/a><\/p>\n<p style=\"padding-left: 40px\"><a href=\"https:\/\/blogsaverroes.juntadeandalucia.es\/iesmartiricos\/files\/2025\/10\/2526Bach_Quimica.pdf\">2526Bach_Quimica<\/a><\/p>\n<p style=\"padding-left: 40px\"><a href=\"https:\/\/blogsaverroes.juntadeandalucia.es\/iesmartiricos\/files\/2025\/10\/2526Bach_FisicaQuimica.pdf\">2526Bach_FisicaQuimica<\/a><\/p>\n<p style=\"padding-left: 40px\"><a href=\"https:\/\/blogsaverroes.juntadeandalucia.es\/iesmartiricos\/files\/2025\/10\/2526Bach_Fisica.pdf\">2526Bach_Fisica<\/a><\/p>\n<p>&nbsp;<\/p>\n<p>&nbsp;<\/p>\n<p>&nbsp;<\/p>\n","protected":false},"excerpt":{"rendered":"<p>Miembros del Departamento D. Andr\u00e9s Jim\u00e9nez S\u00e1nchez (F\u00edsica y Qu\u00edmica P.E.S.) Correo: p_andresjimenez@iesmartiricos.es D.\u00aa Beatriz M\u00e9rida Garc\u00eda (F\u00edsica y Qu\u00edmica P.E.S.) Correo: p_beatrizmerida@iesmartiricos.es D. Jorge Torres Ruiz Correo: p_jorgetorresruiz@iesmartiricos.es D. Palacios G\u00f3mez (F\u00edsica y&#46;&#46;&#46;<\/p>\n","protected":false},"author":1,"featured_media":0,"parent":0,"menu_order":0,"comment_status":"open","ping_status":"open","template":"page-templates\/child-menu.php","meta":{"ngg_post_thumbnail":0,"footnotes":"","_mc_calendar":[]},"aioseo_notices":[],"_links":{"self":[{"href":"https:\/\/blogsaverroes.juntadeandalucia.es\/iesmartiricos\/wp-json\/wp\/v2\/pages\/424"}],"collection":[{"href":"https:\/\/blogsaverroes.juntadeandalucia.es\/iesmartiricos\/wp-json\/wp\/v2\/pages"}],"about":[{"href":"https:\/\/blogsaverroes.juntadeandalucia.es\/iesmartiricos\/wp-json\/wp\/v2\/types\/page"}],"author":[{"embeddable":true,"href":"https:\/\/blogsaverroes.juntadeandalucia.es\/iesmartiricos\/wp-json\/wp\/v2\/users\/1"}],"replies":[{"embeddable":true,"href":"https:\/\/blogsaverroes.juntadeandalucia.es\/iesmartiricos\/wp-json\/wp\/v2\/comments?post=424"}],"version-history":[{"count":36,"href":"https:\/\/blogsaverroes.juntadeandalucia.es\/iesmartiricos\/wp-json\/wp\/v2\/pages\/424\/revisions"}],"predecessor-version":[{"id":2116,"href":"https:\/\/blogsaverroes.juntadeandalucia.es\/iesmartiricos\/wp-json\/wp\/v2\/pages\/424\/revisions\/2116"}],"wp:attachment":[{"href":"https:\/\/blogsaverroes.juntadeandalucia.es\/iesmartiricos\/wp-json\/wp\/v2\/media?parent=424"}],"curies":[{"name":"wp","href":"https:\/\/api.w.org\/{rel}","templated":true}]}}