{"id":428,"date":"2015-03-20T07:06:21","date_gmt":"2015-03-20T07:06:21","guid":{"rendered":"http:\/\/blogsaverroes.juntadeandalucia.es\/pre\/ceip\/?page_id=428"},"modified":"2025-10-30T17:53:30","modified_gmt":"2025-10-30T16:53:30","slug":"biologia-geologia","status":"publish","type":"page","link":"https:\/\/blogsaverroes.juntadeandalucia.es\/iesmartiricos\/biologia-geologia\/","title":{"rendered":"Biolog\u00eda y Geolog\u00eda"},"content":{"rendered":"<p><strong><span style=\"color: #000000\"><span style=\"font-family: Times New Roman,serif\"><span style=\"font-size: medium\">Miembros del Departamento<\/span><\/span><\/span><\/strong><\/p>\n<table style=\"width: 932px\">\n<tbody>\n<tr>\n<td style=\"width: 497.35px;padding-left: 30px\"><span style=\"color: #000000\"><span style=\"font-family: Times New Roman,serif\"><span style=\"font-size: medium\">D. Pablo Cuesta Cuenca (Biolog\u00eda y Geolog\u00eda -Ingl\u00e9s- P.E.S.).&nbsp;<\/span><\/span><\/span><\/td>\n<td style=\"width: 418.65px\"><span style=\"color: #000000\"><span style=\"font-family: Times New Roman,serif\"><span style=\"font-size: medium\">Correo: <a href=\"mailto:p_pablocuestacuenca@iesmartiricos.es\">p_pablocuestacuenca@iesmartiricos.es<\/a><\/span><\/span><\/span><\/td>\n<\/tr>\n<tr>\n<td style=\"width: 497.35px;padding-left: 30px\"><span style=\"color: #000000\"><span style=\"font-family: Times New Roman,serif\"><span style=\"font-size: medium\">D.\u00aa Mar\u00eda Isabel Cobo Collado (Biolog\u00eda y Geolog\u00eda -Ingl\u00e9s- P.E.S.). <\/span><\/span><\/span><\/td>\n<td style=\"width: 418.65px\"><span style=\"color: #000000\"><span style=\"font-family: Times New Roman,serif\"><span style=\"font-size: medium\">Correo: <a href=\"mailto:p_isabelcobo@iesmartiricos.es\">p_isabelcobo@iesmartiricos.es<\/a><\/span><\/span><\/span><\/td>\n<\/tr>\n<tr>\n<td style=\"width: 497.35px;padding-left: 30px\"><span style=\"color: #000000\"><span style=\"font-family: Times New Roman,serif\"><span style=\"font-size: medium\">D\u00aa. Ana Garc\u00eda Casta\u00f1o (Biolog\u00eda y Geolog\u00eda -Ingl\u00e9s- P.E.S.).&nbsp;<br \/>\n<\/span><\/span><\/span><\/td>\n<td style=\"width: 418.65px\"><span style=\"color: #000000\"><span style=\"font-family: Times New Roman,serif\"><span style=\"font-size: medium\">Correo: <a href=\"mailto:p_anagarciacastano@iesmartiricos.es\">p_anagarciacastano@iesmartiricos.es<\/a><br \/>\n<\/span><\/span><\/span><\/td>\n<\/tr>\n<\/tbody>\n<\/table>\n<p><strong><span style=\"color: #000000\"><span style=\"font-family: Times New Roman,serif\"><span style=\"font-size: medium\">Jefa del Departamento<\/span><\/span><\/span><\/strong><\/p>\n<p style=\"padding-left: 30px\"><span style=\"color: #000000\"><span style=\"font-family: Times New Roman,serif\"><span style=\"font-size: medium\">D.\u00aa Mar\u00eda Isabel Cobo Collado<br \/>\n<\/span><\/span><\/span><\/p>\n<p><strong><span style=\"color: #000000\"><span style=\"font-family: Times New Roman,serif\"><span style=\"font-size: medium\">Enlaces de inter\u00e9s. Programaciones<br \/>\n<\/span><\/span><\/span><\/strong><\/p>\n<p style=\"padding-left: 40px\"><a href=\"https:\/\/blogsaverroes.juntadeandalucia.es\/iesmartiricos\/files\/2025\/10\/2526ESO_CulturaCientifica.pdf\">2526ESO_CulturaCientifica<\/a><\/p>\n<p style=\"padding-left: 40px\"><a href=\"https:\/\/blogsaverroes.juntadeandalucia.es\/iesmartiricos\/files\/2025\/10\/2526ESO_AmbitoCientificoTecnologico.pdf\">2526ESO_AmbitoCientificoTecnologico<\/a><\/p>\n<p style=\"padding-left: 40px\"><a href=\"https:\/\/blogsaverroes.juntadeandalucia.es\/iesmartiricos\/files\/2025\/10\/2526ESO_BiologiaGeologia.pdf\">2526ESO_BiologiaGeologia<\/a><\/p>\n<p style=\"padding-left: 40px\"><a href=\"https:\/\/blogsaverroes.juntadeandalucia.es\/iesmartiricos\/files\/2025\/10\/2526Bach_AnatomiaAplicada.pdf\">2526Bach_AnatomiaAplicada<\/a><\/p>\n<p style=\"padding-left: 40px\"><a href=\"https:\/\/blogsaverroes.juntadeandalucia.es\/iesmartiricos\/files\/2025\/10\/2526Bach_BiologiaGeologia.pdf\">2526Bach_BiologiaGeologia<\/a><\/p>\n<p style=\"padding-left: 40px\"><a href=\"https:\/\/blogsaverroes.juntadeandalucia.es\/iesmartiricos\/files\/2025\/10\/2526Bach_Biologia.pdf\">2526Bach_Biologia<\/a><\/p>\n<p>&nbsp;<\/p>\n<p>&nbsp;<\/p>\n","protected":false},"excerpt":{"rendered":"<p>Miembros del Departamento D. Pablo Cuesta Cuenca (Biolog\u00eda y Geolog\u00eda -Ingl\u00e9s- P.E.S.).&nbsp; Correo: p_pablocuestacuenca@iesmartiricos.es D.\u00aa Mar\u00eda Isabel Cobo Collado (Biolog\u00eda y Geolog\u00eda -Ingl\u00e9s- P.E.S.). Correo: p_isabelcobo@iesmartiricos.es D\u00aa. Ana Garc\u00eda Casta\u00f1o (Biolog\u00eda y Geolog\u00eda -Ingl\u00e9s-&#46;&#46;&#46;<\/p>\n","protected":false},"author":1,"featured_media":0,"parent":0,"menu_order":0,"comment_status":"open","ping_status":"open","template":"page-templates\/child-menu.php","meta":{"ngg_post_thumbnail":0,"footnotes":"","_mc_calendar":[]},"aioseo_notices":[],"_links":{"self":[{"href":"https:\/\/blogsaverroes.juntadeandalucia.es\/iesmartiricos\/wp-json\/wp\/v2\/pages\/428"}],"collection":[{"href":"https:\/\/blogsaverroes.juntadeandalucia.es\/iesmartiricos\/wp-json\/wp\/v2\/pages"}],"about":[{"href":"https:\/\/blogsaverroes.juntadeandalucia.es\/iesmartiricos\/wp-json\/wp\/v2\/types\/page"}],"author":[{"embeddable":true,"href":"https:\/\/blogsaverroes.juntadeandalucia.es\/iesmartiricos\/wp-json\/wp\/v2\/users\/1"}],"replies":[{"embeddable":true,"href":"https:\/\/blogsaverroes.juntadeandalucia.es\/iesmartiricos\/wp-json\/wp\/v2\/comments?post=428"}],"version-history":[{"count":48,"href":"https:\/\/blogsaverroes.juntadeandalucia.es\/iesmartiricos\/wp-json\/wp\/v2\/pages\/428\/revisions"}],"predecessor-version":[{"id":6643,"href":"https:\/\/blogsaverroes.juntadeandalucia.es\/iesmartiricos\/wp-json\/wp\/v2\/pages\/428\/revisions\/6643"}],"wp:attachment":[{"href":"https:\/\/blogsaverroes.juntadeandalucia.es\/iesmartiricos\/wp-json\/wp\/v2\/media?parent=428"}],"curies":[{"name":"wp","href":"https:\/\/api.w.org\/{rel}","templated":true}]}}