{"id":436,"date":"2015-03-20T07:08:17","date_gmt":"2015-03-20T07:08:17","guid":{"rendered":"http:\/\/blogsaverroes.juntadeandalucia.es\/pre\/ceip\/?page_id=436"},"modified":"2025-10-30T17:56:58","modified_gmt":"2025-10-30T16:56:58","slug":"ef","status":"publish","type":"page","link":"https:\/\/blogsaverroes.juntadeandalucia.es\/iesmartiricos\/ef\/","title":{"rendered":"Educaci\u00f3n F\u00edsica"},"content":{"rendered":"<p><strong>Miembros del Departamento<\/strong><\/p>\n<table style=\"width: 78.6906%;height: 97px\">\n<tbody>\n<tr style=\"height: 48px\">\n<td style=\"height: 48px;width: 54.4444%\">D. Francisco Javier Cuenca Aguilar (Educaci\u00f3n F\u00edsica -Ingl\u00e9s- P.E.S.)<\/td>\n<td style=\"height: 48px;width: 60.2081%\">Correo:<a href=\"mailto:p_javiercuenca@iesmartiricos.es\"> p_javiercuenca@iesmartiricos.es<\/a><\/td>\n<\/tr>\n<tr>\n<td style=\"width: 54.4444%\">D. Daniel Garc\u00eda Marti (Educaci\u00f3n F\u00edsica -Ingl\u00e9s- P.E.S.)<\/td>\n<td style=\"width: 60.2081%\">Correo: <a href=\"mailto:p_danielgarciamarti@iesmartiricos.es\">p_danielgarciamarti@iesmartiricos.es<\/a><\/td>\n<\/tr>\n<\/tbody>\n<\/table>\n<p><strong>Jefe\/a del Departamento<\/strong><\/p>\n<p>D. Francisco Javier Cuenca Aguilar<\/p>\n<p><strong>Enlaces de inter\u00e9s. Programaciones<br \/>\n<\/strong><\/p>\n<p style=\"padding-left: 40px\"><a href=\"https:\/\/blogsaverroes.juntadeandalucia.es\/iesmartiricos\/files\/2025\/10\/2526ESO_EdFisica.pdf\">2526ESO_EdFisica<\/a><\/p>\n<p style=\"padding-left: 40px\"><a href=\"https:\/\/blogsaverroes.juntadeandalucia.es\/iesmartiricos\/files\/2025\/10\/2526Bach_EducacionFisica.pdf\">2526Bach_EducacionFisica<\/a><\/p>\n<p style=\"padding-left: 40px\"><a href=\"https:\/\/blogsaverroes.juntadeandalucia.es\/iesmartiricos\/files\/2025\/10\/2526Bach_ActividadFisicaSaludSociedad.pdf\">2526Bach_ActividadFisicaSaludSociedad<\/a><\/p>\n<p>&nbsp;<\/p>\n","protected":false},"excerpt":{"rendered":"<p>Miembros del Departamento D. Francisco Javier Cuenca Aguilar (Educaci\u00f3n F\u00edsica -Ingl\u00e9s- P.E.S.) Correo: p_javiercuenca@iesmartiricos.es D. Daniel Garc\u00eda Marti (Educaci\u00f3n F\u00edsica -Ingl\u00e9s- P.E.S.) Correo: p_danielgarciamarti@iesmartiricos.es Jefe\/a del Departamento D. Francisco Javier Cuenca Aguilar Enlaces de&#46;&#46;&#46;<\/p>\n","protected":false},"author":1,"featured_media":0,"parent":0,"menu_order":0,"comment_status":"open","ping_status":"open","template":"page-templates\/child-menu.php","meta":{"ngg_post_thumbnail":0,"footnotes":"","_mc_calendar":[]},"aioseo_notices":[],"_links":{"self":[{"href":"https:\/\/blogsaverroes.juntadeandalucia.es\/iesmartiricos\/wp-json\/wp\/v2\/pages\/436"}],"collection":[{"href":"https:\/\/blogsaverroes.juntadeandalucia.es\/iesmartiricos\/wp-json\/wp\/v2\/pages"}],"about":[{"href":"https:\/\/blogsaverroes.juntadeandalucia.es\/iesmartiricos\/wp-json\/wp\/v2\/types\/page"}],"author":[{"embeddable":true,"href":"https:\/\/blogsaverroes.juntadeandalucia.es\/iesmartiricos\/wp-json\/wp\/v2\/users\/1"}],"replies":[{"embeddable":true,"href":"https:\/\/blogsaverroes.juntadeandalucia.es\/iesmartiricos\/wp-json\/wp\/v2\/comments?post=436"}],"version-history":[{"count":30,"href":"https:\/\/blogsaverroes.juntadeandalucia.es\/iesmartiricos\/wp-json\/wp\/v2\/pages\/436\/revisions"}],"predecessor-version":[{"id":3230,"href":"https:\/\/blogsaverroes.juntadeandalucia.es\/iesmartiricos\/wp-json\/wp\/v2\/pages\/436\/revisions\/3230"}],"wp:attachment":[{"href":"https:\/\/blogsaverroes.juntadeandalucia.es\/iesmartiricos\/wp-json\/wp\/v2\/media?parent=436"}],"curies":[{"name":"wp","href":"https:\/\/api.w.org\/{rel}","templated":true}]}}