{"id":5888,"date":"2023-11-21T17:38:00","date_gmt":"2023-11-21T16:38:00","guid":{"rendered":"https:\/\/blogsaverroes.juntadeandalucia.es\/iesmartiricos\/?page_id=5888"},"modified":"2023-11-21T17:51:44","modified_gmt":"2023-11-21T16:51:44","slug":"martiricos-erasmus","status":"publish","type":"page","link":"https:\/\/blogsaverroes.juntadeandalucia.es\/iesmartiricos\/martiricos-erasmus\/","title":{"rendered":"Martiricos ERASMUS +"},"content":{"rendered":"<p><a href=\"https:\/\/blogsaverroes.juntadeandalucia.es\/iesmartiricos\/files\/2023\/11\/es_cofinanciado_web.png\"><img loading=\"lazy\" decoding=\"async\" class=\"alignnone size-medium wp-image-5890\" src=\"https:\/\/blogsaverroes.juntadeandalucia.es\/iesmartiricos\/files\/2023\/11\/es_cofinanciado_web-300x63.png\" alt=\"\" width=\"300\" height=\"63\" srcset=\"https:\/\/blogsaverroes.juntadeandalucia.es\/iesmartiricos\/files\/2023\/11\/es_cofinanciado_web-300x63.png 300w, https:\/\/blogsaverroes.juntadeandalucia.es\/iesmartiricos\/files\/2023\/11\/es_cofinanciado_web-1024x215.png 1024w, https:\/\/blogsaverroes.juntadeandalucia.es\/iesmartiricos\/files\/2023\/11\/es_cofinanciado_web-768x161.png 768w, https:\/\/blogsaverroes.juntadeandalucia.es\/iesmartiricos\/files\/2023\/11\/es_cofinanciado_web.png 1200w\" sizes=\"(max-width: 300px) 100vw, 300px\" \/><\/a><\/p>\n<p>Iniciamos una nueva aventura en el&nbsp; IES Nuestra Se\u00f1ora de la Victoria (Martiricos).<\/p>\n<p>La aventura ERASMUS +, que llevar\u00e1 a un nutrido grupo de nuestros alumnos y profesores por algunos pa\u00edses de nuestro entorno, como puede ser la Rep\u00fablica Checa o Eslovenia. Este programa, lo desarrollaremos entre los cursos 2023\/2024 y 2024\/2025, y ser\u00e1 el punto de partida para acreditarnos Erasmus y poder optar a otras muchas movilidades.<\/p>\n<p>Desde Martiricos trabajamos \u00abPor el camino de la inclusi\u00f3n\u00bb (t\u00edtulo de nuestro programa Erasmus +), con el fin de lograr que todo el alumnado del centro tenga las mismas posibilidades de alcanzar sus sue\u00f1os.<\/p>\n<p>En esta p\u00e1gina, iremos a\u00f1adiendo la informaci\u00f3n de relevancia para todos aquellos que quieran participar de este apasionante proyecto, as\u00ed como la experiencia que nuestro alumnado y profesorado vaya teniendo en el programa.<\/p>\n<p>Comenzamos<\/p>\n","protected":false},"excerpt":{"rendered":"<p>Iniciamos una nueva aventura en el&nbsp; IES Nuestra Se\u00f1ora de la Victoria (Martiricos). La aventura ERASMUS +, que llevar\u00e1 a un nutrido grupo de nuestros alumnos y profesores por algunos pa\u00edses de nuestro entorno,&#46;&#46;&#46;<\/p>\n","protected":false},"author":5036,"featured_media":0,"parent":0,"menu_order":0,"comment_status":"closed","ping_status":"closed","template":"","meta":{"ngg_post_thumbnail":0,"footnotes":"","_mc_calendar":[]},"aioseo_notices":[],"_links":{"self":[{"href":"https:\/\/blogsaverroes.juntadeandalucia.es\/iesmartiricos\/wp-json\/wp\/v2\/pages\/5888"}],"collection":[{"href":"https:\/\/blogsaverroes.juntadeandalucia.es\/iesmartiricos\/wp-json\/wp\/v2\/pages"}],"about":[{"href":"https:\/\/blogsaverroes.juntadeandalucia.es\/iesmartiricos\/wp-json\/wp\/v2\/types\/page"}],"author":[{"embeddable":true,"href":"https:\/\/blogsaverroes.juntadeandalucia.es\/iesmartiricos\/wp-json\/wp\/v2\/users\/5036"}],"replies":[{"embeddable":true,"href":"https:\/\/blogsaverroes.juntadeandalucia.es\/iesmartiricos\/wp-json\/wp\/v2\/comments?post=5888"}],"version-history":[{"count":3,"href":"https:\/\/blogsaverroes.juntadeandalucia.es\/iesmartiricos\/wp-json\/wp\/v2\/pages\/5888\/revisions"}],"predecessor-version":[{"id":5893,"href":"https:\/\/blogsaverroes.juntadeandalucia.es\/iesmartiricos\/wp-json\/wp\/v2\/pages\/5888\/revisions\/5893"}],"wp:attachment":[{"href":"https:\/\/blogsaverroes.juntadeandalucia.es\/iesmartiricos\/wp-json\/wp\/v2\/media?parent=5888"}],"curies":[{"name":"wp","href":"https:\/\/api.w.org\/{rel}","templated":true}]}}

<p><a href="https://blogsaverroes.juntadeandalucia.es/iesmartiricos/files/2023/11/es_cofinanciado_web.png"><img loading="lazy" decoding="async" class="alignnone size-medium wp-image-5890" src="https://blogsaverroes.juntadeandalucia.es/iesmartiricos/files/2023/11/es_cofinanciado_web-300x63.png" alt="" width="300" height="63" srcset="https://blogsaverroes.juntadeandalucia.es/iesmartiricos/files/2023/11/es_cofinanciado_web-300x63.png 300w, https://blogsaverroes.juntadeandalucia.es/iesmartiricos/files/2023/11/es_cofinanciado_web-1024x215.png 1024w, https://blogsaverroes.juntadeandalucia.es/iesmartiricos/files/2023/11/es_cofinanciado_web-768x161.png 768w, https://blogsaverroes.juntadeandalucia.es/iesmartiricos/files/2023/11/es_cofinanciado_web.png 1200w" sizes="(max-width: 300px) 100vw, 300px" /></a></p>
<p>Iniciamos una nueva aventura en el&nbsp; IES Nuestra Señora de la Victoria (Martiricos).</p>
<p>La aventura ERASMUS +, que llevará a un nutrido grupo de nuestros alumnos y profesores por algunos países de nuestro entorno, como puede ser la República Checa o Eslovenia. Este programa, lo desarrollaremos entre los cursos 2023/2024 y 2024/2025, y será el punto de partida para acreditarnos Erasmus y poder optar a otras muchas movilidades.</p>
<p>Desde Martiricos trabajamos «Por el camino de la inclusión» (título de nuestro programa Erasmus +), con el fin de lograr que todo el alumnado del centro tenga las mismas posibilidades de alcanzar sus sueños.</p>
<p>En esta página, iremos añadiendo la información de relevancia para todos aquellos que quieran participar de este apasionante proyecto, así como la experiencia que nuestro alumnado y profesorado vaya teniendo en el programa.</p>
<p>Comenzamos</p>

<p>Iniciamos una nueva aventura en el&nbsp; IES Nuestra Señora de la Victoria (Martiricos). La aventura ERASMUS +, que llevará a un nutrido grupo de nuestros alumnos y profesores por algunos países de nuestro entorno,&#46;&#46;&#46;</p>
