{"id":5931,"date":"2024-01-11T17:26:32","date_gmt":"2024-01-11T16:26:32","guid":{"rendered":"https:\/\/blogsaverroes.juntadeandalucia.es\/iesmartiricos\/?page_id=5931"},"modified":"2024-01-11T17:26:32","modified_gmt":"2024-01-11T16:26:32","slug":"aula-de-emprendimiento","status":"publish","type":"page","link":"https:\/\/blogsaverroes.juntadeandalucia.es\/iesmartiricos\/aula-de-emprendimiento\/","title":{"rendered":"Aula de emprendimiento"},"content":{"rendered":"<p style=\"text-align: center\">&nbsp;<\/p>\n<p><a href=\"https:\/\/blogsaverroes.juntadeandalucia.es\/iesmartiricos\/files\/2024\/01\/AulaEmprendimiento_IESNtraSraVictoria2-scaled.jpg\"><img loading=\"lazy\" decoding=\"async\" class=\"size-large wp-image-5941 aligncenter\" src=\"https:\/\/blogsaverroes.juntadeandalucia.es\/iesmartiricos\/files\/2024\/01\/AulaEmprendimiento_IESNtraSraVictoria2-1024x696.jpg\" alt=\"\" width=\"1024\" height=\"696\" srcset=\"https:\/\/blogsaverroes.juntadeandalucia.es\/iesmartiricos\/files\/2024\/01\/AulaEmprendimiento_IESNtraSraVictoria2-1024x696.jpg 1024w, https:\/\/blogsaverroes.juntadeandalucia.es\/iesmartiricos\/files\/2024\/01\/AulaEmprendimiento_IESNtraSraVictoria2-300x204.jpg 300w, https:\/\/blogsaverroes.juntadeandalucia.es\/iesmartiricos\/files\/2024\/01\/AulaEmprendimiento_IESNtraSraVictoria2-768x522.jpg 768w, https:\/\/blogsaverroes.juntadeandalucia.es\/iesmartiricos\/files\/2024\/01\/AulaEmprendimiento_IESNtraSraVictoria2-1536x1044.jpg 1536w, https:\/\/blogsaverroes.juntadeandalucia.es\/iesmartiricos\/files\/2024\/01\/AulaEmprendimiento_IESNtraSraVictoria2-2048x1392.jpg 2048w, https:\/\/blogsaverroes.juntadeandalucia.es\/iesmartiricos\/files\/2024\/01\/AulaEmprendimiento_IESNtraSraVictoria2-scaled.jpg 1600w\" sizes=\"(max-width: 1024px) 100vw, 1024px\" \/><\/a><\/p>\n<p>El Aula de Emprendimiento \u201cEmprendiendo en Martiricos\u201d pretende dotar al IES Ntra. Sra. de la Victoria de un instrumento donde crear una red y facilitar la coordinaci\u00f3n de todas las actividades emprendedoras que se desarrollan en el centro educativo. Se trata de construir una canalizaci\u00f3n de todos los esfuerzos y actuaciones emprendedoras que se dan en nuestra comunidad educativa. Emprender es una opci\u00f3n no exenta de riesgos y dificultades. Es una opci\u00f3n que exige compromiso y valent\u00eda por parte de quien la asume.<br \/>\nNuestro centro educativo es consciente de ello y por eso apuesta por una formaci\u00f3n en la iniciativa emprendedora en la que, adem\u00e1s de contenidos te\u00f3ricos actualizados, acompa\u00f1emos a nuestro alumnado en la generaci\u00f3n de experiencias, vivencias, inmersiones emprendedoras y empresariales.<br \/>\nAsumimos que nuestro alumnado no solo son el futuro econ\u00f3mico y social de nuestra regi\u00f3n, son ya nuestros ciudadanos y ciudadanas del presente. Y el presente necesita hoy en d\u00eda, m\u00e1s que nunca, de ilusi\u00f3n en un futuro que pasa, inevitablemente, por la creaci\u00f3n de empresas.<\/p>\n<p>Con la ayuda y colaboraci\u00f3n de:<\/p>\n<p style=\"text-align: center\">MINISTERIO DE EDUCACI\u00d3N Y FORMACI\u00d3N PROFESIONAL<\/p>\n<p style=\"text-align: center\"><a href=\"https:\/\/blogsaverroes.juntadeandalucia.es\/iesmartiricos\/files\/2024\/01\/ministerio.jpg\"><img loading=\"lazy\" decoding=\"async\" class=\"alignnone size-medium wp-image-5933\" src=\"https:\/\/blogsaverroes.juntadeandalucia.es\/iesmartiricos\/files\/2024\/01\/ministerio-300x167.jpg\" alt=\"\" width=\"300\" height=\"167\" srcset=\"https:\/\/blogsaverroes.juntadeandalucia.es\/iesmartiricos\/files\/2024\/01\/ministerio-300x167.jpg 300w, https:\/\/blogsaverroes.juntadeandalucia.es\/iesmartiricos\/files\/2024\/01\/ministerio.jpg 710w\" sizes=\"(max-width: 300px) 100vw, 300px\" \/><\/a><\/p>\n<p style=\"text-align: center\">MECANISMO DE RECUPERACI\u00d3N Y RESILIENCIA<\/p>\n<p style=\"text-align: center\"><a href=\"https:\/\/blogsaverroes.juntadeandalucia.es\/iesmartiricos\/files\/2024\/01\/resiliencia.jpg\"><img loading=\"lazy\" decoding=\"async\" class=\"alignnone size-medium wp-image-5934\" src=\"https:\/\/blogsaverroes.juntadeandalucia.es\/iesmartiricos\/files\/2024\/01\/resiliencia-300x230.jpg\" alt=\"\" width=\"300\" height=\"230\" srcset=\"https:\/\/blogsaverroes.juntadeandalucia.es\/iesmartiricos\/files\/2024\/01\/resiliencia-300x230.jpg 300w, https:\/\/blogsaverroes.juntadeandalucia.es\/iesmartiricos\/files\/2024\/01\/resiliencia.jpg 500w\" sizes=\"(max-width: 300px) 100vw, 300px\" \/><\/a><\/p>\n<p style=\"text-align: center\">JUNTA DE ANDALUC\u00cdA<\/p>\n<p style=\"text-align: center\"><a href=\"https:\/\/blogsaverroes.juntadeandalucia.es\/iesmartiricos\/files\/2024\/01\/junta.jpg\"><img loading=\"lazy\" decoding=\"async\" class=\"alignnone size-medium wp-image-5935 aligncenter\" src=\"https:\/\/blogsaverroes.juntadeandalucia.es\/iesmartiricos\/files\/2024\/01\/junta-300x249.jpg\" alt=\"\" width=\"300\" height=\"249\" srcset=\"https:\/\/blogsaverroes.juntadeandalucia.es\/iesmartiricos\/files\/2024\/01\/junta-300x249.jpg 300w, https:\/\/blogsaverroes.juntadeandalucia.es\/iesmartiricos\/files\/2024\/01\/junta.jpg 474w\" sizes=\"(max-width: 300px) 100vw, 300px\" \/><\/a><\/p>\n<p style=\"text-align: center\">FONDOS NETXGENERATION (UNI\u00d3N EUROPEA)<\/p>\n<p style=\"text-align: center\">&nbsp;<\/p>\n<p><a href=\"https:\/\/blogsaverroes.juntadeandalucia.es\/iesmartiricos\/files\/2024\/01\/europa.jpg\"><img loading=\"lazy\" decoding=\"async\" class=\"size-medium wp-image-5936 aligncenter\" src=\"https:\/\/blogsaverroes.juntadeandalucia.es\/iesmartiricos\/files\/2024\/01\/europa-300x196.jpg\" alt=\"\" width=\"300\" height=\"196\" srcset=\"https:\/\/blogsaverroes.juntadeandalucia.es\/iesmartiricos\/files\/2024\/01\/europa-300x196.jpg 300w, https:\/\/blogsaverroes.juntadeandalucia.es\/iesmartiricos\/files\/2024\/01\/europa.jpg 605w\" sizes=\"(max-width: 300px) 100vw, 300px\" \/><\/a><\/p>\n","protected":false},"excerpt":{"rendered":"<p>&nbsp; El Aula de Emprendimiento \u201cEmprendiendo en Martiricos\u201d pretende dotar al IES Ntra. Sra. de la Victoria de un instrumento donde crear una red y facilitar la coordinaci\u00f3n de todas las actividades emprendedoras que&#46;&#46;&#46;<\/p>\n","protected":false},"author":5036,"featured_media":0,"parent":0,"menu_order":0,"comment_status":"closed","ping_status":"closed","template":"","meta":{"ngg_post_thumbnail":0,"footnotes":"","_mc_calendar":[]},"aioseo_notices":[],"_links":{"self":[{"href":"https:\/\/blogsaverroes.juntadeandalucia.es\/iesmartiricos\/wp-json\/wp\/v2\/pages\/5931"}],"collection":[{"href":"https:\/\/blogsaverroes.juntadeandalucia.es\/iesmartiricos\/wp-json\/wp\/v2\/pages"}],"about":[{"href":"https:\/\/blogsaverroes.juntadeandalucia.es\/iesmartiricos\/wp-json\/wp\/v2\/types\/page"}],"author":[{"embeddable":true,"href":"https:\/\/blogsaverroes.juntadeandalucia.es\/iesmartiricos\/wp-json\/wp\/v2\/users\/5036"}],"replies":[{"embeddable":true,"href":"https:\/\/blogsaverroes.juntadeandalucia.es\/iesmartiricos\/wp-json\/wp\/v2\/comments?post=5931"}],"version-history":[{"count":2,"href":"https:\/\/blogsaverroes.juntadeandalucia.es\/iesmartiricos\/wp-json\/wp\/v2\/pages\/5931\/revisions"}],"predecessor-version":[{"id":5942,"href":"https:\/\/blogsaverroes.juntadeandalucia.es\/iesmartiricos\/wp-json\/wp\/v2\/pages\/5931\/revisions\/5942"}],"wp:attachment":[{"href":"https:\/\/blogsaverroes.juntadeandalucia.es\/iesmartiricos\/wp-json\/wp\/v2\/media?parent=5931"}],"curies":[{"name":"wp","href":"https:\/\/api.w.org\/{rel}","templated":true}]}}

<p style="text-align: center">&nbsp;</p>
<p><a href="https://blogsaverroes.juntadeandalucia.es/iesmartiricos/files/2024/01/AulaEmprendimiento_IESNtraSraVictoria2-scaled.jpg"><img loading="lazy" decoding="async" class="size-large wp-image-5941 aligncenter" src="https://blogsaverroes.juntadeandalucia.es/iesmartiricos/files/2024/01/AulaEmprendimiento_IESNtraSraVictoria2-1024x696.jpg" alt="" width="1024" height="696" srcset="https://blogsaverroes.juntadeandalucia.es/iesmartiricos/files/2024/01/AulaEmprendimiento_IESNtraSraVictoria2-1024x696.jpg 1024w, https://blogsaverroes.juntadeandalucia.es/iesmartiricos/files/2024/01/AulaEmprendimiento_IESNtraSraVictoria2-300x204.jpg 300w, https://blogsaverroes.juntadeandalucia.es/iesmartiricos/files/2024/01/AulaEmprendimiento_IESNtraSraVictoria2-768x522.jpg 768w, https://blogsaverroes.juntadeandalucia.es/iesmartiricos/files/2024/01/AulaEmprendimiento_IESNtraSraVictoria2-1536x1044.jpg 1536w, https://blogsaverroes.juntadeandalucia.es/iesmartiricos/files/2024/01/AulaEmprendimiento_IESNtraSraVictoria2-2048x1392.jpg 2048w, https://blogsaverroes.juntadeandalucia.es/iesmartiricos/files/2024/01/AulaEmprendimiento_IESNtraSraVictoria2-scaled.jpg 1600w" sizes="(max-width: 1024px) 100vw, 1024px" /></a></p>
<p>El Aula de Emprendimiento “Emprendiendo en Martiricos” pretende dotar al IES Ntra. Sra. de la Victoria de un instrumento donde crear una red y facilitar la coordinación de todas las actividades emprendedoras que se desarrollan en el centro educativo. Se trata de construir una canalización de todos los esfuerzos y actuaciones emprendedoras que se dan en nuestra comunidad educativa. Emprender es una opción no exenta de riesgos y dificultades. Es una opción que exige compromiso y valentía por parte de quien la asume.<br />
Nuestro centro educativo es consciente de ello y por eso apuesta por una formación en la iniciativa emprendedora en la que, además de contenidos teóricos actualizados, acompañemos a nuestro alumnado en la generación de experiencias, vivencias, inmersiones emprendedoras y empresariales.<br />
Asumimos que nuestro alumnado no solo son el futuro económico y social de nuestra región, son ya nuestros ciudadanos y ciudadanas del presente. Y el presente necesita hoy en día, más que nunca, de ilusión en un futuro que pasa, inevitablemente, por la creación de empresas.</p>
<p>Con la ayuda y colaboración de:</p>
<p style="text-align: center">MINISTERIO DE EDUCACIÓN Y FORMACIÓN PROFESIONAL</p>
<p style="text-align: center"><a href="https://blogsaverroes.juntadeandalucia.es/iesmartiricos/files/2024/01/ministerio.jpg"><img loading="lazy" decoding="async" class="alignnone size-medium wp-image-5933" src="https://blogsaverroes.juntadeandalucia.es/iesmartiricos/files/2024/01/ministerio-300x167.jpg" alt="" width="300" height="167" srcset="https://blogsaverroes.juntadeandalucia.es/iesmartiricos/files/2024/01/ministerio-300x167.jpg 300w, https://blogsaverroes.juntadeandalucia.es/iesmartiricos/files/2024/01/ministerio.jpg 710w" sizes="(max-width: 300px) 100vw, 300px" /></a></p>
<p style="text-align: center">MECANISMO DE RECUPERACIÓN Y RESILIENCIA</p>
<p style="text-align: center"><a href="https://blogsaverroes.juntadeandalucia.es/iesmartiricos/files/2024/01/resiliencia.jpg"><img loading="lazy" decoding="async" class="alignnone size-medium wp-image-5934" src="https://blogsaverroes.juntadeandalucia.es/iesmartiricos/files/2024/01/resiliencia-300x230.jpg" alt="" width="300" height="230" srcset="https://blogsaverroes.juntadeandalucia.es/iesmartiricos/files/2024/01/resiliencia-300x230.jpg 300w, https://blogsaverroes.juntadeandalucia.es/iesmartiricos/files/2024/01/resiliencia.jpg 500w" sizes="(max-width: 300px) 100vw, 300px" /></a></p>
<p style="text-align: center">JUNTA DE ANDALUCÍA</p>
<p style="text-align: center"><a href="https://blogsaverroes.juntadeandalucia.es/iesmartiricos/files/2024/01/junta.jpg"><img loading="lazy" decoding="async" class="alignnone size-medium wp-image-5935 aligncenter" src="https://blogsaverroes.juntadeandalucia.es/iesmartiricos/files/2024/01/junta-300x249.jpg" alt="" width="300" height="249" srcset="https://blogsaverroes.juntadeandalucia.es/iesmartiricos/files/2024/01/junta-300x249.jpg 300w, https://blogsaverroes.juntadeandalucia.es/iesmartiricos/files/2024/01/junta.jpg 474w" sizes="(max-width: 300px) 100vw, 300px" /></a></p>
<p style="text-align: center">FONDOS NETXGENERATION (UNIÓN EUROPEA)</p>
<p style="text-align: center">&nbsp;</p>
<p><a href="https://blogsaverroes.juntadeandalucia.es/iesmartiricos/files/2024/01/europa.jpg"><img loading="lazy" decoding="async" class="size-medium wp-image-5936 aligncenter" src="https://blogsaverroes.juntadeandalucia.es/iesmartiricos/files/2024/01/europa-300x196.jpg" alt="" width="300" height="196" srcset="https://blogsaverroes.juntadeandalucia.es/iesmartiricos/files/2024/01/europa-300x196.jpg 300w, https://blogsaverroes.juntadeandalucia.es/iesmartiricos/files/2024/01/europa.jpg 605w" sizes="(max-width: 300px) 100vw, 300px" /></a></p>

<p>&nbsp; El Aula de Emprendimiento “Emprendiendo en Martiricos” pretende dotar al IES Ntra. Sra. de la Victoria de un instrumento donde crear una red y facilitar la coordinación de todas las actividades emprendedoras que&#46;&#46;&#46;</p>
