{"id":4121,"date":"2019-10-31T11:38:41","date_gmt":"2019-10-31T10:38:41","guid":{"rendered":"https:\/\/blogsaverroes.juntadeandalucia.es\/iesmateofranciscoderivas\/?page_id=4121"},"modified":"2020-02-12T13:37:33","modified_gmt":"2020-02-12T12:37:33","slug":"prevencion-violencia-de-genero","status":"publish","type":"page","link":"https:\/\/blogsaverroes.juntadeandalucia.es\/iesmateofranciscoderivas\/prevencion-violencia-de-genero\/","title":{"rendered":"Prevenci\u00f3n Violencia de G\u00e9nero"},"content":{"rendered":"<h2>Pinchando en la pesta\u00f1a del men\u00fa superior puedes ver las actividades que realizamos en el centro como prevenci\u00f3n contra la violencia de g\u00e9nero.<\/h2>\n<p>&nbsp;<\/p>\n<p><a href=\"https:\/\/blogsaverroes.juntadeandalucia.es\/iesmateofranciscoderivas\/files\/2019\/10\/logo-junta.png\"><img loading=\"lazy\" decoding=\"async\" class=\"size-full wp-image-4119 aligncenter\" src=\"https:\/\/blogsaverroes.juntadeandalucia.es\/iesmateofranciscoderivas\/files\/2019\/10\/logo-junta.png\" alt=\"\" width=\"269\" height=\"188\" srcset=\"https:\/\/blogsaverroes.juntadeandalucia.es\/iesmateofranciscoderivas\/files\/2019\/10\/logo-junta.png 269w, https:\/\/blogsaverroes.juntadeandalucia.es\/iesmateofranciscoderivas\/files\/2019\/10\/logo-junta-268x188.png 268w, https:\/\/blogsaverroes.juntadeandalucia.es\/iesmateofranciscoderivas\/files\/2019\/10\/logo-junta-24x17.png 24w, https:\/\/blogsaverroes.juntadeandalucia.es\/iesmateofranciscoderivas\/files\/2019\/10\/logo-junta-36x25.png 36w, https:\/\/blogsaverroes.juntadeandalucia.es\/iesmateofranciscoderivas\/files\/2019\/10\/logo-junta-48x34.png 48w\" sizes=\"(max-width: 269px) 100vw, 269px\" \/><\/a> <a href=\"https:\/\/blogsaverroes.juntadeandalucia.es\/iesmateofranciscoderivas\/files\/2019\/10\/MPRCIGob.jpg\"><img loading=\"lazy\" decoding=\"async\" class=\"size-large wp-image-4118 aligncenter\" src=\"https:\/\/blogsaverroes.juntadeandalucia.es\/iesmateofranciscoderivas\/files\/2019\/10\/MPRCIGob-1024x207.jpg\" alt=\"\" width=\"660\" height=\"133\" srcset=\"https:\/\/blogsaverroes.juntadeandalucia.es\/iesmateofranciscoderivas\/files\/2019\/10\/MPRCIGob-1024x207.jpg 1024w, https:\/\/blogsaverroes.juntadeandalucia.es\/iesmateofranciscoderivas\/files\/2019\/10\/MPRCIGob-300x61.jpg 300w, https:\/\/blogsaverroes.juntadeandalucia.es\/iesmateofranciscoderivas\/files\/2019\/10\/MPRCIGob-768x155.jpg 768w, https:\/\/blogsaverroes.juntadeandalucia.es\/iesmateofranciscoderivas\/files\/2019\/10\/MPRCIGob-700x141.jpg 700w, https:\/\/blogsaverroes.juntadeandalucia.es\/iesmateofranciscoderivas\/files\/2019\/10\/MPRCIGob-24x5.jpg 24w, https:\/\/blogsaverroes.juntadeandalucia.es\/iesmateofranciscoderivas\/files\/2019\/10\/MPRCIGob-36x7.jpg 36w, https:\/\/blogsaverroes.juntadeandalucia.es\/iesmateofranciscoderivas\/files\/2019\/10\/MPRCIGob-48x10.jpg 48w, https:\/\/blogsaverroes.juntadeandalucia.es\/iesmateofranciscoderivas\/files\/2019\/10\/MPRCIGob.jpg 1600w\" sizes=\"(max-width: 660px) 100vw, 660px\" \/><\/a> <a href=\"https:\/\/blogsaverroes.juntadeandalucia.es\/iesmateofranciscoderivas\/files\/2019\/10\/logo_pacto_de_estado_pq.jpg\"><img loading=\"lazy\" decoding=\"async\" class=\"size-full wp-image-4117 aligncenter\" src=\"https:\/\/blogsaverroes.juntadeandalucia.es\/iesmateofranciscoderivas\/files\/2019\/10\/logo_pacto_de_estado_pq.jpg\" alt=\"\" width=\"556\" height=\"444\"><\/a><\/p>\n<p>&nbsp;<\/p>\n<p>&nbsp;<\/p>\n","protected":false},"excerpt":{"rendered":"<p>Pinchando en la pesta\u00f1a del men\u00fa superior puedes ver las actividades que realizamos en el centro como prevenci\u00f3n contra la violencia de g\u00e9nero. &nbsp; &nbsp;&hellip;<\/p>\n","protected":false},"author":2270,"featured_media":0,"parent":0,"menu_order":0,"comment_status":"closed","ping_status":"closed","template":"","meta":{"ngg_post_thumbnail":0,"footnotes":"","_mc_calendar":[]},"aioseo_notices":[],"_links":{"self":[{"href":"https:\/\/blogsaverroes.juntadeandalucia.es\/iesmateofranciscoderivas\/wp-json\/wp\/v2\/pages\/4121"}],"collection":[{"href":"https:\/\/blogsaverroes.juntadeandalucia.es\/iesmateofranciscoderivas\/wp-json\/wp\/v2\/pages"}],"about":[{"href":"https:\/\/blogsaverroes.juntadeandalucia.es\/iesmateofranciscoderivas\/wp-json\/wp\/v2\/types\/page"}],"author":[{"embeddable":true,"href":"https:\/\/blogsaverroes.juntadeandalucia.es\/iesmateofranciscoderivas\/wp-json\/wp\/v2\/users\/2270"}],"replies":[{"embeddable":true,"href":"https:\/\/blogsaverroes.juntadeandalucia.es\/iesmateofranciscoderivas\/wp-json\/wp\/v2\/comments?post=4121"}],"version-history":[{"count":4,"href":"https:\/\/blogsaverroes.juntadeandalucia.es\/iesmateofranciscoderivas\/wp-json\/wp\/v2\/pages\/4121\/revisions"}],"predecessor-version":[{"id":4171,"href":"https:\/\/blogsaverroes.juntadeandalucia.es\/iesmateofranciscoderivas\/wp-json\/wp\/v2\/pages\/4121\/revisions\/4171"}],"wp:attachment":[{"href":"https:\/\/blogsaverroes.juntadeandalucia.es\/iesmateofranciscoderivas\/wp-json\/wp\/v2\/media?parent=4121"}],"curies":[{"name":"wp","href":"https:\/\/api.w.org\/{rel}","templated":true}]}}