{"id":20,"date":"2014-08-01T08:46:57","date_gmt":"2014-08-01T08:46:57","guid":{"rendered":"http:\/\/iesmatildecasanova.com\/?page_id=20"},"modified":"2014-08-01T08:46:57","modified_gmt":"2014-08-01T08:46:57","slug":"consejo-escolar","status":"publish","type":"page","link":"https:\/\/blogsaverroes.juntadeandalucia.es\/iesmatildecasanova\/consejo-escolar\/","title":{"rendered":"Consejo escolar"},"content":{"rendered":"<p>El consejo escolar del centro se ha renovado en este mes de Noviembre<\/p>\n<p><strong>\u00bfQu\u00e9 es el Consejo Escolar?<\/strong><\/p>\n<p>El Consejo Escolar es un \u00f3rgano de gobierno del centro. Est\u00e1 compuesto por todos los sectores de la comunidad educativa y su constituci\u00f3n es obligatoria en todos los centros gestionados con fondos p\u00fablicos.<\/p>\n<p>Cada dos a\u00f1os se renuevan la mitad de los representantes de cada sector a excepci\u00f3n de los representantes del Equipo Directivo que, como m\u00ednimo, estar\u00e1n cuatro a\u00f1os. El director del centro ser\u00e1 el Presidente del Consejo Escolar y el secretario tendr\u00e1 voz pero no voto.<\/p>\n<p>Las decisiones tomadas en el Consejo Escolar tienen que ser por mayor\u00eda simple y en caso de empate el voto de calidad es el del Presidente. En ocasiones habr\u00e1 decisiones que se deber\u00e1n tomar por mayor\u00eda absoluta o por una mayor\u00eda de dos tercios de los integrantes del consejo, estas ser\u00e1n determinadas por las administraciones p\u00fablicas.<\/p>\n<p><strong>Funciones<\/strong><\/p>\n<p>Las funciones del Consejo Escolar se recogen en la Ley Org\u00e1nica 2\/2006 de Educaci\u00f3n (LOE). A continuaci\u00f3n os marcamos las m\u00e1s significativas.<\/p>\n<p>Aprobar y evaluar los proyectos.<\/p>\n<p>Aprobar y evaluar la programaci\u00f3n general anual del centro (sin perjuicio de las competencias del Claustro de profesores, en relaci\u00f3n con la planificaci\u00f3n y organizaci\u00f3n docente.)<\/p>\n<p>Conocer las candidaturas a la direcci\u00f3n y los proyectos de direcci\u00f3n presentados por los candidatos.<\/p>\n<p>Participar en la selecci\u00f3n del director del centro en los t\u00e9rminos que la LOE establece. Tambi\u00e9n podr\u00e1 proponer la revocaci\u00f3n del nombramiento del director (por mayor\u00eda de dos tercios)<\/p>\n<p>Ser informado del nombramiento y cese de miembros del equipo directivo.<\/p>\n<p>Decidir sobre la admisi\u00f3n de alumnos, sujeto a la legislaci\u00f3n vigente (LOE y otras disposiciones que lo desarrollen).<\/p>\n<p>Conocer la resoluci\u00f3n de conflictos disciplinarios y velar porque se atengan a la normativa vigente. Cuando las medidas disciplinarias adoptadas por el director correspondan a conductas del alumnado que perjudiquen gravemente la convivencia del centro, el Consejo Escolar, a instancia de padres o tutores, podr\u00e1 revisar la decisi\u00f3n adoptada y proponer, en su caso, las medidas oportunas.<\/p>\n<p>Proponer medidas e iniciativas que favorezcan la convivencia en el centro, la igualdad entre hombres y mujeres y la resoluci\u00f3n pac\u00edfica de conflictos en todos los \u00e1mbitos de la vida personal, familiar y social.<\/p>\n<p>Promover la conservaci\u00f3n y renovaci\u00f3n de las instalaciones y equipo escolar y aprobar la obtenci\u00f3n de recursos complementarios.<\/p>\n<p>Fijar las directrices para la colaboraci\u00f3n, con fines educativos y culturales, con las Administraciones locales, con otros centros, entidades y organismos.<\/p>\n<p>Analizar y valorar el funcionamiento general del centro, la evoluci\u00f3n del rendimiento escolar y los resultados de las evaluaciones internas y externas en las que participe el centro.<\/p>\n<p>Elaborar propuestas e informes, a iniciativa propia a petici\u00f3n de la Administraci\u00f3n competente, sobre el funcionamiento del centro y la mejora de la calidad de la gesti\u00f3n, as\u00ed como sobre aquellos otros aspectos relacionados con la calidad de la misma.<\/p>\n<p>Cualesquiera otras que le sean atribuidas por la Administraci\u00f3n educativa (Comunidad Aut\u00f3noma).<\/p>\n<p><strong>\u00a0<\/strong><\/p>\n<p><strong>Composici\u00f3n del Consejo Escolar de nuestro Centro<\/strong><\/p>\n<p><strong>Equipo Directivo <\/strong><\/p>\n<p>Directora\u00a0 \u00a0 \u00a0 \u00a0 \u00a0 \u00a0Baz\u00e1n D\u00edaz Pilar<\/p>\n<p>Jefa de estudio\u00a0 Reyes Delgado Manuela Inmaculada<\/p>\n<p>Secretario\u00a0 \u00a0 \u00a0 \u00a0 Jos\u00e9 Candau Garc\u00eda<\/p>\n<p>&nbsp;<\/p>\n<p><strong>Profesorado <\/strong><\/p>\n<p>Ben\u00edtez Pardillo, Mar\u00eda Isabel<\/p>\n<p>Carri\u00f3n Jim\u00e9nez, Mar\u00eda<\/p>\n<p>Corbera Molano, Juan Manuel<\/p>\n<p>Garc\u00eda And\u00fajar, Antonio Alejandro<\/p>\n<p>Gento Hidalgo, Mar\u00eda Reyes<\/p>\n<p>Godoy Mellado, Mar\u00eda del Mar<\/p>\n<p>Moreno Vel\u00e1zquez, Ignacio<\/p>\n<p>R\u00edos Palomo, Mar\u00eda del Carmen<\/p>\n<p><strong>Madres\/Padres\/Tutores <\/strong><\/p>\n<p>Arenas Valera, Ana Isabel<\/p>\n<p>Carmona Torres, Carmen<\/p>\n<p>Chavarri Garc\u00eda, Mar\u00eda \u00c1ngeles<\/p>\n<p>Iglesias Gallardo, Antonia<\/p>\n<p><strong>Alumnado <\/strong><\/p>\n<p>Garc\u00eda Baz\u00e1n Baena, Carlota<\/p>\n<p>Bernal Guti\u00e9rrez, Alejandro<\/p>\n<p>Canto Garc\u00eda, Alexis<\/p>\n<p>Garc\u00eda Baz\u00e1n, Natalia<\/p>\n<p>Miguel M\u00e1rquez, Mar\u00eda Isabel<\/p>\n<p><strong>Personal Adm\u00f3n. y Servicios <\/strong><\/p>\n<p>Garc\u00eda De la Cruz, Ana Mar\u00eda<\/p>\n<p><strong>Representante del AMPA<\/strong><\/p>\n<p>Pilar Baz\u00e1n<\/p>\n<p><strong>Representante del ayuntamiento<\/strong><\/p>\n<p>Francisco Cabrera Ag\u00fcera<\/p>\n","protected":false},"excerpt":{"rendered":"<p>El consejo escolar del centro se ha renovado en este mes de Noviembre \u00bfQu\u00e9 es el Consejo Escolar? El Consejo Escolar es un \u00f3rgano de gobierno del centro. Est\u00e1 compuesto por todos los sectores&#46;&#46;&#46;<\/p>\n","protected":false},"author":7568,"featured_media":0,"parent":0,"menu_order":0,"comment_status":"closed","ping_status":"closed","template":"","meta":{"ngg_post_thumbnail":0,"footnotes":"","_mc_calendar":[]},"aioseo_notices":[],"_links":{"self":[{"href":"https:\/\/blogsaverroes.juntadeandalucia.es\/iesmatildecasanova\/wp-json\/wp\/v2\/pages\/20"}],"collection":[{"href":"https:\/\/blogsaverroes.juntadeandalucia.es\/iesmatildecasanova\/wp-json\/wp\/v2\/pages"}],"about":[{"href":"https:\/\/blogsaverroes.juntadeandalucia.es\/iesmatildecasanova\/wp-json\/wp\/v2\/types\/page"}],"author":[{"embeddable":true,"href":"https:\/\/blogsaverroes.juntadeandalucia.es\/iesmatildecasanova\/wp-json\/wp\/v2\/users\/7568"}],"replies":[{"embeddable":true,"href":"https:\/\/blogsaverroes.juntadeandalucia.es\/iesmatildecasanova\/wp-json\/wp\/v2\/comments?post=20"}],"version-history":[{"count":0,"href":"https:\/\/blogsaverroes.juntadeandalucia.es\/iesmatildecasanova\/wp-json\/wp\/v2\/pages\/20\/revisions"}],"wp:attachment":[{"href":"https:\/\/blogsaverroes.juntadeandalucia.es\/iesmatildecasanova\/wp-json\/wp\/v2\/media?parent=20"}],"curies":[{"name":"wp","href":"https:\/\/api.w.org\/{rel}","templated":true}]}}