{"id":3941,"date":"2014-08-01T08:45:21","date_gmt":"2014-08-01T08:45:21","guid":{"rendered":"http:\/\/iesmatildecasanova.com\/?page_id=15"},"modified":"2014-08-01T08:45:21","modified_gmt":"2014-08-01T08:45:21","slug":"equipo-directivo-2","status":"publish","type":"page","link":"https:\/\/blogsaverroes.juntadeandalucia.es\/iesmatildecasanova\/equipo-directivo-2\/","title":{"rendered":"Equipo directivo"},"content":{"rendered":"<p>El Equipo Directivo actual ejerce su funci\u00f3n desde este l curso 2018\/2019<\/p>\n<table width=\"0\">\n<tbody>\n<tr>\n<td width=\"151\">DIRECTORA<\/td>\n<td width=\"491\">BAZ\u00c1N D\u00cdAZ, PILAR<\/td>\n<\/tr>\n<tr>\n<td width=\"151\">JEFA DE ESTUDIOS<\/td>\n<td width=\"491\">REYES DELGADO, MANUELA INMACULADA<\/td>\n<\/tr>\n<tr>\n<td width=\"151\">SECRETARIO<\/td>\n<td width=\"491\">MORENO VEL\u00c1ZQUEZ, IGNACIO<\/td>\n<\/tr>\n<\/tbody>\n<\/table>\n","protected":false},"excerpt":{"rendered":"<p>El Equipo Directivo actual ejerce su funci\u00f3n desde este l curso 2018\/2019 DIRECTORA BAZ\u00c1N D\u00cdAZ, PILAR JEFA DE ESTUDIOS REYES DELGADO, MANUELA INMACULADA SECRETARIO MORENO VEL\u00c1ZQUEZ, IGNACIO<\/p>\n","protected":false},"author":7568,"featured_media":0,"parent":0,"menu_order":0,"comment_status":"closed","ping_status":"open","template":"","meta":{"ngg_post_thumbnail":0,"footnotes":"","_mc_calendar":[]},"aioseo_notices":[],"_links":{"self":[{"href":"https:\/\/blogsaverroes.juntadeandalucia.es\/iesmatildecasanova\/wp-json\/wp\/v2\/pages\/3941"}],"collection":[{"href":"https:\/\/blogsaverroes.juntadeandalucia.es\/iesmatildecasanova\/wp-json\/wp\/v2\/pages"}],"about":[{"href":"https:\/\/blogsaverroes.juntadeandalucia.es\/iesmatildecasanova\/wp-json\/wp\/v2\/types\/page"}],"author":[{"embeddable":true,"href":"https:\/\/blogsaverroes.juntadeandalucia.es\/iesmatildecasanova\/wp-json\/wp\/v2\/users\/7568"}],"replies":[{"embeddable":true,"href":"https:\/\/blogsaverroes.juntadeandalucia.es\/iesmatildecasanova\/wp-json\/wp\/v2\/comments?post=3941"}],"version-history":[{"count":0,"href":"https:\/\/blogsaverroes.juntadeandalucia.es\/iesmatildecasanova\/wp-json\/wp\/v2\/pages\/3941\/revisions"}],"wp:attachment":[{"href":"https:\/\/blogsaverroes.juntadeandalucia.es\/iesmatildecasanova\/wp-json\/wp\/v2\/media?parent=3941"}],"curies":[{"name":"wp","href":"https:\/\/api.w.org\/{rel}","templated":true}]}}

<p>El Equipo Directivo actual ejerce su función desde este l curso 2018/2019</p>
<table width="0">
<tbody>
<tr>
<td width="151">DIRECTORA</td>
<td width="491">BAZÁN DÍAZ, PILAR</td>
</tr>
<tr>
<td width="151">JEFA DE ESTUDIOS</td>
<td width="491">REYES DELGADO, MANUELA INMACULADA</td>
</tr>
<tr>
<td width="151">SECRETARIO</td>
<td width="491">MORENO VELÁZQUEZ, IGNACIO</td>
</tr>
</tbody>
</table>

<p>El Equipo Directivo actual ejerce su función desde este l curso 2018/2019 DIRECTORA BAZÁN DÍAZ, PILAR JEFA DE ESTUDIOS REYES DELGADO, MANUELA INMACULADA SECRETARIO MORENO VELÁZQUEZ, IGNACIO</p>
